CRAN Package Check Results for Package envnames

Last updated on 2019-07-16 07:50:44 CEST.

Flavor Version Tinstall Tcheck Ttotal Status Flags
r-devel-linux-x86_64-debian-clang 0.4.0 4.17 71.08 75.25 ERROR
r-devel-linux-x86_64-debian-gcc 0.4.0 2.81 60.30 63.11 OK
r-devel-linux-x86_64-fedora-clang 0.4.0 95.30 OK
r-devel-linux-x86_64-fedora-gcc 0.4.0 97.98 OK
r-devel-windows-ix86+x86_64 0.4.0 14.00 165.00 179.00 OK
r-patched-linux-x86_64 0.4.0 3.45 76.93 80.38 OK
r-patched-solaris-x86 0.4.0 125.20 OK
r-release-linux-x86_64 0.4.0 3.93 77.31 81.24 OK
r-release-windows-ix86+x86_64 0.4.0 9.00 165.00 174.00 OK
r-release-osx-x86_64 0.4.0 OK
r-oldrel-windows-ix86+x86_64 0.4.0 12.00 127.00 139.00 OK
r-oldrel-osx-x86_64 0.4.0 OK

Check Details

Version: 0.4.0
Check: tests
Result: ERROR
     Running 'testthat.R' [31s/34s]
    Running the tests in 'tests/testthat.R' failed.
    Complete output:
     > library(testthat)
     > library(envnames)
     >
     > test_check("envnames")
    
     Environments involved:
     Current environment: <environment: R_GlobalEnv>
     Parent environment of env1: <environment: R_GlobalEnv>
     Parent environment of env2: <environment: R_GlobalEnv>
     Parent environment of env11: <environment: 0x155a868>
     R_GlobalEnv env_of_envs envir
     "env2" "env2" "env2"
     correct memory address: <0x386e960>
     observed result: TRUE
     Now inside function g
     Environment name of calling function (using environmentName() function): ""
     Environment name of calling function as returned by get_fun_calling(): env1$f
     Now inside function g
     Environment name of calling function (using environmentName() function): ""
     Environment name of calling function as returned by get_fun_calling(): testenv$f
     Now inside function g
     Environment name of calling function (using environmentName() function): ""
     Environment name of calling function as returned by get_fun_calling(): f
     -- 1. Error: T21) specifying include_functions=TRUE returns ALL the function env
     The test did NOT pass in any of its forms.
     1: stop("The test did NOT pass in any of its forms.") at testthat/test-obj_find.r:411
    
     == testthat results ===========================================================
     OK: 311 SKIPPED: 7 WARNINGS: 73 FAILED: 1
     1. Error: T21) specifying include_functions=TRUE returns ALL the function environments where the object is found (@test-obj_find.r#411)
    
     Error: testthat unit tests failed
     Execution halted
Flavor: r-devel-linux-x86_64-debian-clang