CRAN Package Check Results for Package expint

Last updated on 2021-11-26 19:52:49 CET.

Flavor Version Tinstall Tcheck Ttotal Status Flags
r-devel-linux-x86_64-debian-clang 0.1-6 2.78 26.65 29.43 NOTE
r-devel-linux-x86_64-debian-gcc 0.1-6 2.14 21.77 23.91 NOTE
r-devel-linux-x86_64-fedora-clang 0.1-6 49.82 NOTE
r-devel-linux-x86_64-fedora-gcc 0.1-6 39.03 NOTE
r-devel-windows-x86_64-new-UL 0.1-6 9.00 95.00 104.00 NOTE
r-devel-windows-x86_64-new-TK 0.0-1 NOTE
r-devel-windows-x86_64-old 0.1-6 6.00 214.00 220.00 NOTE
r-patched-linux-x86_64 0.1-6 2.74 26.13 28.87 NOTE
r-patched-solaris-x86 0.1-6 60.00 NOTE
r-release-linux-x86_64 0.1-6 NOTE
r-release-macos-arm64 0.1-6 NOTE
r-release-macos-x86_64 0.1-6 NOTE
r-release-windows-ix86+x86_64 0.1-6 10.00 44.00 54.00 NOTE
r-oldrel-macos-x86_64 0.1-6 OK
r-oldrel-windows-ix86+x86_64 0.1-6 8.00 44.00 52.00 OK

Check Details

Version: 0.1-6
Check: LazyData
Result: NOTE
     'LazyData' is specified without a 'data' directory
Flavors: r-devel-linux-x86_64-debian-clang, r-devel-linux-x86_64-debian-gcc, r-devel-linux-x86_64-fedora-clang, r-devel-linux-x86_64-fedora-gcc, r-devel-windows-x86_64-new-UL, r-devel-windows-x86_64-new-TK, r-devel-windows-x86_64-old, r-patched-linux-x86_64, r-patched-solaris-x86, r-release-linux-x86_64, r-release-macos-arm64, r-release-macos-x86_64, r-release-windows-ix86+x86_64