CRAN Package Check Results for Package export

Last updated on 2019-07-16 07:50:44 CEST.

Flavor Version Tinstall Tcheck Ttotal Status Flags
r-devel-linux-x86_64-debian-clang 0.2.2 6.70 71.21 77.91 OK
r-devel-linux-x86_64-debian-gcc 0.2.2 5.62 57.29 62.91 OK
r-devel-linux-x86_64-fedora-clang 0.2.2 88.81 OK
r-devel-linux-x86_64-fedora-gcc 0.2.2 89.34 OK
r-devel-windows-ix86+x86_64 0.2.2 22.00 122.00 144.00 OK
r-patched-linux-x86_64 0.2.2 6.76 68.86 75.62 OK
r-patched-solaris-x86 0.2.2 134.30 OK
r-release-linux-x86_64 0.2.2 7.10 66.63 73.73 OK
r-release-windows-ix86+x86_64 0.2.2 17.00 86.00 103.00 OK
r-release-osx-x86_64 0.2.2 WARN
r-oldrel-windows-ix86+x86_64 0.2.2 17.00 90.00 107.00 OK
r-oldrel-osx-x86_64 0.2.2 OK

Check Details

Version: 0.2.2
Check: whether package can be installed
Result: WARN
    Found the following significant warnings:
     Warning: 'rgl_init' failed, running with rgl.useNULL = TRUE
Flavor: r-release-osx-x86_64