CRAN Package Check Results for Package factorMerger

Last updated on 2021-10-17 07:50:41 CEST.

Flavor Version Tinstall Tcheck Ttotal Status Flags
r-devel-linux-x86_64-debian-clang 0.4.0 17.64 182.62 200.26 OK
r-devel-linux-x86_64-debian-gcc 0.4.0 13.41 137.22 150.63 OK
r-devel-linux-x86_64-fedora-clang 0.4.0 241.17 NOTE
r-devel-linux-x86_64-fedora-gcc 0.4.0 227.58 NOTE
r-devel-windows-x86_64 0.4.0 25.00 232.00 257.00 OK
r-devel-windows-x86_64-gcc10-UCRT 0.4.0 NOTE
r-patched-linux-x86_64 0.4.0 14.02 182.28 196.30 OK
r-patched-solaris-x86 0.4.0 350.60 NOTE
r-release-linux-x86_64 0.4.0 13.72 183.09 196.81 OK
r-release-macos-arm64 0.4.0 NOTE
r-release-macos-x86_64 0.4.0 NOTE
r-release-windows-ix86+x86_64 0.4.0 36.00 227.00 263.00 OK
r-oldrel-macos-x86_64 0.4.0 NOTE
r-oldrel-windows-ix86+x86_64 0.4.0 39.00 239.00 278.00 OK

Check Details

Version: 0.4.0
Check: dependencies in R code
Result: NOTE
    Namespaces in Imports field not imported from:
     ‘forcats’ ‘formula.tools’
     All declared Imports should be used.
Flavors: r-devel-linux-x86_64-fedora-clang, r-devel-linux-x86_64-fedora-gcc, r-devel-windows-x86_64-gcc10-UCRT, r-patched-solaris-x86, r-release-macos-arm64, r-release-macos-x86_64, r-oldrel-macos-x86_64