CRAN Package Check Results for Package fastcmprsk

Last updated on 2021-10-19 07:49:35 CEST.

Flavor Version Tinstall Tcheck Ttotal Status Flags
r-devel-linux-x86_64-debian-clang 1.1.1 10.20 63.99 74.19 NOTE
r-devel-linux-x86_64-debian-gcc 1.1.1 7.66 48.81 56.47 NOTE
r-devel-linux-x86_64-fedora-clang 1.1.1 99.80 NOTE
r-devel-linux-x86_64-fedora-gcc 1.1.1 90.29 NOTE
r-devel-windows-x86_64 1.1.1 17.00 90.00 107.00 NOTE
r-devel-windows-x86_64-gcc10-UCRT 1.1.1 NOTE
r-patched-linux-x86_64 1.1.1 9.85 61.43 71.28 NOTE
r-patched-solaris-x86 1.1.1 141.30 NOTE
r-release-linux-x86_64 1.1.1 9.54 62.13 71.67 NOTE
r-release-macos-arm64 1.1.1 NOTE
r-release-macos-x86_64 1.1.1 NOTE
r-release-windows-ix86+x86_64 1.1.1 23.00 115.00 138.00 NOTE
r-oldrel-macos-x86_64 1.1.1 OK
r-oldrel-windows-ix86+x86_64 1.1.1 29.00 111.00 140.00 OK

Additional issues

rchk

Check Details

Version: 1.1.1
Check: LazyData
Result: NOTE
     'LazyData' is specified without a 'data' directory
Flavors: r-devel-linux-x86_64-debian-clang, r-devel-linux-x86_64-debian-gcc, r-devel-linux-x86_64-fedora-clang, r-devel-linux-x86_64-fedora-gcc, r-devel-windows-x86_64, r-devel-windows-x86_64-gcc10-UCRT, r-patched-linux-x86_64, r-patched-solaris-x86, r-release-linux-x86_64, r-release-macos-arm64, r-release-macos-x86_64, r-release-windows-ix86+x86_64