CRAN Package Check Results for Package fastlogranktest

Last updated on 2021-10-17 19:48:31 CEST.

Flavor Version Tinstall Tcheck Ttotal Status Flags
r-devel-linux-x86_64-debian-clang 0.2.1 22.74 28.48 51.22 NOTE
r-devel-linux-x86_64-debian-gcc 0.2.1 17.34 22.64 39.98 NOTE
r-devel-linux-x86_64-fedora-clang 0.2.1 84.39 NOTE
r-devel-linux-x86_64-fedora-gcc 0.2.1 67.16 NOTE
r-devel-windows-x86_64 0.2.1 36.00 59.00 95.00 NOTE
r-devel-windows-x86_64-gcc10-UCRT 0.2.1 NOTE
r-patched-linux-x86_64 0.2.1 19.85 27.54 47.39 NOTE
r-patched-solaris-x86 0.2.1 87.20 NOTE
r-release-linux-x86_64 0.2.1 20.58 27.57 48.15 NOTE
r-release-macos-arm64 0.2.1 NOTE
r-release-macos-x86_64 0.2.1 NOTE
r-release-windows-ix86+x86_64 0.2.1 44.00 79.00 123.00 NOTE
r-oldrel-macos-x86_64 0.2.1 OK
r-oldrel-windows-ix86+x86_64 0.2.1 64.00 73.00 137.00 OK

Check Details

Version: 0.2.1
Check: LazyData
Result: NOTE
     'LazyData' is specified without a 'data' directory
Flavors: r-devel-linux-x86_64-debian-clang, r-devel-linux-x86_64-debian-gcc, r-devel-linux-x86_64-fedora-clang, r-devel-linux-x86_64-fedora-gcc, r-devel-windows-x86_64, r-devel-windows-x86_64-gcc10-UCRT, r-patched-linux-x86_64, r-patched-solaris-x86, r-release-linux-x86_64, r-release-macos-arm64, r-release-macos-x86_64, r-release-windows-ix86+x86_64