CRAN Package Check Results for Package fic

Last updated on 2021-10-24 19:51:37 CEST.

Flavor Version Tinstall Tcheck Ttotal Status Flags
r-devel-linux-x86_64-debian-clang 1.0.0 10.50 174.73 185.23 OK
r-devel-linux-x86_64-debian-gcc 1.0.0 8.33 133.12 141.45 OK
r-devel-linux-x86_64-fedora-clang 1.0.0 239.28 NOTE
r-devel-linux-x86_64-fedora-gcc 1.0.0 227.93 NOTE
r-devel-windows-x86_64 1.0.0 19.00 240.00 259.00 OK
r-devel-windows-x86_64-gcc10-UCRT 1.0.0 NOTE
r-patched-linux-x86_64 1.0.0 11.24 180.05 191.29 OK
r-patched-solaris-x86 1.0.0 345.40 NOTE
r-release-linux-x86_64 1.0.0 10.90 182.80 193.70 OK
r-release-macos-arm64 1.0.0 NOTE
r-release-macos-x86_64 1.0.0 NOTE
r-release-windows-ix86+x86_64 1.0.0 20.00 266.00 286.00 OK
r-oldrel-macos-x86_64 1.0.0 NOTE
r-oldrel-windows-ix86+x86_64 1.0.0 27.00 265.00 292.00 OK

Check Details

Version: 1.0.0
Check: dependencies in R code
Result: NOTE
    Namespace in Imports field not imported from: ‘numDeriv’
     All declared Imports should be used.
Flavors: r-devel-linux-x86_64-fedora-clang, r-devel-linux-x86_64-fedora-gcc, r-devel-windows-x86_64-gcc10-UCRT, r-patched-solaris-x86, r-release-macos-arm64, r-release-macos-x86_64, r-oldrel-macos-x86_64