CRAN Package Check Results for Package flexsurv

Last updated on 2021-10-26 06:50:23 CEST.

Flavor Version Tinstall Tcheck Ttotal Status Flags
r-devel-linux-x86_64-debian-clang 2.1 66.86 305.77 372.63 OK
r-devel-linux-x86_64-debian-gcc 2.1 49.46 224.62 274.08 OK
r-devel-linux-x86_64-fedora-clang 2.1 488.81 OK
r-devel-linux-x86_64-fedora-gcc 2.1 496.54 OK
r-devel-windows-x86_64 2.1 97.00 403.00 500.00 OK
r-devel-windows-x86_64-gcc10-UCRT 2.1 FAIL
r-patched-linux-x86_64 2.1 67.31 299.23 366.54 OK
r-patched-solaris-x86 2.1 565.80 OK
r-release-linux-x86_64 2.1 60.00 296.81 356.81 OK
r-release-macos-arm64 2.1 OK
r-release-macos-x86_64 2.1 OK
r-release-windows-ix86+x86_64 2.1 118.00 515.00 633.00 OK
r-oldrel-macos-x86_64 2.1 OK
r-oldrel-windows-ix86+x86_64 2.1 183.00 511.00 694.00 OK

Check Details

Version: 2.1
Check: re-building of vignette outputs
Result: FAIL
Flavor: r-devel-windows-x86_64-gcc10-UCRT