CRAN Package Check Results for Package flowDiv

Last updated on 2019-07-16 07:50:45 CEST.

Flavor Version Tinstall Tcheck Ttotal Status Flags
r-devel-linux-x86_64-debian-clang 2.0 16.36 130.50 146.86 NOTE
r-devel-linux-x86_64-debian-gcc 2.0 13.93 102.09 116.02 NOTE
r-devel-linux-x86_64-fedora-clang 2.0 172.74 NOTE
r-devel-linux-x86_64-fedora-gcc 2.0 189.44 NOTE
r-devel-windows-ix86+x86_64 2.0 52.00 188.00 240.00 NOTE
r-patched-linux-x86_64 2.0 14.82 127.70 142.52 NOTE
r-patched-solaris-x86 2.0 290.00 NOTE
r-release-linux-x86_64 2.0 14.18 128.02 142.20 NOTE
r-release-windows-ix86+x86_64 2.0 35.00 198.00 233.00 NOTE
r-release-osx-x86_64 2.0 ERROR
r-oldrel-windows-ix86+x86_64 2.0 52.00 129.00 181.00 OK
r-oldrel-osx-x86_64 2.0 ERROR

Check Details

Version: 2.0
Check: R code for possible problems
Result: NOTE
    opc : <anonymous>: no visible global function definition for
     'parseWorkspace'
    opc : <anonymous>: no visible global function definition for
     'closeWorkspace'
    Undefined global functions or variables:
     closeWorkspace parseWorkspace
Flavors: r-devel-linux-x86_64-debian-clang, r-devel-linux-x86_64-debian-gcc, r-devel-linux-x86_64-fedora-clang, r-devel-linux-x86_64-fedora-gcc, r-devel-windows-ix86+x86_64, r-patched-linux-x86_64, r-patched-solaris-x86, r-release-linux-x86_64, r-release-windows-ix86+x86_64

Version: 2.0
Check: package dependencies
Result: ERROR
    Packages required but not available: 'flowWorkspace', 'flowCore'
    
    See section ‘The DESCRIPTION file’ in the ‘Writing R Extensions’
    manual.
Flavor: r-release-osx-x86_64

Version: 2.0
Check: package dependencies
Result: ERROR
    Package required but not available: ‘flowWorkspace’
    
    See section ‘The DESCRIPTION file’ in the ‘Writing R Extensions’
    manual.
Flavor: r-oldrel-osx-x86_64