CRAN Package Check Results for Package forge

Last updated on 2021-04-11 19:52:05 CEST.

Flavor Version Tinstall Tcheck Ttotal Status Flags
r-devel-linux-x86_64-debian-clang 0.2.0 2.39 25.70 28.09 NOTE
r-devel-linux-x86_64-debian-gcc 0.2.0 1.83 20.29 22.12 NOTE
r-devel-linux-x86_64-fedora-clang 0.2.0 43.41 NOTE
r-devel-linux-x86_64-fedora-gcc 0.2.0 30.29 NOTE
r-devel-windows-ix86+x86_64 0.2.0 5.00 43.00 48.00 NOTE
r-devel-windows-x86_64-gcc10-UCRT 0.2.0 NOTE
r-patched-linux-x86_64 0.2.0 2.36 24.86 27.22 OK
r-patched-solaris-x86 0.2.0 51.60 OK
r-release-linux-x86_64 0.2.0 2.46 24.77 27.23 OK
r-release-macos-x86_64 0.2.0 OK
r-release-windows-ix86+x86_64 0.2.0 4.00 42.00 46.00 OK
r-oldrel-macos-x86_64 0.2.0 OK
r-oldrel-windows-ix86+x86_64 0.2.0 5.00 30.00 35.00 OK

Check Details

Version: 0.2.0
Check: LazyData
Result: NOTE
     'LazyData' is specified without a 'data' directory
Flavors: r-devel-linux-x86_64-debian-clang, r-devel-linux-x86_64-debian-gcc, r-devel-linux-x86_64-fedora-clang, r-devel-linux-x86_64-fedora-gcc, r-devel-windows-ix86+x86_64, r-devel-windows-x86_64-gcc10-UCRT