CRAN Package Check Results for Package fpp2

Last updated on 2019-07-16 07:50:45 CEST.

Flavor Version Tinstall Tcheck Ttotal Status Flags
r-devel-linux-x86_64-debian-clang 2.3 6.06 59.67 65.73 OK
r-devel-linux-x86_64-debian-gcc 2.3 4.79 47.82 52.61 OK
r-devel-linux-x86_64-fedora-clang 2.3 76.58 OK
r-devel-linux-x86_64-fedora-gcc 2.3 76.40 OK
r-devel-windows-ix86+x86_64 2.3 27.00 114.00 141.00 OK
r-patched-linux-x86_64 2.3 5.00 58.39 63.39 OK
r-patched-solaris-x86 2.3 114.50 OK
r-release-linux-x86_64 2.3 4.91 58.38 63.29 OK
r-release-windows-ix86+x86_64 2.3 14.00 114.00 128.00 OK
r-release-osx-x86_64 2.3 NOTE
r-oldrel-windows-ix86+x86_64 2.3 12.00 81.00 93.00 OK
r-oldrel-osx-x86_64 2.3 OK

Check Details

Version: 2.3
Check: package dependencies
Result: NOTE
    Package suggested but not available for checking: ‘seasonal’
Flavor: r-release-osx-x86_64