CRAN Package Check Results for Package frailtyEM

Last updated on 2021-10-24 19:51:37 CEST.

Flavor Version Tinstall Tcheck Ttotal Status Flags
r-devel-linux-x86_64-debian-clang 1.0.1 32.10 133.88 165.98 NOTE
r-devel-linux-x86_64-debian-gcc 1.0.1 23.58 98.93 122.51 NOTE
r-devel-linux-x86_64-fedora-clang 1.0.1 224.09 NOTE
r-devel-linux-x86_64-fedora-gcc 1.0.1 202.97 NOTE
r-devel-windows-x86_64 1.0.1 50.00 177.00 227.00 NOTE
r-devel-windows-x86_64-gcc10-UCRT 1.0.1 NOTE
r-patched-linux-x86_64 1.0.1 30.98 126.59 157.57 NOTE
r-patched-solaris-x86 1.0.1 266.90 NOTE
r-release-linux-x86_64 1.0.1 27.94 126.10 154.04 NOTE
r-release-macos-arm64 1.0.1 NOTE
r-release-macos-x86_64 1.0.1 NOTE
r-release-windows-ix86+x86_64 1.0.1 64.00 218.00 282.00 NOTE
r-oldrel-macos-x86_64 1.0.1 OK
r-oldrel-windows-ix86+x86_64 1.0.1 85.00 226.00 311.00 OK

Check Details

Version: 1.0.1
Check: LazyData
Result: NOTE
     'LazyData' is specified without a 'data' directory
Flavors: r-devel-linux-x86_64-debian-clang, r-devel-linux-x86_64-debian-gcc, r-devel-linux-x86_64-fedora-clang, r-devel-linux-x86_64-fedora-gcc, r-devel-windows-x86_64, r-devel-windows-x86_64-gcc10-UCRT, r-patched-linux-x86_64, r-patched-solaris-x86, r-release-linux-x86_64, r-release-macos-arm64, r-release-macos-x86_64, r-release-windows-ix86+x86_64