CRAN Package Check Results for Package frailtypack

Last updated on 2021-10-24 19:51:37 CEST.

Flavor Version Tinstall Tcheck Ttotal Status Flags
r-devel-linux-x86_64-debian-clang 3.4.0 216.56 283.07 499.63 OK
r-devel-linux-x86_64-debian-gcc 3.4.0 198.14 203.28 401.42 OK
r-devel-linux-x86_64-fedora-clang 3.4.0 692.22 NOTE
r-devel-linux-x86_64-fedora-gcc 3.4.0 683.10 OK
r-devel-windows-x86_64 3.4.0 336.00 304.00 640.00 NOTE
r-devel-windows-x86_64-gcc10-UCRT 3.4.0 OK
r-patched-linux-x86_64 3.4.0 222.48 270.88 493.36 OK
r-patched-solaris-x86 3.4.0 1156.60 NOTE
r-release-linux-x86_64 3.4.0 224.85 269.16 494.01 OK
r-release-macos-arm64 3.4.0 NOTE
r-release-macos-x86_64 3.4.0 NOTE
r-release-windows-ix86+x86_64 3.4.0 424.00 374.00 798.00 NOTE
r-oldrel-macos-x86_64 3.4.0 NOTE
r-oldrel-windows-ix86+x86_64 3.4.0 603.00 365.00 968.00 NOTE

Check Details

Version: 3.4.0
Check: installed package size
Result: NOTE
     installed size is 12.5Mb
     sub-directories of 1Mb or more:
     R 1.2Mb
     help 2.2Mb
     libs 7.4Mb
Flavors: r-devel-linux-x86_64-fedora-clang, r-devel-windows-x86_64, r-patched-solaris-x86, r-release-macos-arm64, r-release-macos-x86_64, r-release-windows-ix86+x86_64, r-oldrel-macos-x86_64, r-oldrel-windows-ix86+x86_64