CRAN Package Check Results for Package frost

Last updated on 2019-07-16 07:50:45 CEST.

Flavor Version Tinstall Tcheck Ttotal Status Flags
r-devel-linux-x86_64-debian-clang 0.0.4 1.59 25.30 26.89 NOTE
r-devel-linux-x86_64-debian-gcc 0.0.4 1.56 20.67 22.23 NOTE
r-devel-linux-x86_64-fedora-clang 0.0.4 32.63 OK
r-devel-linux-x86_64-fedora-gcc 0.0.4 33.77 OK
r-devel-windows-ix86+x86_64 0.0.4 6.00 55.00 61.00 OK
r-patched-linux-x86_64 0.0.4 1.59 25.38 26.97 OK
r-patched-solaris-x86 0.0.4 52.70 OK
r-release-linux-x86_64 0.0.4 1.73 25.11 26.84 OK
r-release-windows-ix86+x86_64 0.0.4 4.00 55.00 59.00 OK
r-release-osx-x86_64 0.0.4 OK
r-oldrel-windows-ix86+x86_64 0.0.4 4.00 38.00 42.00 OK
r-oldrel-osx-x86_64 0.0.4 OK

Check Details

Version: 0.0.4
Check: package vignettes
Result: NOTE
    Package vignette with placeholder title 'Vignette Title':
     'Introduction.Rmd'
Flavors: r-devel-linux-x86_64-debian-clang, r-devel-linux-x86_64-debian-gcc