CRAN Package Check Results for Package furniture

Last updated on 2019-07-16 07:50:46 CEST.

Flavor Version Tinstall Tcheck Ttotal Status Flags
r-devel-linux-x86_64-debian-clang 1.9.0 5.16 55.94 61.10 OK
r-devel-linux-x86_64-debian-gcc 1.9.0 5.23 43.39 48.62 OK
r-devel-linux-x86_64-fedora-clang 1.9.0 71.81 NOTE
r-devel-linux-x86_64-fedora-gcc 1.9.0 72.08 NOTE
r-devel-windows-ix86+x86_64 1.9.0 18.00 102.00 120.00 OK
r-patched-linux-x86_64 1.9.0 5.31 54.54 59.85 OK
r-patched-solaris-x86 1.9.0 102.50 NOTE
r-release-linux-x86_64 1.9.0 4.97 54.84 59.81 OK
r-release-windows-ix86+x86_64 1.9.0 11.00 100.00 111.00 OK
r-release-osx-x86_64 1.9.0 NOTE
r-oldrel-windows-ix86+x86_64 1.9.0 10.00 101.00 111.00 OK
r-oldrel-osx-x86_64 1.9.0 NOTE

Check Details

Version: 1.9.0
Check: dependencies in R code
Result: NOTE
    Namespace in Imports field not imported from: ‘magrittr’
     All declared Imports should be used.
Flavors: r-devel-linux-x86_64-fedora-clang, r-devel-linux-x86_64-fedora-gcc, r-patched-solaris-x86, r-release-osx-x86_64, r-oldrel-osx-x86_64