CRAN Package Check Results for Package fusionchartsR

Last updated on 2021-10-22 07:51:43 CEST.

Flavor Version Tinstall Tcheck Ttotal Status Flags
r-devel-linux-x86_64-debian-clang 0.0.2 14.35 124.20 138.55 OK
r-devel-linux-x86_64-debian-gcc 0.0.2 12.79 94.33 107.12 OK
r-devel-linux-x86_64-fedora-clang 0.0.2 176.17 NOTE
r-devel-linux-x86_64-fedora-gcc 0.0.2 166.12 NOTE
r-devel-windows-x86_64 0.0.2 24.00 151.00 175.00 OK
r-devel-windows-x86_64-gcc10-UCRT 0.0.2 NOTE
r-patched-linux-x86_64 0.0.2 16.63 120.55 137.18 OK
r-patched-solaris-x86 0.0.2 238.90 NOTE
r-release-linux-x86_64 0.0.2 14.07 118.92 132.99 OK
r-release-macos-arm64 0.0.2 NOTE
r-release-macos-x86_64 0.0.2 NOTE
r-release-windows-ix86+x86_64 0.0.2 25.00 151.00 176.00 OK
r-oldrel-macos-x86_64 0.0.2 NOTE
r-oldrel-windows-ix86+x86_64 0.0.2 38.00 134.00 172.00 OK

Check Details

Version: 0.0.2
Check: dependencies in R code
Result: NOTE
    Namespaces in Imports field not imported from:
     ‘pROC’ ‘reshape2’ ‘survival’
     All declared Imports should be used.
Flavors: r-devel-linux-x86_64-fedora-clang, r-devel-linux-x86_64-fedora-gcc, r-devel-windows-x86_64-gcc10-UCRT, r-patched-solaris-x86, r-release-macos-arm64, r-release-macos-x86_64, r-oldrel-macos-x86_64