CRAN Package Check Results for Package gdns

Last updated on 2019-07-16 07:50:46 CEST.

Flavor Version Tinstall Tcheck Ttotal Status Flags
r-devel-linux-x86_64-debian-clang 0.3.1 1.74 23.56 25.30 OK
r-devel-linux-x86_64-debian-gcc 0.3.1 1.65 19.20 20.85 OK
r-devel-linux-x86_64-fedora-clang 0.3.1 31.05 NOTE
r-devel-linux-x86_64-fedora-gcc 0.3.1 30.24 NOTE
r-devel-windows-ix86+x86_64 0.3.1 7.00 38.00 45.00 OK
r-patched-linux-x86_64 0.3.1 1.79 23.32 25.11 OK
r-patched-solaris-x86 0.3.1 53.70 NOTE
r-release-linux-x86_64 0.3.1 1.81 23.28 25.09 OK
r-release-windows-ix86+x86_64 0.3.1 5.00 60.00 65.00 OK
r-release-osx-x86_64 0.3.1 NOTE
r-oldrel-windows-ix86+x86_64 0.3.1 6.00 34.00 40.00 OK
r-oldrel-osx-x86_64 0.3.1 NOTE

Check Details

Version: 0.3.1
Check: data for non-ASCII characters
Result: NOTE
     Note: found 1 marked UTF-8 string
Flavors: r-devel-linux-x86_64-fedora-clang, r-devel-linux-x86_64-fedora-gcc, r-patched-solaris-x86, r-release-osx-x86_64, r-oldrel-osx-x86_64