CRAN Package Check Results for Package genSurv

Last updated on 2021-10-25 07:50:17 CEST.

Flavor Version Tinstall Tcheck Ttotal Status Flags
r-devel-linux-x86_64-debian-clang 1.0.4 3.90 30.08 33.98 OK
r-devel-linux-x86_64-debian-gcc 1.0.4 2.99 23.21 26.20 OK
r-devel-linux-x86_64-fedora-clang 1.0.4 51.23 OK
r-devel-linux-x86_64-fedora-gcc 1.0.4 41.00 OK
r-devel-windows-x86_64 1.0.4 7.00 51.00 58.00 OK
r-devel-windows-x86_64-gcc10-UCRT 1.0.4 OK
r-patched-linux-x86_64 1.0.4 3.56 29.42 32.98 OK
r-patched-solaris-x86 1.0.4 52.50 OK
r-release-linux-x86_64 1.0.4 3.37 29.40 32.77 OK
r-release-macos-arm64 1.0.4 OK
r-release-macos-x86_64 1.0.4 OK
r-release-windows-ix86+x86_64 1.0.3 8.00 58.00 66.00 NOTE
r-oldrel-macos-x86_64 1.0.4 OK
r-oldrel-windows-ix86+x86_64 1.0.4 7.00 47.00 54.00 OK

Check Details

Version: 1.0.3
Check: LazyData
Result: NOTE
     'LazyData' is specified without a 'data' directory
Flavor: r-release-windows-ix86+x86_64