CRAN Package Check Results for Package geoelectrics

Last updated on 2019-07-16 07:50:46 CEST.

Flavor Version Tinstall Tcheck Ttotal Status Flags
r-devel-linux-x86_64-debian-clang 0.2.0 8.48 62.64 71.12 OK
r-devel-linux-x86_64-debian-gcc 0.2.0 7.32 50.61 57.93 OK
r-devel-linux-x86_64-fedora-clang 0.2.0 84.70 OK
r-devel-linux-x86_64-fedora-gcc 0.2.0 87.19 OK
r-devel-windows-ix86+x86_64 0.2.0 23.00 296.00 319.00 OK
r-patched-linux-x86_64 0.2.0 9.89 62.47 72.36 OK
r-patched-solaris-x86 0.2.0 131.00 OK
r-release-linux-x86_64 0.2.0 8.72 62.85 71.57 OK
r-release-windows-ix86+x86_64 0.2.0 15.00 77.00 92.00 OK
r-release-osx-x86_64 0.2.0 WARN
r-oldrel-windows-ix86+x86_64 0.2.0 18.00 70.00 88.00 OK
r-oldrel-osx-x86_64 0.2.0 WARN

Check Details

Version: 0.2.0
Check: whether package can be installed
Result: WARN
    Found the following significant warnings:
     Warning: 'rgl_init' failed, running with rgl.useNULL = TRUE
Flavors: r-release-osx-x86_64, r-oldrel-osx-x86_64

Version: 0.2.0
Check: contents of ‘data’ directory
Result: WARN
    Output for data("sinkhole", package = "geoelectrics"):
     Warning messages:
     1: In rgl.init(initValue, onlyNULL) : RGL: unable to open X11 display
     2: 'rgl_init' failed, running with rgl.useNULL = TRUE
Flavor: r-release-osx-x86_64