CRAN Package Check Results for Package geojsonsf

Last updated on 2019-07-16 07:50:46 CEST.

Flavor Version Tinstall Tcheck Ttotal Status Flags
r-devel-linux-x86_64-debian-clang 1.3.0 76.18 31.70 107.88 OK
r-devel-linux-x86_64-debian-gcc 1.3.0 60.77 25.18 85.95 OK
r-devel-linux-x86_64-fedora-clang 1.3.0 159.01 NOTE
r-devel-linux-x86_64-fedora-gcc 1.3.0 158.10 OK
r-devel-windows-ix86+x86_64 1.3.0 215.00 302.00 517.00 OK
r-patched-linux-x86_64 1.3.0 75.70 30.93 106.63 OK
r-patched-solaris-x86 1.3.0 148.80 OK
r-release-linux-x86_64 1.3.0 69.52 30.95 100.47 OK
r-release-windows-ix86+x86_64 1.3.0 161.00 101.00 262.00 OK
r-release-osx-x86_64 1.3.0 NOTE
r-oldrel-windows-ix86+x86_64 1.3.0 209.00 71.00 280.00 OK
r-oldrel-osx-x86_64 1.3.0 NOTE

Check Details

Version: 1.3.0
Check: installed package size
Result: NOTE
     installed size is 7.8Mb
     sub-directories of 1Mb or more:
     help 1.3Mb
     libs 5.7Mb
Flavors: r-devel-linux-x86_64-fedora-clang, r-release-osx-x86_64, r-oldrel-osx-x86_64