CRAN Package Check Results for Package ggRandomForests

Last updated on 2021-10-24 07:57:20 CEST.

Flavor Version Tinstall Tcheck Ttotal Status Flags
r-devel-linux-x86_64-debian-clang 2.0.1 13.88 109.41 123.29 OK
r-devel-linux-x86_64-debian-gcc 2.0.1 10.21 80.15 90.36 OK
r-devel-linux-x86_64-fedora-clang 2.0.1 156.70 NOTE
r-devel-linux-x86_64-fedora-gcc 2.0.1 139.64 NOTE
r-devel-windows-x86_64 2.0.1 21.00 137.00 158.00 OK
r-devel-windows-x86_64-gcc10-UCRT 2.0.1 NOTE
r-patched-linux-x86_64 2.0.1 15.06 102.44 117.50 OK
r-patched-solaris-x86 2.0.1 200.20 NOTE
r-release-linux-x86_64 2.0.1 13.02 104.29 117.31 OK
r-release-macos-arm64 2.0.1 NOTE
r-release-macos-x86_64 2.0.1 NOTE
r-release-windows-ix86+x86_64 2.0.1 22.00 115.00 137.00 OK
r-oldrel-macos-x86_64 2.0.1 NOTE
r-oldrel-windows-ix86+x86_64 2.0.1 30.00 137.00 167.00 OK

Check Details

Version: 2.0.1
Check: dependencies in R code
Result: NOTE
    Namespace in Imports field not imported from: ‘randomForest’
     All declared Imports should be used.
Flavors: r-devel-linux-x86_64-fedora-clang, r-devel-linux-x86_64-fedora-gcc, r-devel-windows-x86_64-gcc10-UCRT, r-patched-solaris-x86, r-release-macos-arm64, r-release-macos-x86_64, r-oldrel-macos-x86_64