CRAN Package Check Results for Package ggdmc

Last updated on 2019-07-16 07:50:46 CEST.

Flavor Version Tinstall Tcheck Ttotal Status Flags
r-devel-linux-x86_64-debian-clang 0.2.6.0 109.37 56.47 165.84 OK
r-devel-linux-x86_64-debian-gcc 0.2.6.0 89.92 43.09 133.01 OK
r-devel-linux-x86_64-fedora-clang 0.2.6.0 233.41 NOTE
r-devel-linux-x86_64-fedora-gcc 0.2.6.0 232.30 OK
r-devel-windows-ix86+x86_64 0.2.6.0 323.00 126.00 449.00 OK
r-patched-linux-x86_64 0.2.6.0 102.46 55.16 157.62 OK
r-patched-solaris-x86 0.2.6.0 240.50 OK
r-release-linux-x86_64 0.2.6.0 100.39 56.75 157.14 OK
r-release-windows-ix86+x86_64 0.2.6.0 237.00 150.00 387.00 OK
r-release-osx-x86_64 0.2.6.0 NOTE
r-oldrel-windows-ix86+x86_64 0.2.6.0 310.00 134.00 444.00 OK
r-oldrel-osx-x86_64 0.2.6.0 OK

Check Details

Version: 0.2.6.0
Check: installed package size
Result: NOTE
     installed size is 5.4Mb
     sub-directories of 1Mb or more:
     libs 5.0Mb
Flavors: r-devel-linux-x86_64-fedora-clang, r-release-osx-x86_64