CRAN Package Check Results for Package ggeffects

Last updated on 2021-10-26 06:50:24 CEST.

Flavor Version Tinstall Tcheck Ttotal Status Flags
r-devel-linux-x86_64-debian-clang 1.1.1 8.57 366.33 374.90 OK
r-devel-linux-x86_64-debian-gcc 1.1.1 7.06 254.50 261.56 OK
r-devel-linux-x86_64-fedora-clang 1.1.1 431.35 OK
r-devel-linux-x86_64-fedora-gcc 1.1.1 416.75 OK
r-devel-windows-x86_64 1.1.1 14.00 528.00 542.00 OK
r-devel-windows-x86_64-gcc10-UCRT 1.1.1 OK
r-patched-linux-x86_64 1.1.1 9.60 342.54 352.14 OK
r-patched-solaris-x86 1.1.1 138.10 NOTE
r-release-linux-x86_64 1.1.1 10.16 342.48 352.64 OK
r-release-macos-arm64 1.1.1 OK
r-release-macos-x86_64 1.1.1 OK
r-release-windows-ix86+x86_64 1.1.1 12.00 435.00 447.00 OK
r-oldrel-macos-x86_64 1.1.1 OK
r-oldrel-windows-ix86+x86_64 1.1.1 18.00 407.00 425.00 OK

Check Details

Version: 1.1.1
Check: package dependencies
Result: NOTE
    Package suggested but not available for checking: ‘glmmTMB’
Flavor: r-patched-solaris-x86