CRAN Package Check Results for Package ggquickeda

Last updated on 2021-10-27 07:56:08 CEST.

Flavor Version Tinstall Tcheck Ttotal Status Flags
r-devel-linux-x86_64-debian-clang 0.2.1 6.39 61.08 67.47 OK
r-devel-linux-x86_64-debian-gcc 0.2.1 5.12 46.57 51.69 OK
r-devel-linux-x86_64-fedora-clang 0.2.1 89.86 NOTE
r-devel-linux-x86_64-fedora-gcc 0.2.1 77.14 NOTE
r-devel-windows-x86_64 0.2.1 13.00 109.00 122.00 OK
r-devel-windows-x86_64-gcc10-UCRT 0.2.1 NOTE
r-patched-linux-x86_64 0.2.1 12.83 58.00 70.83 OK
r-patched-solaris-x86 0.2.1 118.50 NOTE
r-release-linux-x86_64 0.2.1 6.53 58.51 65.04 OK
r-release-macos-arm64 0.2.1 NOTE
r-release-macos-x86_64 0.2.1 NOTE
r-release-windows-ix86+x86_64 0.2.1 12.00 87.00 99.00 OK
r-oldrel-macos-x86_64 0.2.1 NOTE
r-oldrel-windows-ix86+x86_64 0.2.1 21.00 86.00 107.00 OK

Check Details

Version: 0.2.1
Check: package dependencies
Result: NOTE
    Imports includes 29 non-default packages.
    Importing from so many packages makes the package vulnerable to any of
    them becoming unavailable. Move as many as possible to Suggests and
    use conditionally.
Flavor: r-devel-linux-x86_64-fedora-clang

Version: 0.2.1
Check: dependencies in R code
Result: NOTE
    Namespaces in Imports field not imported from:
     ‘DT’ ‘Formula’ ‘GGally’ ‘Hmisc’ ‘RPostgres’ ‘colourpicker’ ‘dplyr’
     ‘ggpmisc’ ‘ggpubr’ ‘ggrepel’ ‘gridExtra’ ‘markdown’ ‘plotly’
     ‘quantreg’ ‘rlang’ ‘shinyFiles’ ‘shinyjqui’ ‘shinyjs’ ‘survival’
     ‘survminer’ ‘table1’ ‘tidyr’ ‘zoo’
     All declared Imports should be used.
Flavors: r-devel-linux-x86_64-fedora-clang, r-devel-linux-x86_64-fedora-gcc, r-devel-windows-x86_64-gcc10-UCRT, r-patched-solaris-x86, r-release-macos-arm64, r-release-macos-x86_64, r-oldrel-macos-x86_64