CRAN Package Check Results for Package gitter

Last updated on 2019-07-16 07:50:47 CEST.

Flavor Version Tinstall Tcheck Ttotal Status Flags
r-devel-linux-x86_64-debian-clang 1.1.1 6.31 61.53 67.84 NOTE
r-devel-linux-x86_64-debian-gcc 1.1.1 5.51 47.98 53.49 NOTE
r-devel-linux-x86_64-fedora-clang 1.1.1 81.78 NOTE
r-devel-linux-x86_64-fedora-gcc 1.1.1 78.13 NOTE
r-devel-windows-ix86+x86_64 1.1.1 27.00 107.00 134.00 OK
r-patched-linux-x86_64 1.1.1 6.76 60.36 67.12 OK
r-patched-solaris-x86 1.1.1 110.90 OK
r-release-linux-x86_64 1.1.1 6.36 59.87 66.23 OK
r-release-windows-ix86+x86_64 1.1.1 15.00 115.00 130.00 OK
r-release-osx-x86_64 1.1.1 ERROR
r-oldrel-windows-ix86+x86_64 1.1.1 21.00 75.00 96.00 OK
r-oldrel-osx-x86_64 1.1.1 OK

Check Details

Version: 1.1.1
Check: for non-standard things in the check directory
Result: NOTE
    Found the following files/directories:
     'gridded_sample.jpg' 'gridded_sample_dead.jpg' 'sample.jpg.dat'
     'sample_dead.jpg.dat'
Flavors: r-devel-linux-x86_64-debian-clang, r-devel-linux-x86_64-debian-gcc, r-devel-linux-x86_64-fedora-clang, r-devel-linux-x86_64-fedora-gcc

Version: 1.1.1
Check: package dependencies
Result: ERROR
    Package required but not available: ‘EBImage’
    
    See section ‘The DESCRIPTION file’ in the ‘Writing R Extensions’
    manual.
Flavor: r-release-osx-x86_64