CRAN Package Check Results for Package glmglrt

Last updated on 2021-10-16 07:49:07 CEST.

Flavor Version Tinstall Tcheck Ttotal Status Flags
r-devel-linux-x86_64-debian-clang 0.2.2 4.29 108.54 112.83 NOTE
r-devel-linux-x86_64-debian-gcc 0.2.2 3.16 80.78 83.94 NOTE
r-devel-linux-x86_64-fedora-clang 0.2.2 140.98 NOTE
r-devel-linux-x86_64-fedora-gcc 0.2.2 131.40 NOTE
r-devel-windows-x86_64 0.2.2 11.00 102.00 113.00 NOTE
r-devel-windows-x86_64-gcc10-UCRT 0.2.2 NOTE
r-patched-linux-x86_64 0.2.2 8.42 102.55 110.97 NOTE
r-patched-solaris-x86 0.2.2 181.90 NOTE
r-release-linux-x86_64 0.2.2 3.60 103.00 106.60 NOTE
r-release-macos-arm64 0.2.2 NOTE
r-release-macos-x86_64 0.2.2 NOTE
r-release-windows-ix86+x86_64 0.2.2 17.00 135.00 152.00 NOTE
r-oldrel-macos-x86_64 0.2.2 OK
r-oldrel-windows-ix86+x86_64 0.2.2 18.00 136.00 154.00 OK

Check Details

Version: 0.2.2
Check: LazyData
Result: NOTE
     'LazyData' is specified without a 'data' directory
Flavors: r-devel-linux-x86_64-debian-clang, r-devel-linux-x86_64-debian-gcc, r-devel-linux-x86_64-fedora-clang, r-devel-linux-x86_64-fedora-gcc, r-devel-windows-x86_64, r-devel-windows-x86_64-gcc10-UCRT, r-patched-linux-x86_64, r-patched-solaris-x86, r-release-linux-x86_64, r-release-macos-arm64, r-release-macos-x86_64, r-release-windows-ix86+x86_64