CRAN Package Check Results for Package greport

Last updated on 2021-10-22 07:51:44 CEST.

Flavor Version Tinstall Tcheck Ttotal Status Flags
r-devel-linux-x86_64-debian-clang 0.7-2 15.64 123.22 138.86 NOTE
r-devel-linux-x86_64-debian-gcc 0.7-2 12.94 91.23 104.17 NOTE
r-devel-linux-x86_64-fedora-clang 0.7-2 175.88 NOTE
r-devel-linux-x86_64-fedora-gcc 0.7-2 159.52 NOTE
r-devel-windows-x86_64 0.7-2 25.00 148.00 173.00 NOTE
r-devel-windows-x86_64-gcc10-UCRT 0.7-2 NOTE
r-patched-linux-x86_64 0.7-2 14.75 114.84 129.59 NOTE
r-patched-solaris-x86 0.7-2 235.60 NOTE
r-release-linux-x86_64 0.7-2 14.98 115.00 129.98 NOTE
r-release-macos-arm64 0.7-2 NOTE
r-release-macos-x86_64 0.7-2 NOTE
r-release-windows-ix86+x86_64 0.7-2 36.00 142.00 178.00 NOTE
r-oldrel-macos-x86_64 0.7-2 NOTE
r-oldrel-windows-ix86+x86_64 0.7-2 36.00 148.00 184.00 NOTE

Check Details

Version: 0.7-2
Check: R code for possible problems
Result: NOTE
    accrualReport: multiple local function definitions for 'gg' with
     different formal arguments
Flavors: r-devel-linux-x86_64-debian-clang, r-devel-linux-x86_64-debian-gcc, r-devel-linux-x86_64-fedora-clang, r-devel-linux-x86_64-fedora-gcc, r-devel-windows-x86_64, r-devel-windows-x86_64-gcc10-UCRT, r-patched-linux-x86_64, r-patched-solaris-x86, r-release-linux-x86_64, r-release-macos-arm64, r-release-macos-x86_64, r-release-windows-ix86+x86_64, r-oldrel-macos-x86_64, r-oldrel-windows-ix86+x86_64