CRAN Package Check Results for Package greyzoneSurv

Last updated on 2021-10-21 07:49:56 CEST.

Flavor Version Tinstall Tcheck Ttotal Status Flags
r-devel-linux-x86_64-debian-clang 1.0 9.95 103.00 112.95 NOTE
r-devel-linux-x86_64-debian-gcc 1.0 9.39 75.33 84.72 NOTE
r-devel-linux-x86_64-fedora-clang 1.0 145.53 NOTE
r-devel-linux-x86_64-fedora-gcc 1.0 129.97 NOTE
r-devel-windows-x86_64 1.0 17.00 130.00 147.00 NOTE
r-devel-windows-x86_64-gcc10-UCRT 1.0 NOTE
r-patched-linux-x86_64 1.0 10.58 94.73 105.31 NOTE
r-patched-solaris-x86 1.0 199.40 NOTE
r-release-linux-x86_64 1.0 11.26 94.59 105.85 NOTE
r-release-macos-arm64 1.0 NOTE
r-release-macos-x86_64 1.0 NOTE
r-release-windows-ix86+x86_64 1.0 29.00 126.00 155.00 NOTE
r-oldrel-macos-x86_64 1.0 NOTE
r-oldrel-windows-ix86+x86_64 1.0 27.00 140.00 167.00 NOTE

Check Details

Version: 1.0
Check: R code for possible problems
Result: NOTE
    bestcut2: no visible global function definition for 'pchisq'
    cov.func: no visible global function definition for 'rbinom'
    cov.func: no visible global function definition for 'cov'
    cov.func: no visible global function definition for 'pnorm'
    cox.summary: no visible global function definition for 'predict'
    em.func: no visible global function definition for 'quantile'
    genSurvData: no visible global function definition for 'rweibull'
    greyzone.func: no visible global function definition for 'points'
    greyzone.func: no visible global function definition for 'abline'
    Undefined global functions or variables:
     abline cov pchisq pnorm points predict quantile rbinom rweibull
    Consider adding
     importFrom("graphics", "abline", "points")
     importFrom("stats", "cov", "pchisq", "pnorm", "predict", "quantile",
     "rbinom", "rweibull")
    to your NAMESPACE file.
Flavors: r-devel-linux-x86_64-debian-clang, r-devel-linux-x86_64-debian-gcc, r-devel-linux-x86_64-fedora-clang, r-devel-linux-x86_64-fedora-gcc, r-devel-windows-x86_64, r-devel-windows-x86_64-gcc10-UCRT, r-patched-linux-x86_64, r-patched-solaris-x86, r-release-linux-x86_64, r-release-macos-arm64, r-release-macos-x86_64, r-release-windows-ix86+x86_64, r-oldrel-macos-x86_64, r-oldrel-windows-ix86+x86_64