CRAN Package Check Results for Package h2o

Last updated on 2019-07-16 07:50:48 CEST.

Flavor Version Tinstall Tcheck Ttotal Status Flags
r-devel-linux-x86_64-debian-clang 3.24.0.5 17.23 89.93 107.16 OK
r-devel-linux-x86_64-debian-gcc 3.24.0.5 15.53 70.66 86.19 OK
r-devel-linux-x86_64-fedora-clang 3.24.0.5 126.62 NOTE
r-devel-linux-x86_64-fedora-gcc 3.24.0.5 139.53 OK
r-devel-windows-ix86+x86_64 3.24.0.5 164.00 143.00 307.00 NOTE
r-patched-linux-x86_64 3.24.0.5 17.58 90.60 108.18 OK
r-patched-solaris-x86 3.24.0.5 160.90 NOTE
r-release-linux-x86_64 3.24.0.5 19.95 90.63 110.58 OK
r-release-windows-ix86+x86_64 3.24.0.5 143.00 156.00 299.00 NOTE
r-release-osx-x86_64 3.24.0.5 NOTE
r-oldrel-windows-ix86+x86_64 3.24.0.5 151.00 102.00 253.00 NOTE
r-oldrel-osx-x86_64 3.24.0.5 NOTE

Check Details

Version: 3.24.0.5
Check: installed package size
Result: NOTE
     installed size is 126.8Mb
     sub-directories of 1Mb or more:
     java 124.8Mb
Flavors: r-devel-linux-x86_64-fedora-clang, r-devel-windows-ix86+x86_64, r-patched-solaris-x86, r-release-windows-ix86+x86_64, r-release-osx-x86_64, r-oldrel-windows-ix86+x86_64, r-oldrel-osx-x86_64