CRAN Package Check Results for Package h2o

Last updated on 2021-10-27 07:56:08 CEST.

Flavor Version Tinstall Tcheck Ttotal Status Flags
r-devel-linux-x86_64-debian-clang 3.34.0.3 31.08 161.55 192.63 OK
r-devel-linux-x86_64-debian-gcc 3.34.0.3 23.27 118.90 142.17 OK
r-devel-linux-x86_64-fedora-clang 3.34.0.3 242.63 NOTE
r-devel-linux-x86_64-fedora-gcc 3.34.0.3 230.31 OK
r-devel-windows-x86_64 3.34.0.3 70.00 209.00 279.00 NOTE
r-devel-windows-x86_64-gcc10-UCRT 3.34.0.3 OK
r-patched-linux-x86_64 3.34.0.3 35.43 156.22 191.65 OK
r-patched-solaris-x86 3.34.0.3 264.50 NOTE
r-release-linux-x86_64 3.34.0.3 28.24 153.38 181.62 OK
r-release-macos-arm64 3.34.0.3 NOTE
r-release-macos-x86_64 3.34.0.3 NOTE
r-release-windows-ix86+x86_64 3.34.0.3 64.00 204.00 268.00 NOTE
r-oldrel-macos-x86_64 3.34.0.3 NOTE
r-oldrel-windows-ix86+x86_64 3.34.0.3 66.00 138.00 204.00 NOTE

Check Details

Version: 3.34.0.3
Check: installed package size
Result: NOTE
     installed size is 180.6Mb
     sub-directories of 1Mb or more:
     R 1.3Mb
     java 177.9Mb
Flavors: r-devel-linux-x86_64-fedora-clang, r-devel-windows-x86_64, r-patched-solaris-x86, r-release-macos-arm64, r-release-macos-x86_64, r-release-windows-ix86+x86_64, r-oldrel-macos-x86_64, r-oldrel-windows-ix86+x86_64