CRAN Package Check Results for Package heplots

Last updated on 2019-07-16 07:50:48 CEST.

Flavor Version Tinstall Tcheck Ttotal Status Flags
r-devel-linux-x86_64-debian-clang 1.3-5 8.09 108.14 116.23 NOTE
r-devel-linux-x86_64-debian-gcc 1.3-5 6.57 80.83 87.40 NOTE
r-devel-linux-x86_64-fedora-clang 1.3-5 142.28 NOTE
r-devel-linux-x86_64-fedora-gcc 1.3-5 174.60 NOTE
r-devel-windows-ix86+x86_64 1.3-5 27.00 190.00 217.00 OK
r-patched-linux-x86_64 1.3-5 5.74 106.20 111.94 NOTE
r-patched-solaris-x86 1.3-5 175.30 NOTE
r-release-linux-x86_64 1.3-5 7.76 105.73 113.49 NOTE
r-release-windows-ix86+x86_64 1.3-5 15.00 143.00 158.00 OK
r-release-osx-x86_64 1.3-5 NOTE
r-oldrel-windows-ix86+x86_64 1.3-5 17.00 128.00 145.00 OK
r-oldrel-osx-x86_64 1.3-5 OK

Check Details

Version: 1.3-5
Check: package dependencies
Result: NOTE
    Package suggested but not available for checking: 'FRB'
Flavors: r-devel-linux-x86_64-debian-clang, r-devel-linux-x86_64-debian-gcc, r-devel-linux-x86_64-fedora-clang, r-devel-linux-x86_64-fedora-gcc, r-patched-linux-x86_64, r-patched-solaris-x86, r-release-linux-x86_64

Version: 1.3-5
Check: package dependencies
Result: NOTE
    Packages suggested but not available for checking: 'rgl', 'FRB'
Flavor: r-release-osx-x86_64