CRAN Package Check Results for Package hoa

Last updated on 2021-10-22 07:51:45 CEST.

Flavor Version Tinstall Tcheck Ttotal Status Flags
r-devel-linux-x86_64-debian-clang 2.1.4.1 19.17 137.26 156.43 OK
r-devel-linux-x86_64-debian-gcc 2.1.4.1 15.32 102.68 118.00 OK
r-devel-linux-x86_64-fedora-clang 2.1.4.1 208.62 NOTE
r-devel-linux-x86_64-fedora-gcc 2.1.4.1 188.57 OK
r-devel-windows-x86_64 2.1.4.1 29.00 165.00 194.00 OK
r-devel-windows-x86_64-gcc10-UCRT 2.1.4.1 OK
r-patched-linux-x86_64 2.1.4.1 22.55 134.47 157.02 OK
r-patched-solaris-x86 2.1.4.1 235.90 OK
r-release-linux-x86_64 2.1.4.1 18.88 133.37 152.25 OK
r-release-macos-arm64 2.1.4.1 OK
r-release-macos-x86_64 2.1.4.1 OK
r-release-windows-ix86+x86_64 2.1.4.1 27.00 174.00 201.00 OK
r-oldrel-macos-x86_64 2.1.4.1 OK
r-oldrel-windows-ix86+x86_64 2.1.4.1 34.00 171.00 205.00 OK

Check Details

Version: 2.1.4.1
Check: Rd cross-references
Result: NOTE
    Undeclared packages ‘nlreg’, ‘cond’, ‘marg’ in Rd xrefs
Flavor: r-devel-linux-x86_64-fedora-clang