CRAN Package Check Results for Package httpuv

Last updated on 2019-07-16 07:50:48 CEST.

Flavor Version Tinstall Tcheck Ttotal Status Flags
r-devel-linux-x86_64-debian-clang 1.5.1 219.29 32.87 252.16 NOTE
r-devel-linux-x86_64-debian-gcc 1.5.1 170.44 26.81 197.25 NOTE
r-devel-linux-x86_64-fedora-clang 1.5.1 377.23 NOTE
r-devel-linux-x86_64-fedora-gcc 1.5.1 385.66 NOTE
r-devel-windows-ix86+x86_64 1.5.1 664.00 70.00 734.00 NOTE
r-patched-linux-x86_64 1.5.1 204.48 33.01 237.49 NOTE
r-patched-solaris-x86 1.5.1 332.20 NOTE
r-release-linux-x86_64 1.5.1 203.16 32.85 236.01 NOTE
r-release-windows-ix86+x86_64 1.5.1 486.00 112.00 598.00 NOTE
r-release-osx-x86_64 1.5.1 NOTE
r-oldrel-windows-ix86+x86_64 1.5.1 673.00 96.00 769.00 NOTE
r-oldrel-osx-x86_64 1.5.1 NOTE

Check Details

Version: 1.5.1
Check: for GNU extensions in Makefiles
Result: NOTE
    GNU make is a SystemRequirements.
Flavors: r-devel-linux-x86_64-debian-clang, r-devel-linux-x86_64-debian-gcc, r-devel-linux-x86_64-fedora-clang, r-devel-linux-x86_64-fedora-gcc, r-devel-windows-ix86+x86_64, r-patched-linux-x86_64, r-patched-solaris-x86, r-release-linux-x86_64, r-release-windows-ix86+x86_64, r-release-osx-x86_64, r-oldrel-windows-ix86+x86_64, r-oldrel-osx-x86_64

Version: 1.5.1
Check: installed package size
Result: NOTE
     installed size is 8.7Mb
     sub-directories of 1Mb or more:
     libs 8.4Mb
Flavors: r-devel-linux-x86_64-fedora-clang, r-release-osx-x86_64, r-oldrel-osx-x86_64