CRAN Package Check Results for Package icenReg

Last updated on 2021-10-24 19:51:40 CEST.

Flavor Version Tinstall Tcheck Ttotal Status Flags
r-devel-linux-x86_64-debian-clang 2.0.15 68.92 167.60 236.52 OK
r-devel-linux-x86_64-debian-gcc 2.0.15 56.62 123.93 180.55 OK
r-devel-linux-x86_64-fedora-clang 2.0.15 320.84 NOTE
r-devel-linux-x86_64-fedora-gcc 2.0.15 304.13 OK
r-devel-windows-x86_64 2.0.15 87.00 256.00 343.00 OK
r-devel-windows-x86_64-gcc10-UCRT 2.0.15 OK
r-patched-linux-x86_64 2.0.15 70.13 164.63 234.76 OK
r-patched-solaris-x86 2.0.15 391.40 OK
r-release-linux-x86_64 2.0.15 64.42 166.31 230.73 OK
r-release-macos-arm64 2.0.15 NOTE
r-release-macos-x86_64 2.0.15 NOTE
r-release-windows-ix86+x86_64 2.0.15 105.00 344.00 449.00 OK
r-oldrel-macos-x86_64 2.0.15 NOTE
r-oldrel-windows-ix86+x86_64 2.0.15 148.00 352.00 500.00 OK

Check Details

Version: 2.0.15
Check: installed package size
Result: NOTE
     installed size is 14.3Mb
     sub-directories of 1Mb or more:
     libs 12.9Mb
Flavors: r-devel-linux-x86_64-fedora-clang, r-release-macos-arm64, r-release-macos-x86_64, r-oldrel-macos-x86_64