CRAN Package Check Results for Package icensBKL

Last updated on 2021-10-17 07:50:45 CEST.

Flavor Version Tinstall Tcheck Ttotal Status Flags
r-devel-linux-x86_64-debian-clang 1.2 9.58 76.03 85.61 OK
r-devel-linux-x86_64-debian-gcc 1.2 7.42 59.77 67.19 OK
r-devel-linux-x86_64-fedora-clang 1.2 113.81 OK
r-devel-linux-x86_64-fedora-gcc 1.2 105.10 OK
r-devel-windows-x86_64 1.2 14.00 105.00 119.00 OK
r-devel-windows-x86_64-gcc10-UCRT 1.2 OK
r-patched-linux-x86_64 1.2 10.01 74.65 84.66 OK
r-patched-solaris-x86 1.2 140.00 OK
r-release-linux-x86_64 1.2 8.24 74.52 82.76 OK
r-release-macos-arm64 1.2 NOTE
r-release-macos-x86_64 1.2 NOTE
r-release-windows-ix86+x86_64 1.2 13.00 102.00 115.00 OK
r-oldrel-macos-x86_64 1.2 NOTE
r-oldrel-windows-ix86+x86_64 1.2 20.00 105.00 125.00 OK

Check Details

Version: 1.2
Check: package dependencies
Result: NOTE
    Packages suggested but not available for checking: 'mixAK', 'runjags'
Flavor: r-release-macos-arm64

Version: 1.2
Check: package dependencies
Result: NOTE
    Package suggested but not available for checking: ‘mixAK’
Flavors: r-release-macos-x86_64, r-oldrel-macos-x86_64