CRAN Package Check Results for Package iemisc

Last updated on 2019-07-16 07:50:49 CEST.

Flavor Version Tinstall Tcheck Ttotal Status Flags
r-devel-linux-x86_64-debian-clang 0.9.7 10.71 71.35 82.06 NOTE
r-devel-linux-x86_64-debian-gcc 0.9.7 9.00 54.87 63.87 NOTE
r-devel-linux-x86_64-fedora-clang 0.9.7 99.00 NOTE
r-devel-linux-x86_64-fedora-gcc 0.9.7 104.21 NOTE
r-devel-windows-ix86+x86_64 0.9.7 27.00 87.00 114.00 OK
r-patched-linux-x86_64 0.9.7 11.11 69.00 80.11 NOTE
r-patched-solaris-x86 0.9.7 155.40 NOTE
r-release-linux-x86_64 0.9.7 10.15 68.72 78.87 NOTE
r-release-windows-ix86+x86_64 0.9.7 21.00 143.00 164.00 OK
r-release-osx-x86_64 0.9.7 NOTE
r-oldrel-windows-ix86+x86_64 0.9.7 24.00 86.00 110.00 OK
r-oldrel-osx-x86_64 0.9.7 OK

Check Details

Version: 0.9.7
Check: package dependencies
Result: NOTE
    Package suggested but not available for checking: 'financial'
Flavors: r-devel-linux-x86_64-debian-clang, r-devel-linux-x86_64-debian-gcc, r-devel-linux-x86_64-fedora-clang, r-devel-linux-x86_64-fedora-gcc, r-patched-linux-x86_64, r-patched-solaris-x86, r-release-linux-x86_64, r-release-osx-x86_64