CRAN Package Check Results for Package incgraph

Last updated on 2021-02-26 07:49:43 CET.

Flavor Version Tinstall Tcheck Ttotal Status Flags
r-devel-linux-x86_64-debian-clang 1.0.1 25.91 57.51 83.42 OK
r-devel-linux-x86_64-debian-gcc 1.0.1 17.29 42.74 60.03 OK
r-devel-linux-x86_64-fedora-clang 1.0.1 113.92 NOTE
r-devel-linux-x86_64-fedora-gcc 1.0.1 98.74 NOTE
r-devel-windows-ix86+x86_64 1.0.1 50.00 87.00 137.00 OK
r-patched-linux-x86_64 1.0.1 21.86 53.09 74.95 OK
r-patched-solaris-x86 1.0.1 125.50 NOTE
r-release-linux-x86_64 1.0.1 20.72 53.06 73.78 OK
r-release-macos-x86_64 1.0.1 NOTE
r-release-windows-ix86+x86_64 1.0.1 59.00 118.00 177.00 OK
r-oldrel-macos-x86_64 1.0.1 NOTE
r-oldrel-windows-ix86+x86_64 1.0.1 41.00 103.00 144.00 OK

Check Details

Version: 1.0.1
Check: dependencies in R code
Result: NOTE
    Namespace in Imports field not imported from: ‘testthat’
     All declared Imports should be used.
Flavors: r-devel-linux-x86_64-fedora-clang, r-devel-linux-x86_64-fedora-gcc, r-patched-solaris-x86, r-release-macos-x86_64, r-oldrel-macos-x86_64