CRAN Package Check Results for Package irtoys

Last updated on 2019-07-16 07:50:50 CEST.

Flavor Version Tinstall Tcheck Ttotal Status Flags
r-devel-linux-x86_64-debian-clang 0.2.1 11.64 88.15 99.79 NOTE
r-devel-linux-x86_64-debian-gcc 0.2.1 8.69 70.18 78.87 NOTE
r-devel-linux-x86_64-fedora-clang 0.2.1 127.31 OK
r-devel-linux-x86_64-fedora-gcc 0.2.1 136.25 OK
r-devel-windows-ix86+x86_64 0.2.1 28.00 123.00 151.00 OK
r-patched-linux-x86_64 0.2.1 11.27 88.53 99.80 OK
r-patched-solaris-x86 0.2.1 194.50 OK
r-release-linux-x86_64 0.2.1 11.38 87.56 98.94 OK
r-release-windows-ix86+x86_64 0.2.1 22.00 194.00 216.00 OK
r-release-osx-x86_64 0.2.1 FAIL
r-oldrel-windows-ix86+x86_64 0.2.1 23.00 122.00 145.00 OK
r-oldrel-osx-x86_64 0.2.1 OK

Check Details

Version: 0.2.1
Check: package vignettes
Result: NOTE
    Package vignette with placeholder title 'Vignette Title':
     'irtoys-vignette.Rmd'
Flavors: r-devel-linux-x86_64-debian-clang, r-devel-linux-x86_64-debian-gcc

Version: 0.2.1
Check: whether package can be installed
Result: FAIL
    
Flavor: r-release-osx-x86_64