CRAN Package Check Results for Package ivsacim

Last updated on 2021-10-25 07:50:20 CEST.

Flavor Version Tinstall Tcheck Ttotal Status Flags
r-devel-linux-x86_64-debian-clang 1.3.1 30.25 66.78 97.03 OK
r-devel-linux-x86_64-debian-gcc 1.3.1 21.75 51.95 73.70 OK
r-devel-linux-x86_64-fedora-clang 1.3.1 140.45 OK
r-devel-linux-x86_64-fedora-gcc 1.3.1 122.66 OK
r-devel-windows-x86_64 1.3.1 46.00 97.00 143.00 OK
r-devel-windows-x86_64-gcc10-UCRT 1.3.1 OK
r-patched-linux-x86_64 1.3.1 25.41 64.90 90.31 OK
r-patched-solaris-x86 1.3.1 168.50 OK
r-release-linux-x86_64 1.3.1 29.69 64.96 94.65 OK
r-release-macos-arm64 1.3.1 OK
r-release-macos-x86_64 1.3.1 OK
r-release-windows-ix86+x86_64 1.3.1 52.00 131.00 183.00 OK
r-oldrel-macos-x86_64 1.1 NOTE
r-oldrel-windows-ix86+x86_64 1.1 41.00 128.00 169.00 OK

Check Details

Version: 1.1
Check: dependencies in R code
Result: NOTE
    Namespace in Imports field not imported from: ‘timereg’
     All declared Imports should be used.
Flavor: r-oldrel-macos-x86_64