CRAN Package Check Results for Package jomo

Last updated on 2021-10-22 07:51:47 CEST.

Flavor Version Tinstall Tcheck Ttotal Status Flags
r-devel-linux-x86_64-debian-clang 2.7-2 72.82 233.99 306.81 OK
r-devel-linux-x86_64-debian-gcc 2.7-2 70.73 169.00 239.73 OK
r-devel-linux-x86_64-fedora-clang 2.7-2 389.99 OK
r-devel-linux-x86_64-fedora-gcc 2.7-2 389.56 OK
r-devel-windows-x86_64 2.7-2 121.00 263.00 384.00 OK
r-devel-windows-x86_64-gcc10-UCRT 2.7-2 OK
r-patched-linux-x86_64 2.7-2 80.83 222.99 303.82 OK
r-patched-solaris-x86 2.7-2 614.00 ERROR
r-release-linux-x86_64 2.7-2 79.28 223.63 302.91 OK
r-release-macos-arm64 2.7-2 OK
r-release-macos-x86_64 2.7-2 OK
r-release-windows-ix86+x86_64 2.7-2 127.00 338.00 465.00 OK
r-oldrel-macos-x86_64 2.7-2 OK
r-oldrel-windows-ix86+x86_64 2.7-2 194.00 346.00 540.00 OK

Check Details

Version: 2.7-2
Check: examples
Result: ERROR
    Running examples in ‘jomo-Ex.R’ failed
    The error most likely occurred in:
    
    > ### Name: jomo.glmer.MCMCchain
    > ### Title: glmer Compatible JM Imputation - A tool to check convergence of
    > ### the MCMC
    > ### Aliases: jomo.glmer.MCMCchain
    >
    > ### ** Examples
    >
    >
    > # make sure sex is a factor:
    >
    > cldata<-within(cldata, sex<-factor(sex))
    
     *** caught segfault ***
    address 70a, cause 'memory not mapped'
    *** recursive gc invocation
    *** recursive gc invocation
    *** recursive gc invocation
    *** recursive gc invocation
    *** recursive gc invocation
    *** recursive gc invocation
    *** recursive gc invocation
    *** recursive gc invocation
    *** recursive gc invocation
    *** recursive gc invocation
    *** recursive gc invocation
    *** recursive gc invocation
    *** recursive gc invocation
    *** recursive gc invocation
    *** recursive gc invocation
    *** recursive gc invocation
    *** recursive gc invocation
    *** recursive gc invocation
    *** recursive gc invocation
    *** recursive gc invocation
    *** recursive gc invocation
    *** recursive gc invocation
    *** recursive gc invocation
    *** recursive gc invocation
    *** recursive gc invocation
    *** recursive gc invocation
    *** recursive gc invocation
    *** recursive gc invocation
    *** recursive gc invocation
    *** recursive gc invocation
    *** recursive gc invocation
    *** recursive gc invocation
    *** recursive gc invocation
    *** recursive gc invocation
    *** recursive gc invocation
    *** recursive gc invocation
    *** recursive gc invocation
    *** recursive gc invocation
    *** recursive gc invocation
    *** recursive gc invocation
    *** recursive gc invocation
    *** recursive gc invocation
    *** recursive gc invocation
    *** recursive gc invocation
    *** recursive gc invocation
    *** recursive gc invocation
    *** recursive gc invocation
    *** recursive gc invocation
    *** recursive gc invocation
    *** recursive gc invocation
    *** recursive gc invocation
    *** recursive gc invocation
    *** recursive gc invocation
    *** recursive gc invocation
    *** recursive gc invocation
    *** recursive gc invocation
    *** recursive gc invocation
    *** recursive gc invocation
    *** recursive gc invocation
    *** recursive gc invocation
    *** recursive gc invocation
    *** recursive gc invocation
    *** recursive gc invocation
    *** recursive gc invocation
    *** recursive gc invocation
    *** recursive gc invocation
    *** recursive gc invocation
    *** recursive gc invocation
    *** recursive gc invocation
    *** recursive gc invocation
    *** recursive gc invocation
    *** recursive gc invocation
    *** recursive gc invocation
    *** recursive gc invocation
    *** recursive gc invocation
    *** recursive gc invocation
    *** recursive gc invocation
    *** recursive gc invocation
    *** recursive gc invocation
    *** recursive gc invocation
    *** recursive gc invocation
    *** recursive gc invocation
    *** recursive gc invocation
    *** recursive gc invocation
    *** recursive gc invocation
    *** recursive gc invocation
    *** recursive gc invocation
    *** recursive gc invocation
    *** recursive gc invocation
    *** recursive gc invocation
    *** recursive gc invocation
    *** recursive gc invocation
    *** recursive gc invocation
    *** recursive gc invocation
    *** recursive gc invocation
    *** recursive gc invocation
    *** recursive gc invocation
    *** recursive gc invocation
    *** recursive gc invocation
    *** recursive gc invocation
    *** recursive gc invocation
    *** recursive gc invocation
    *** recursive gc invocation
    *** recursive gc invocation
    *** recursive gc invocation
    *** recursive gc invocation
    *** recursive gc invocation
    *** recursive gc invocation
    *** recursive gc invocation
    *** recursive gc invocation
    *** recursive gc invocation
    *** recursive gc invocation
    *** recursive gc invocation
    *** recursive gc invocation
    *** recursive gc invocation
    *** recursive gc invocation
    *** recursive gc invocation
    *** recursive gc invocation
    *** recursive gc invocation
    *** recursive gc invocation
    *** recursive gc invocation
    *** recursive gc invocation
    *** recursive gc invocation
    *** recursive gc invocation
    *** recursive gc invocation
    *** recursive gc invocation
    *** recursive gc invocation
    *** recursive gc invocation
    *** recursive gc invocation
    *** recursive gc invocation
    *** recursive gc invocation
    *** recursive gc invocation
    *** recursive gc invocation
    *** recursive gc invocation
    *** recursive gc invocation
    *** recursive gc invocation
    *** recursive gc invocation
    *** recursive gc invocation
    *** recursive gc invocation
    *** recursive gc invocation
    *** recursive gc invocation
    *** recursive gc invocation
    *** recursive gc invocation
    *** recursive gc invocation
    *** recursive gc invocation
    *** recursive gc invocation
    *** recursive gc invocation
    *** recursive gc invocation
    *** recursive gc invocation
    *** recursive gc invocation
    *** recursive gc invocation
    *** recursive gc invocation
    *** recursive gc invocation
    *** recursive gc invocation
    *** recursive gc invocation
    *** recursive gc invocation
    *** recursive gc invocation
    *** recursive gc invocation
    *** recursive gc invocation
    *** recursive gc invocation
    *** recursive gc invocation
    *** recursive gc invocation
    *** recursive gc invocation
    *** recursive gc invocation
    *** recursive gc invocation
    *** recursive gc invocation
    *** recursive gc invocation
    *** recursive gc invocation
    *** recursive gc invocation
    *** recursive gc invocation
    *** recursive gc invocation
    *** recursive gc invocation
    *** recursive gc invocation
    *** recursive gc invocation
    *** recursive gc invocation
    *** recursive gc invocation
    *** recursive gc invocation
    *** recursive gc invocation
    *** recursive gc invocation
    *** recursive gc invocation
    *** recursive gc invocation
    *** recursive gc invocation
    *** recursive gc invocation
    *** recursive gc invocation
    *** recursive gc invocation
    *** recursive gc invocation
    *** recursive gc invocation
    *** recursive gc invocation
    *** recursive gc invocation
    *** recursive gc invocation
    *** recursive gc invocation
    *** recursive gc invocation
    *** recursive gc invocation
    *** recursive gc invocation
    *** recursive gc invocation
    *** recursive gc invocation
    *** recursive gc invocation
    *** recursive gc invocation
    *** recursive gc invocation
    *** recursive gc invocation
    *** recursive gc invocation
    *** recursive gc invocation
    *** recursive gc invocation
    *** recursive gc invocation
    *** recursive gc invocation
    *** recursive gc invocation
    *** recursive gc invocation
    *** recursive gc invocation
    *** recursive gc invocation
    *** recursive gc invocation
    *** recursive gc invocation
    *** recursive gc invocation
    *** recursive gc invocation
    *** recursive gc invocation
    *** recursive gc invocation
    *** recursive gc invocation
    *** recursive gc invocation
    *** recursive gc invocation
    *** recursive gc invocation
    *** recursive gc invocation
    *** recursive gc invocation
    *** recursive gc invocation
    *** recursive gc invocation
    *** recursive gc invocation
    *** recursive gc invocation
    *** recursive gc invocation
    *** recursive gc invocation
    *** recursive gc invocation
    *** recursive gc invocation
    *** recursive gc invocation
    *** recursive gc invocation
    *** recursive gc invocation
    *** recursive gc invocation
    *** recursive gc invocation
    *** recursive gc invocation
    *** recursive gc invocation
    *** recursive gc invocation
    *** recursive gc invocation
    *** recursive gc invocation
    *** recursive gc invocation
    *** recursive gc invocation
    *** recursive gc invocation
    *** recursive gc invocation
    *** recursive gc invocation
    *** recursive gc invocation
    *** recursive gc invocation
    *** recursive gc invocation
    *** recursive gc invocation
    *** recursive gc invocation
    *** recursive gc invocation
    *** recursive gc invocation
    *** recursive gc invocation
    *** recursive gc invocation
    *** recursive gc invocation
    *** recursive gc invocation
    *** recursive gc invocation
    *** recursive gc invocation
    *** recursive gc invocation
    *** recursive gc invocation
    *** recursive gc invocation
    *** recursive gc invocation
    *** recursive gc invocation
    *** recursive gc invocation
    *** recursive gc invocation
    *** recursive gc invocation
    *** recursive gc invocation
    *** recursive gc invocation
    *** recursive gc invocation
    *** recursive gc invocation
    *** recursive gc invocation
    *** recursive gc invocation
    *** recursive gc invocation
    *** recursive gc invocation
    *** recursive gc invocation
    *** recursive gc invocation
    *** recursive gc invocation
    *** recursive gc invocation
    *** recursive gc invocation
    *** recursive gc invocation
    *** recursive gc invocation
    *** recursive gc invocation
    *** recursive gc invocation
    *** recursive gc invocation
    *** recursive gc invocation
    *** recursive gc invocation
    *** recursive gc invocation
    *** recursive gc invocation
    *** recursive gc invocation
    *** recursive gc invocation
    *** recursive gc invocation
    *** recursive gc invocation
    *** recursive gc invocation
    *** recursive gc invocation
    *** recursive gc invocation
    *** recursive gc invocation
    *** recursive gc invocation
    *** recursive gc invocation
    *** recursive gc invocation
    *** recursive gc invocation
    *** recursive gc invocation
    *** recursive gc invocation
    *** recursive gc invocation
    *** recursive gc invocation
    *** recursive gc invocation
    *** recursive gc invocation
    *** recursive gc invocation
    *** recursive gc invocation
    *** recursive gc invocation
    *** recursive gc invocation
    *** recursive gc invocation
    *** recursive gc invocation
    *** recursive gc invocation
    *** recursive gc invocation
    *** recursive gc invocation
    *** recursive gc invocation
    *** recursive gc invocation
    *** recursive gc invocation
    *** recursive gc invocation
    *** recursive gc invocation
    *** recursive gc invocation
    *** recursive gc invocation
    *** recursive gc invocation
    *** recursive gc invocation
    *** recursive gc invocation
    *** recursive gc invocation
    *** recursive gc invocation
    *** recursive gc invocation
    *** recursive gc invocation
    *** recursive gc invocation
    *** recursive gc invocation
    *** recursive gc invocation
    *** recursive gc invocation
    *** recursive gc invocation
    *** recursive gc invocation
    *** recursive gc invocation
    *** recursive gc invocation
    *** recursive gc invocation
    *** recursive gc invocation
    *** recursive gc invocation
    *** recursive gc invocation
    *** recursive gc invocation
    *** recursive gc invocation
    *** recursive gc invocation
    *** recursive gc invocation
    *** recursive gc invocation
    *** recursive gc invocation
    *** recursive gc invocation
    *** recursive gc invocation
    *** recursive gc invocation
    *** recursive gc invocation
    *** recursive gc invocation
    *** recursive gc invocation
    *** recursive gc invocation
    *** recursive gc invocation
    *** recursive gc invocation
    *** recursive gc invocation
    *** recursive gc invocation
    *** recursive gc invocation
    *** recursive gc invocation
    *** recursive gc invocation
    *** recursive gc invocation
    *** recursive gc invocation
    *** recursive gc invocation
    *** recursive gc invocation
    *** recursive gc invocation
    *** recursive gc invocation
    *** recursive gc invocation
    *** recursive gc invocation
    *** recursive gc invocation
    *** recursive gc invocation
    *** recursive gc invocation
    *** recursive gc invocation
    *** recursive gc invocation
    *** recursive gc invocation
    *** recursive gc invocation
    *** recursive gc invocation
    *** recursive gc invocation
    *** recursive gc invocation
    *** recursive gc invocation
    *** recursive gc invocation
    *** recursive gc invocation
    *** recursive gc invocation
    *** recursive gc invocation
    *** recursive gc invocation
    *** recursive gc invocation
    *** recursive gc invocation
    *** recursive gc invocation
    *** recursive gc invocation
    *** recursive gc invocation
    *** recursive gc invocation
    *** recursive gc invocation
    *** recursive gc invocation
    *** recursive gc invocation
    *** recursive gc invocation
    *** recursive gc invocation
    *** recursive gc invocation
    *** recursive gc invocation
    *** recursive gc invocation
    *** recursive gc invocation
    *** recursive gc invocation
    *** recursive gc invocation
    *** recursive gc invocation
    *** recursive gc invocation
    *** recursive gc invocation
    *** recursive gc invocation
    *** recursive gc invocation
    *** recursive gc invocation
    *** recursive gc invocation
    *** recursive gc invocation
    *** recursive gc invocation
    *** recursive gc invocation
    *** recursive gc invocation
    *** recursive gc invocation
    *** recursive gc invocation
    *** recursive gc invocation
    *** recursive gc invocation
    *** recursive gc invocation
    *** recursive gc invocation
    *** recursive gc invocation
    *** recursive gc invocation
    *** recursive gc invocation
    *** recursive gc invocation
    *** recursive gc invocation
    *** recursive gc invocation
    *** recursive gc invocation
    *** recursive gc invocation
    *** recursive gc invocation
    *** recursive gc invocation
    *** recursive gc invocation
    *** recursive gc invocation
    *** recursive gc invocation
    *** recursive gc invocation
    *** recursive gc invocation
    *** recursive gc invocation
    *** recursive gc invocation
    *** recursive gc invocation
    *** recursive gc invocation
    *** recursive gc invocation
    *** recursive gc invocation
    *** recursive gc invocation
    *** recursive gc invocation
    *** recursive gc invocation
    *** recursive gc invocation
    *** recursive gc invocation
    *** recursive gc invocation
    *** recursive gc invocation
    *** recursive gc invocation
    *** recursive gc invocation
    *** recursive gc invocation
    *** recursive gc invocation
    *** recursive gc invocation
    *** recursive gc invocation
    *** recursive gc invocation
    *** recursive gc invocation
    *** recursive gc invocation
    *** recursive gc invocation
    *** recursive gc invocation
    *** recursive gc invocation
    *** recursive gc invocation
    *** recursive gc invocation
    *** recursive gc invocation
    *** recursive gc invocation
    *** recursive gc invocation
    *** recursive gc invocation
    *** recursive gc invocation
    *** recursive gc invocation
    *** recursive gc invocation
    *** recursive gc invocation
    *** recursive gc invocation
    *** recursive gc invocation
    *** recursive gc invocation
    *** recursive gc invocation
    *** recursive gc invocation
    *** recursive gc invocation
    *** recursive gc invocation
    *** recursive gc invocation
    *** recursive gc invocation
    *** recursive gc invocation
    *** recursive gc invocation
    *** recursive gc invocation
    *** recursive gc invocation
    *** recursive gc invocation
    *** recursive gc invocation
    *** recursive gc invocation
    *** recursive gc invocation
    *** recursive gc invocation
    *** recursive gc invocation
    *** recursive gc invocation
    *** recursive gc invocation
    *** recursive gc invocation
    *** recursive gc invocation
    *** recursive gc invocation
    *** recursive gc invocation
    *** recursive gc invocation
    *** recursive gc invocation
    *** recursive gc invocation
    *** recursive gc invocation
    *** recursive gc invocation
    *** recursive gc invocation
    *** recursive gc invocation
    *** recursive gc invocation
    *** recursive gc invocation
    *** recursive gc invocation
    *** recursive gc invocation
    *** recursive gc invocation
    *** recursive gc invocation
    *** recursive gc invocation
    *** recursive gc invocation
    *** recursive gc invocation
    *** recursive gc invocation
    *** recursive gc invocation
    *** recursive gc invocation
    
    Traceback:
     1: vapply(value, NROW, 1L)
     2: `[<-.data.frame`(`*tmp*`, nl, value = list(measure = c(-0.184765759393811, 1.71442152143448, 1.52057456056976, NA, NA, 1.54034307611168, -0.463205541139941, NA, 2.79030696933996, NA, NA, NA, NA, 1.21245007721153, 0.915156070979034, 0.965065784499182, NA, NA, NA, 1.35172076553653, 0.660042094654314, NA, NA, NA, NA, 1.07926788824113, NA, 2.36137697990919, -0.605843828555682, 0.4943455321429, -0.589933034237359, NA, 3.24161895497173, 1.82195452197804, 0.579749780071952, NA, NA, 1.2678999789813, NA, 1.23333174935233, 1.82895371226636, NA, 3.0431508702877, NA, 1.35090292779423, NA, NA, NA, 3.00273915543546, 0.0580593499813962, 1.18517703892677, 0.4922611905167, 1.00144325545012, 0.757570462546967, NA, NA, NA, NA, NA, -0.433862942567703, NA, 1.99237932411088, 0.420874887244055, NA, 0.0260515425006695, 1.73892653465667, 2.25038060946916, NA, NA, 0.413715788001101, 1.03884099273218, 2.07935794036778, 1.47102306773643, 0.43136515930442, 1.69468209893191, 1.27469358926294, 1.57323212398159, -0.44553784788954, 0.990206990481232, 1.22539422292932, 0.0986759884844616, 1.51397764571632, NA, 0.2436670377284, 1.2635358002765, -0.170488347966005, 1.28065220168108, NA, 1.97289909791886, 0.200411560934931, 1.90401958522652, 0.637992626744052, NA, 1.40277386694045, 2.38267919100781, 0.55256363707524, 1.66310901982948, NA, -0.0370993998346043, 1.02808606633017, 1.77080884090613, 1.68855443462856, 0.261330092039299, 1.03014623384917, NA, 0.0913425174209099, NA, 1.40977194490052, NA, 1.84830949785564, 0.414764786110246, 1.989469224237, NA, NA, -1.37815674839228, 2.12838876963349, -0.996457660682001, 0.0905337871671655, NA, 0.924107778842011, 0.800000294899495, NA, NA, 1.41146121549987, -0.341466011610615, 1.79675338795579, 1.03263195447834, NA, NA, -0.388373453914787, 0.916989990187528, 1.78389972185048, 1.77818768792085, 2.37062537228926, 2.05319655076951, 0.414190802017727, NA, 2.51735291453042, 1.59625356468875, 1.56518378096475, 2.7827363038834, 1.85203993837716, 0.626945069969888, 2.86156276044054, 3.64715220685989, NA, NA, 0.48296790043538, -0.212097152969922, NA, NA, 3.23582424299685, NA, 0.364699991016572, 3.33058205258582, 0.850994131095327, 1.31258910476659, 1.21329899748729, NA, 1.74297231287145, NA, 1.59564210026861, 0.0894630979012417, 0.76061090678057, NA, -0.294357862667602, 1.25435208001614, 2.18308890349498, 1.74572226506396, NA, 1.96582722456577, 0.943873520687169, 2.82992553052977, 1.44291219379402, NA, 2.377916523194, 1.59053565416066, 0.685522749532679, 2.67180582113592, NA, 0.481832008417874, 0.776912907695275, NA, 1.29603457335352, 1.61410951330676, 1.94874867050537, NA, 3.35143487770319, -0.852155015340672, 0.121801141964352, 2.02610663965639, 1.41351740302564, 1.50476372651994, NA, 0.764486594504498, NA, NA, 0.849664193957023, 1.77462441363391, 0.0242351123678731, -1.23120381487003, 1.27697702146303, -1.87242063568866, NA, NA, 0.374914167908069, 0.200943725362595, NA, -0.225503541776522, NA, -0.723419821344098, NA, 1.44949301328995, 1.41681126087128, 0.983690660674247, 1.63551757047584, 0.870380930422392, NA, NA, NA, 1.36305248093233, 0.209790603677917, NA, 0.764459313345266, 0.173547810758077, -0.352823086183379, -0.751944379948845, -1.87813362433781, 0.163980417105201, NA, -0.338564538094641, NA, 1.03237425008006, NA, -2.03330101500263, 0.141437441396105, 0.512175326374226, 0.358543495129073, 0.886267763055589, 0.0641717544557324, NA, NA, NA, 0.320077093647372, 0.0358041003596913, 2.91372133498209, NA, 2.53045888233484, 0.851038453488713, 0.444826604191623, NA, -1.07070009336435, 2.10469455743283, 2.54976512838964, 0.12569923962476, -0.599646411577374, -0.78554862987598, -0.322189451136937, -0.329440475853789, 0.578098302886831, -0.169612726306559, NA, -0.781098417073179, -0.175119619293496, 1.27248349495549, -0.340486186943417, -0.77490873805715, NA, 1.21479081646028, -1.07091777694071, 0.500101504977907, -1.72027187375969, 1.11388215906295, NA, -0.537076329565498, NA, -0.772813903543603, 0.69145958998223, 1.07252222584359, NA, 0.54266326864907, NA, -0.216874497059995, 0.468578639781275, -0.918056382593273, 0.567430811833859, -0.5756910792805, 0.34742957997659, -0.112378040543714, -0.639159241075485, 2.04774202116941, NA, 1.75902150603871, 0.0751158166699359, -0.506826694309902, -0.1037567278334, 0.425042568491662, 2.55512456225664, -0.0360027496599618, 1.53615218204423, 1.25601033441559, 2.76132461190877, 0.694490251210039, NA, 1.74650871082311, NA, 2.77027508263058, 1.54635496863059, 0.897804600048492, NA, NA, NA, 1.64274272851363, 3.4982528218394, NA, 0.623278519777053, NA, 1.43137459885676, NA, 1.30645133186235, 2.84280478294222, NA, NA, 2.32345885405371, NA, 1.13140262854586, 2.18808445549972, 0.927133520044793, -0.649061721128659, 1.34604446306717, 1.37414609733253, NA, 0.062497748539763, 2.09652997418331, 2.73738052547988, 2.20227279120694, NA, 2.84799159845239, 1.8568894698381, 2.52849584648847, 1.73770539939394, 0.335345833420457, NA, 1.52833001684837, 3.87566550725838, NA, NA, 1.49150769271584, NA, 1.56843181500834, NA, 1.67644041575089, 0.639546396802153, NA, 2.07794011088915, NA, 2.02578392396674, 2.08322184964277, 1.4616650657884, NA, 0.59967143370014, NA, 1.31080976439371, 1.8815117194159, 3.12368925729359, NA, NA, 2.34606292001813, NA, 1.3111202874793, 0.739624796809117, 2.27831243384263, 0.835476459866701, 1.65724353786554, NA, NA, NA, 1.94890194966322, 1.90272451042758, NA, NA, 2.2377204593481, 2.99953376465841, NA, 1.57139414604559, -0.419306622423545, NA, 3.17401593583399, 2.19129042029876, 2.30796561880168, 2.66504237022971, 1.42151129416007, 3.16642638319739, 2.75968900092852, NA, 1.97423303781314, 2.15767588120706, 0.351960584854146, NA, 2.1709858163231, -0.55861487723854, 0.627198883541465, -0.0843480966035438, 0.720248455114693, NA, -0.203342712471172, -0.830071891709828, NA, -1.41416451807867, 0.352876904513424, -0.397224524008996, -0.527787316150082, -0.735777816199797, 0.612397711437337, NA, -0.125005151834372, -0.720285915359669, 1.47360508720527, -1.05952411863342, 0.143627404004093, -0.0313271023997481, NA, 0.233650791063674, NA, 1.55127029348589, NA, -0.59803781871387, NA, 0.150902820155157, NA, 0.315325690868322, NA, 2.48093437020586, NA, NA, 0.409626082293909, 0.555265532540412, 1.56614777646961, NA, 0.658611381620385, NA, NA, 0.67032267465538, -1.58513627688952, NA, -0.0336093411173944, NA, -1.17827376958946, NA, 1.19242628053852, NA, NA, 0.0463592644563604, NA, 0.656848690254085, 1.43689389941784, NA, 0.792372820838714, NA, NA, NA, NA, -1.62270192741504, NA, 0.537050966721179, NA, 2.5548122417911, 0.42694502638233, NA, -0.80866054980489, NA, 1.14090881913159, -0.206348096717242, NA, -0.984525171592244, 0.133544565287079, NA, -0.153333442633596, NA, NA, NA, NA, NA, NA, 0.578601348443564, NA, NA, 0.509320123187059, -1.40347277245145, 0.304836230345065, NA, 1.85717692335983, 0.095010868256844, 1.22808429073541, NA, 1.67415311817991, NA, NA, -0.340142018096108, NA, 2.44379277616184, 0.156542041637318, -0.61811182816752, 0.319052054108606, -1.21861457200147, 1.51657097820895, 2.60352318533445, 2.07037090756827, NA, 0.430063174217799, 1.65507173126757, -0.397168382931294, 0.489138952377563, 0.867285999018206, 0.0286239537226413, 1.40447678823328, 0.878659377205009, NA, 1.19560960517169, 1.24052046570983, 1.06230743228591, NA, NA, NA, 1.41732770249235, -1.22722987979293, 3.62280930261667, 1.15074859389941, -0.633202358763403, 0.98079715097421, NA, NA, -1.27960009034882, 0.465163006078471, NA, 0.606634882670685, 0.0463541894489873, NA, 1.80723703112893, -0.634525245051556, NA, -0.168560518143663, 0.152622479550867, NA, -0.649607596654441, NA, 0.350705677511479, NA, 2.37365862804649, 1.01271705153114, 0.206301470695126, 1.79035906499252, NA, 2.38316522821888, 2.14860962661343, 1.42039335126281, NA, 0.709039665938502, NA, 2.18003486181189, 0.963289480842318, 0.115258483670523, 0.494300804970401, -0.000901881802676165, 0.914740955102856, NA, -1.87673784330923, NA, NA, NA, -0.0158087988014276, 1.59546066402604, NA, 2.41241572590877, NA, -0.871078137260817, 0.9846386063158, NA, 0.827464579331777, 1.42395664033511, 0.936818147658659, 1.20105426885344, NA, 0.582484129720459, 0.124332181460718, -0.688110332352263, NA, NA, 2.76770992554982, NA, NA, 1.60392155066883, -0.171465693614655, 0.731712685493771, 1.28828640039342, 1.50819977403658, 1.18543557224718, 0.561018378018287, 0.205694584993587, 1.9675661601192, NA, -0.909726857250633, 0.739273363210493, NA, 0.714870755512454, 1.64137061328836, 0.698288863367103, NA, -0.0313222511676057, 1.44466681250668, NA, NA, 0.219864051480973, 1.94033491344691, -0.587106113343583, -0.332130352229078, 0.842553298392613, -0.843711203530543, 1.73901909290861, NA, 0.288811605671292, NA, 0.0903893093482526, 1.07643794398348, NA, NA, 1.29876938567263, -0.459385147547223, 2.03198250146878, NA, NA, NA, NA, 0.270104999053283, NA, 3.1015353221348, 2.24115820293822, NA, 0.21895535121422, 1.27515552872467, 0.382559705790243, 0.861073373169962, -0.626609598930535, 2.99377797682456, 1.98609641231739, NA, NA, -0.257151604763564, 0.595422833158874, 0.47259618632953, 0.561114050243142, 0.994261981222112, 1.04076875587338, 2.50217785433155, NA, 0.793452544957129, NA, 0.702883797557243, -0.461118238534405, -0.0751710410229328, NA, 0.114701254172247, 0.57362270575646, 0.250918873786266, 0.735682266139123, NA, 1.45919765185903, 0.856896733140342, NA, -0.412765264893308, 1.03933425474776, 0.205823061379218, 2.88740120646382, NA, 0.870510665235906, -0.547447474946334, 1.29465142492293, 1.08298546772302, 0.00625509099730415, 2.12639904102054, 0.073617282017354, -0.440525331646989, 1.56040021844312, 0.867069841886403, NA, -0.118596908278193, NA, -0.321028382404852, NA, 0.562008499935967, 2.70851587009722, 1.23065586379942, NA, NA, 0.39986798855482, NA, 1.97395361853023, 0.790403051793828, 0.0629474600553913, 1.10150399812733, NA, 1.20317047831044, 1.33115085582176, 1.87609930523128, 0.466229775863093, 0.4008603720825, 2.20436486121511, 0.922887594008371, NA, NA, 0.284209511897674, NA, NA, 1.53233672786526, -1.02369600597649, 1.34413524075172, NA, -1.41084801680977, NA, 1.0515962296087, NA, 1.49264790480389, -0.865483100676853, 1.25196404952633, NA, 0.82900613892269, -0.650308815879393, -0.567151269669412, 1.9647325719271, 0.698262703836566, 1.43353354425997, NA, 0.390359389365858, -1.77926911368477, NA, NA, NA, 0.838758840245461, 2.15433618172641, 1.49742363559259, NA, 1.65358573932496, 0.592922225477709, -1.27113989047396, 1.46296142996161, 1.56326621295673, 1.63484854955076, -1.10293134234712, -0.20921016010528, 0.483816554423377, 2.49683411755855, 0.033588867260904, -0.305953611333734, 2.90149218151237, 0.551403779104989, 0.679169526373137, -0.242081542646644, NA, 1.9685228258434, -0.538993862876862, 0.684642188367703, 1.4405924212839, NA, 0.12613168119977, -1.94047803344116, 0.344794683470199, 0.974452605993748, 1.34211667771207, -0.946727894803468, -0.0073210562703952, 0.261046225008813, 0.0236554124084457, 1.73380448741626, NA, NA, NA, -0.943814791789227, 1.71765991521378, NA, 0.976411811461339, -0.489006013828694, 1.78980098229146, -1.44738531322105, 0.871497544034312, 0.0232250084638447, 1.21232087619018, -0.561751129030794, 1.73808810894118, -0.313145579251338, -0.582760911192851, 1.43850939270366, 1.71761000901379, NA, 0.17644323334299, NA, 0.364965994873674, -0.837888692220963, 0.64337061946184, 0.673233637279078, NA, -0.466044147055149, NA, NA, NA, NA, 0.829188360488093, 1.33129365994862, 1.50554296906468, 1.76701484121312, 0.815466611026841, NA, NA, NA, NA, 0.977075033668075, NA, NA, -0.921846976310633, NA, -0.532865068419241, 0.349935794949596, 1.25391399690986, -0.0712964809743556, -0.878111109773035, 0.475435101223822, 0.0804658544041729, NA, NA, -0.726263110133705, -0.0831381336534611, 2.01024619702859, 1.43991148213746, -0.0631642271480251, -0.866264099097242, 1.0614203277347, -0.878211755409961, NA, -0.0023765712101651, 0.278601530344559, 1.07485428906759, 1.27983717629028, 0.964166497963462, -0.946064354449951, NA, 0.29862200628746, 1.78654656962631, 0.962868953087281, 0.136034310095572, NA, 1.02774025225585, -0.366110241384226, 0.619852991754357, -0.327988733003581, -0.689365268837933, 0.805165647729438, 0.922415986608172, 1.4799315786956, NA, NA, 0.683263919633159, NA, 1.54167294764648, NA, -0.220169997791546, -0.341554933699371, NA, 1.36211066042585, -1.05005020306449, 1.3979670066596, -0.583537050711767, 0.742302916920281, 1.62982055221394, -0.10832767055122, 1.13995844858685, 0.358485456552434, NA, NA, 1.16103689979026, -1.17585491515511, 0.127596172438223, -1.27348991345451, NA, 0.441637511958055, NA, 0.233306145207731, 0.256324676232257, NA, -0.044139202253379, -0.000468187206585924, 0.881007487204238, NA, -0.0330084543209131, -1.4728963540481, 0.331118399620987, -0.314630762975111, NA, 0.598277152772631, 1.0821204623154, 1.9375036628192, 0.334646602869339, NA, -0.0257924804443093, NA, NA, NA, -0.211394901986431, NA, 1.21751316968438, NA, 1.7205938769088, 2.75921187710945, NA, NA, NA, 1.53928893829232, 2.01128138461841, -1.24004855254226, 0.0300046966333686, -0.842123370460424, 1.76158349453203, 2.3922018288364, NA, NA, NA, NA, NA, 2.10107051002283, -0.608880167893444, 1.28836285778036, NA, -0.784143799706441, 0.403395346843869, NA, NA, -1.1048861821744, -0.532586680680573, NA, 1.80696938023214, NA, 0.601748027281838, NA, -0.0371175974834014, 1.11361232680312, NA, 0.634731692882525, NA, 0.127113964118312, 0.609510002927505, NA, NA, NA, 0.890181218109391, NA, -0.605507991635997, -0.199400487555873, NA, NA, NA, NA, -0.365080644229948, NA, NA, 0.867337593841781, 0.342898589012211, NA, NA, 0.125591936993504, 0.782042279969774, NA, -0.00957828651095294, NA, 1.83319635675643, 0.707397591395781, NA, -0.40058478569947, 0.958794549825617, NA, NA, NA, 0.711792715618918, -0.33355025047127, 1.94603110433002, NA, NA, NA, 0.604190836394502, NA, 0.702108377381984, NA, 0.0795658263314896, -0.0416043784776388, NA, 1.78908832177373, -1.16187124422147, -0.66573397144112, NA, 1.7165081866105, -0.0563689248676529, 0.632276731067282, 0.807351222518952), age = c(-1, 1, -1, 3, 0, -1, 1, 1, 1, 0, 2, 1, -2, -4, 1, -1, 0, 2, 1, 0, 1, 2, 0, -4, 0, 0, -1, -3, -1, 0, 2, 0, 1, 0, -2, 0, -1, 0, 1, 1, -1, 0, 1, 0, -1, -1, 0, 2, 0, 1, 0, -1, 0, -2, 3, 4, -1, -1, 0, -1, 4, -1, 1, -1, -2, 1, -4, 3, 0, 4, 1, -2, 1, -1, -3, 1, -1, -1, 0, -2, -2, -1, 2, -3, 0, 1, 2, -1, 0, 1, -2, 1, 2, 1, 2, 1, -2, -1, -2, -1, -2, 1, -2, 0, -2, 4, 1, 2, 1, 2, -1, -1, 2, -2, -1, -1, -1, -1, 0, -1, 0, 2, 0, 0, 0, 1, 0, -1, -2, -1, 0, -1, 0, -3, 0, -3, 0, 0, -1, -1, -4, 2, -2, -1, -1, -2, 4, 0, -2, -2, 1, 0, 0, -1, -2, -1, 2, -2, -2, 4, 1, 0, 1, 2, -1, 3, 0, -2, -1, 0, 4, 0, 0, -1, 0, -1, 2, 4, 1, 3, -3, 2, 1, -3, 1, 0, 3, -1, -1, -2, 0, 1, -1, 1, -2, -2, 2, -1, 0, -1, 2, 4, 3, 0, -3, 4, 1, 1, 0, 2, 1, 1, 0, -2, 2, 3, 0, -1, 1, 1, -3, 0, 0, 0, -1, 3, -1, -3, 0, 1, -1, -4, 0, 1, 1, 0, 2, -1, 3, 1, 1, 2, 0, -2, 3, -4, 0, 0, 0, 3, 0, 1, 1, -1, 2, 2, -4, 1, 1, 0, 3, 0, 0, 2, 3, 0, -1, -1, 0, -2, -1, 2, -1, 5, 1, 2, -4, 2, -2, 1, 2, 0, 2, 0, 0, -1, -1, 3, 2, 3, 0, 2, 1, -2, 3, 0, 1, 2, 1, -1, 2, -2, 4, -1, 4, 2, 0, 1, -2, 0, 3, 1, 0, -1, 0, 3, 0, 0, -1, 2, 3, 3, 2, -2, 1, 1, 0, 0, -2, 2, 0, -2, -1, 3, 0, 1, 1, 1, 0, 0, 1, -2, 0, 0, -3, -2, 2, 0, 1, 3, 3, 2, 0, -1, 3, 2, -2, 0, -3, -1, -5, 2, -1, -1, 0, 2, 2, 1, -1, -2, -1, 1, -2, 1, -2, 0, 1, 1, 1, 4, 1, 3, -1, 0, 2, 1, -3, 0, -2, -1, 2, 2, 2, 1, 0, -1, 4, 0, 0, 1, 2, 4, -1, 0, 0, -1, 0, -1, 2, 0, -1, 2, 2, -2, 0, 2, 2, 0, -3, 4, 3, -1, 0, -3, 2, 3, -2, -1, -1, 0, -4, 2, -3, 1, 1, -1, 1, 0, -1, 1, 0, 3, 1, 1, 0, -4, -3, 0, 1, -4, 1, -1, -2, -3, -2, 1, 1, -3, -1, 1, 0, 3, 2, 2, 0, 1, -1, 1, 3, 2, -1, -3, 1, 1, 2, -3, 0, 1, 3, 0, -1, -1, -1, -1, 5, 4, 0, -2, -3, 2, -2, 5, -1, 1, 6, -2, 1, -1, 1, -2, 1, 0, -1, 1, 2, 2, -3, 0, 2, -1, -5, -1, -1, 0, -1, 0, -1, 1, 0, 2, -1, 1, -2, 0, -1, -3, 0, 3, 2, 0, -2, 2, 0, 0, 2, -2, 1, 2, 1, -1, 0, 0, 1, 0, 2, -1, -2, 1, -4, 1, 0, 0, -1, -1, 2, -2, -4, 1, -1, 0, -2, 1, 1, -1, 0, 1, 0, 0, -1, 1, -1, 1, 2, -1, 2, 2, 1, 4, -4, -1, -3, 1, 3, 3, 0, 2, -1, 1, 1, -2, 0, -1, 2, -1, -3, 1, -2, 0, 1, -2, 0, 4, 1, 2, 0, -1, -2, 1, 4, 1, 1, 1, 1, -2, 5, 1, 1, -3, 1, 1, 0, -2, 4, 4, 3, -2, 2, 1, 1, 3, -2, 0, 0, 1, -1, -1, 3, 2, -1, 2, -3, 1, 2, 0, 1, -2, 2, -3, 0, 0, 2, 0, 5, -1, 2, -4, 0, 2, 0, 3, 1, 2, 0, -1, -3, 0, -1, 2, 1, 4, -1, 3, -1, -2, 1, -1, 0, 0, 1, -1, 3, -1, 1, 1, -1, 1, 0, 2, 3, -1, 3, 0, -3, 0, 2, 2, -3, 1, 2, 1, 0, 4, 0, 0, -1, -2, -3, 0, 2, 3, 3, 2, 1, -1, 0, -4, 1, 4, 1, 2, 2, 0, 3, 0, -1, 1, -2, 3, 1, 0, -1, 2, -2, -2, 1, -1, 3, 1, 2, 2, -3, -2, 2, 1, -1, -2, 3, 0, 4, 3, -2, -1, -1, 2, -1, -3, 5, 3, 3, -1, 1, 1, -1, 0, 0, 4, 1, 3, 1, -1, -1, -2, 2, 4, 0, -1, 3, 0, 0, 2, 0, 3, -1, 1, 3, -1, 2, 0, 2, 0, 0, 2, 0, 2, 1, -1, 0, -1, -3, 2, -3, -4, 1, -1, -1, -1, 0, 2, 2, -3, 0, 2, 0, -5, -1, 3, 2, -3, -4, 0, -1, 2, 0, 0, 1, 0, -3, 3, -3, -1, -1, 3, 1, -2, 0, 2, 3, 0, -2, -2, 3, -4, 5, -1, -1, 0, 2, 1, -4, 1, 0, 0, -2, -5, 0, -2, -2, -2, -1, -1, 1, 1, -2, -1, 0, 3, -1, -3, 0, 0, 3, 1, -2, 0, -2, 1, 1, 2, 1, 0, -1, 1, -1, 1, 2, 3, -1, 2, -1, 1, 1, 0, 3, -2, 0, 0, -2, 2, -3, -1, -2, 1, 1, -1, 2, -2, 2, 1, 2, -2, 1, 0, -3, 0, 4, -1, 0, 2, 0, 4, 2, 4, 0, -1, 1, -2, -1, 1, 2, 1, 2, 2, 1, -4, 2, 4, 1, -2, 0, -2, 0, 1, 1, 0, -2, 2, 3, 5, -1, 1, 3, 1, 1, 0, 0, 1, 2, 1, 0, -4, -1, 1, -3, 5, -2, -1, 3, -3, 1, 0, 1, 2, -1, -1, -4, -1, 1, 2, 4, 0, 1, 0, 0, 1, 1, 0, -2, 0, 2, 1, 0, 0, 2, 3, 0, 0, -2, 0, -2, 0), sex = c(2L, 2L, 2L, 2L, 1L, 2L, 2L, 1L, 2L, 2L, 1L, 2L, 1L, 1L, 1L, 1L, 2L, 2L, 1L, 1L, 1L, 2L, 1L, 1L, 1L, 2L, 1L, 1L, 1L, 1L, 1L, 2L, 2L, 2L, 2L, 2L, 1L, 2L, 1L, 1L, 1L, 2L, 1L, 1L, 2L, 2L, 1L, 2L, 2L, 1L, 1L, 2L, 1L, 2L, 2L, 2L, 1L, 2L, 1L, 1L, 1L, 1L, 1L, 1L, 1L, 2L, 1L, 2L, 1L, 2L, 2L, 1L, 2L, 2L, 1L, 2L, 1L, 1L, 1L, 1L, 1L, 1L, 2L, 1L, 1L, 2L, 2L, 1L, 1L, 2L, 1L, 1L, 2L, 1L, 1L, 2L, 2L, 2L, 2L, 1L, 1L, 2L, 1L, 1L, 1L, 2L, 1L, 2L, 2L, 1L, 2L, 1L, 1L, 1L, 1L, 1L, 1L, 1L, 1L, 1L, 2L, 1L, 2L, 2L, 2L, 1L, 2L, 1L, 1L, 1L, 1L, 2L, 1L, 1L, 1L, 1L, 2L, 2L, 2L, 1L, 1L, 1L, 2L, 1L, 2L, 1L, 2L, 1L, 2L, 2L, 2L, 2L, 2L, 2L, 2L, 2L, 2L, 1L, 2L, 2L, 2L, 2L, 1L, 2L, 2L, 1L, 2L, 2L, 1L, 1L, 2L, 1L, 1L, 1L, 2L, 1L, 2L, 2L, 1L, 2L, 1L, 2L, 2L, 1L, 2L, 2L, 2L, 2L, 1L, 1L, 2L, 2L, 2L, 1L, 2L, 1L, 1L, 2L, 1L, 1L, 2L, 2L, 1L, 2L, 2L, 1L, 1L, 1L, 1L, 2L, 2L, 1L, 2L, 1L, 1L, 1L, 2L, 2L, 1L, 2L, 1L, 1L, 2L, 2L, 2L, 1L, 1L, 1L, 1L, 2L, 2L, 2L, 2L, 1L, 2L, 1L, 2L, 2L, 2L, 2L, 1L, 1L, 1L, 1L, 2L, 1L, 2L, 2L, 1L, 2L, 1L, 1L, 2L, 1L, 2L, 1L, 1L, 1L, 1L, 2L, 2L, 2L, 2L, 2L, 1L, 1L, 1L, 2L, 2L, 1L, 1L, 2L, 2L, 2L, 2L, 1L, 1L, 2L, 1L, 1L, 2L, 2L, 1L, 2L, 2L, 2L, 1L, 2L, 2L, 2L, 2L, 2L, 2L, 2L, 1L, 1L, 1L, 1L, 2L, 1L, 2L, 1L, 2L, 1L, 2L, 1L, 1L, 1L, 1L, 1L, 2L, 2L, 2L, 1L, 1L, 2L, 2L, 1L, 2L, 2L, 2L, 2L, 2L, 2L, 1L, 1L, 2L, 1L, 1L, 2L, 2L, 2L, 1L, 2L, 2L, 1L, 1L, 2L, 2L, 2L, 1L, 1L, 1L, 2L, 2L, 2L, 2L, 1L, 1L, 1L, 2L, 2L, 1L, 1L, 1L, 2L, 1L, 1L, 1L, 1L, 1L, 1L, 1L, 1L, 1L, 2L, 2L, 1L, 1L, 2L, 1L, 2L, 1L, 2L, 1L, 1L, 2L, 2L, 2L, 2L, 1L, 2L, 2L, 1L, 1L, 2L, 2L, 1L, 2L, 2L, 1L, 2L, 1L, 2L, 1L, 2L, 2L, 1L, 2L, 1L, 1L, 2L, 1L, 2L, 2L, 1L, 2L, 1L, 1L, 2L, 1L, 2L, 1L, 1L, 2L, 2L, 1L, 2L, 1L, 2L, 2L, 1L, 1L, 1L, 2L, 1L, 2L, 2L, 1L, 2L, 1L, 2L, 1L, 2L, 1L, 1L, 1L, 1L, 1L, 1L, 2L, 1L, 2L, 1L, 1L, 2L, 1L, 2L, 2L, 1L, 1L, 1L, 1L, 1L, 2L, 2L, 1L, 2L, 2L, 1L, 2L, 1L, 1L, 2L, 1L, 2L, 1L, 1L, 2L, 1L, 2L, 1L, 2L, 1L, 1L, 1L, 1L, 2L, 2L, 1L, 1L, 2L, 1L, 1L, 2L, 1L, 2L, 1L, 2L, 2L, 1L, 2L, 2L, 2L, 1L, 1L, 2L, 2L, 2L, 1L, 2L, 2L, 2L, 2L, 2L, 1L, 1L, 2L, 1L, 2L, 1L, 2L, 2L, 1L, 1L, 1L, 1L, 2L, 2L, 1L, 2L, 2L, 1L, 1L, 1L, 1L, 2L, 2L, 2L, 1L, 2L, 1L, 1L, 2L, 1L, 1L, 2L, 1L, 1L, 1L, 2L, 1L, 2L, 1L, 1L, 1L, 1L, 2L, 1L, 2L, 1L, 2L, 2L, 1L, 1L, 1L, 1L, 1L, 1L, 2L, 2L, 2L, 1L, 1L, 2L, 1L, 2L, 2L, 2L, 1L, 2L, 1L, 2L, 1L, 2L, 2L, 1L, 2L, 1L, 2L, 1L, 2L, 2L, 2L, 1L, 2L, 1L, 2L, 2L, 1L, 2L, 1L, 1L, 2L, 2L, 1L, 1L, 2L, 1L, 1L, 1L, 2L, 1L, 2L, 1L, 2L, 1L, 2L, 1L, 1L, 1L, 1L, 2L, 1L, 1L, 2L, 2L, 1L, 2L, 2L, 1L, 2L, 2L, 2L, 2L, 1L, 1L, 2L, 2L, 1L, 1L, 1L, 2L, 2L, 2L, 1L, 2L, 2L, 1L, 2L, 2L, 2L, 1L, 2L, 2L, 1L, 1L, 1L, 1L, 1L, 2L, 2L, 2L, 2L, 2L, 2L, 1L, 2L, 2L, 2L, 1L, 1L, 2L, 1L, 1L, 1L, 2L, 1L, 1L, 1L, 2L, 2L, 1L, 1L, 1L, 2L, 2L, 2L, 1L, 1L, 2L, 2L, 1L, 1L, 1L, 2L, 2L, 1L, 1L, 1L, 2L, 1L, 1L, 2L, 2L, 2L, 2L, 1L, 1L, 2L, 2L, 1L, 1L, 1L, 2L, 1L, 1L, 2L, 1L, 1L, 1L, 1L, 2L, 2L, 1L, 1L, 2L, 2L, 2L, 1L, 2L, 2L, 1L, 1L, 2L, 2L, 2L, 2L, 1L, 2L, 1L, 1L, 1L, 1L, 1L, 1L, 2L, 2L, 1L, 2L, 2L, 1L, 1L, 1L, 2L, 1L, 2L, 2L, 2L, 1L, 1L, 1L, 2L, 2L, 2L, 1L, 2L, 2L, 2L, 1L, 2L, 1L, 2L, 1L, 1L, 2L, 1L, 2L, 2L, 2L, 1L, 2L, 1L, 2L, 1L, 2L, 2L, 1L, 2L, 1L, 2L, 2L, 1L, 1L, 2L, 2L, 2L, 1L, 2L, 2L, 1L, 1L, 1L, 1L, 2L, 2L, 1L, 2L, 2L, 1L, 1L, 1L, 1L, 1L, 2L, 1L, 2L, 2L, 2L, 2L, 1L, 2L, 1L, 1L, 1L, 1L, 2L, 2L, 1L, 1L, 1L, 2L, 1L, 2L, 2L, 1L, 1L, 1L, 1L, 1L, 2L, 2L, 1L, 1L, 1L, 2L, 1L, 1L, 1L, 1L, 1L, 1L, 1L, 1L, 1L, 1L, 2L, 2L, 1L, 2L, 1L, 1L, 1L, 1L, 2L, 1L, 1L, 1L, 1L, 1L, 1L, 1L, 1L, 1L, 1L, 2L, 1L, 2L, 1L, 2L, 2L, 2L, 1L, 2L, 1L, 2L, 2L, 2L, 2L, 2L, 2L, 2L, 1L, 2L, 2L, 2L, 2L, 1L, 2L, 2L, 2L, 2L, 2L, 1L, 1L, 2L, 1L, 2L, 2L, 2L, 2L, 2L, 2L, 2L, 2L, 1L, 2L, 2L, 2L, 1L, 2L, 2L, 1L, 1L, 2L, 1L, 1L, 2L, 1L, 2L, 2L, 1L, 1L, 2L, 1L, 1L, 2L, 2L, 2L, 2L, 2L, 2L, 2L, 1L, 2L, 1L, 2L, 1L, 2L, 1L, 1L, 1L, 1L, 1L, 1L, 2L, 2L, 2L, 1L, 1L, 2L, 2L, 1L, 1L, 1L, 2L, 1L, 1L, 2L, 1L, 2L, 2L, 2L, 2L, 2L, 2L, 2L, 2L, 1L, 2L, 1L, 2L, 2L, 1L, 2L, 2L, 1L, 2L, 2L, 1L, 1L, 1L, 2L, 1L, 1L, 1L, 1L, 1L, 2L, 1L, 2L, 2L, 2L, 2L, 1L, 2L, 1L, 2L, 2L, 2L), social = c(1L, 1L, NA, 2L, 4L, 1L, 1L, 1L, NA, 1L, 1L, 1L, 2L, 1L, 1L, 2L, 4L, 4L, 4L, 3L, 1L, 1L, 1L, 3L, 2L, 4L, 4L, 3L, 4L, 2L, 1L, 4L, 1L, 1L, 2L, 2L, 2L, 3L, NA, 1L, 1L, 4L, 1L, 4L, 3L, 2L, 1L, 2L, 1L, 2L, 2L, 1L, 1L, 3L, 3L, NA, 3L, 4L, 3L, 1L, 2L, 3L, 1L, 4L, 1L, 1L, 1L, 1L, 1L, NA, 1L, 4L, 1L, 1L, 3L, 2L, 4L, 1L, NA, 2L, 3L, 1L, 2L, 1L, 1L, 1L, 3L, 1L, 1L, 1L, 3L, NA, 1L, 1L, 1L, 4L, 2L, 1L, 4L, 4L, 1L, 1L, 2L, 2L, 1L, 1L, 2L, 4L, 3L, 1L, 1L, 2L, 1L, 1L, 1L, 1L, 2L, 1L, 1L, 1L, 1L, 1L, 2L, 1L, 3L, 1L, 3L, 1L, 1L, 2L, 1L, 1L, 1L, 1L, 2L, 1L, 4L, 4L, 3L, 1L, 1L, 1L, 2L, 3L, 1L, 1L, 1L, 1L, 1L, 4L, 4L, 2L, 3L, 2L, 2L, 1L, NA, 3L, 1L, NA, 1L, 3L, 1L, 2L, 2L, 1L, 1L, 1L, NA, 1L, 2L, 1L, 1L, 2L, 3L, 3L, 1L, 2L, 1L, 1L, NA, 2L, 1L, 1L, 1L, 3L, 1L, 2L, 3L, 1L, 3L, 1L, 1L, 1L, 2L, 2L, 1L, 1L, 1L, 2L, 2L, 1L, 1L, 1L, 1L, 2L, 4L, 1L, 1L, 1L, NA, 1L, 1L, 1L, 2L, 3L, 1L, 4L, 3L, 2L, 1L, 3L, 1L, 1L, 1L, 1L, 4L, 2L, 3L, 1L, NA, 4L, 1L, 1L, 2L, 1L, NA, 1L, 1L, 1L, 1L, NA, 1L, 4L, 1L, 2L, 2L, 1L, 1L, 1L, 1L, 1L, 3L, 1L, 1L, 1L, 1L, 1L, 1L, 1L, 2L, 1L, 2L, 2L, 4L, 2L, NA, 1L, 4L, 3L, 3L, 4L, 1L, 1L, 3L, 3L, 4L, 1L, 2L, 2L, NA, 1L, 3L, 3L, 1L, 1L, 1L, 2L, 1L, 1L, 3L, 4L, 4L, 1L, 3L, 1L, 1L, 1L, 1L, 1L, 3L, 3L, 1L, 4L, 3L, 2L, 1L, 1L, 1L, 2L, 2L, 1L, 1L, 1L, 2L, 1L, 1L, 2L, 4L, 3L, 3L, 3L, 3L, 4L, 3L, 1L, 3L, 2L, 2L, 4L, 1L, 1L, 2L, 2L, 1L, 1L, 2L, 3L, 3L, 3L, 1L, 2L, 1L, NA, NA, 3L, 2L, NA, 2L, 2L, 2L, 2L, 3L, 3L, 1L, 2L, 4L, 1L, 1L, 2L, 4L, 1L, 2L, NA, 3L, 2L, 4L, 1L, 1L, 2L, 1L, 1L, 2L, 3L, 3L, 3L, 3L, 3L, 3L, 3L, 1L, 1L, 1L, 1L, 3L, 1L, 2L, 1L, 3L, 3L, 2L, 2L, 1L, 3L, 1L, 2L, 2L, 2L, 3L, 1L, 3L, 2L, 2L, 2L, 2L, 2L, 2L, 2L, 2L, 2L, NA, 3L, 3L, 3L, 2L, 2L, 2L, 3L, 3L, 3L, 3L, 2L, 3L, 3L, 3L, 1L, 4L, 3L, 2L, 2L, 2L, 3L, 3L, NA, 3L, 2L, 3L, 2L, 3L, 2L, 3L, 2L, 1L, 2L, NA, 2L, 3L, 2L, 2L, 1L, 4L, 2L, 3L, 2L, 2L, 1L, 3L, 3L, 3L, 3L, 2L, 3L, 2L, 2L, 2L, 3L, 4L, 3L, 2L, 4L, 2L, 4L, 1L, 2L, 3L, 2L, 3L, NA, 2L, 2L, 2L, 1L, NA, 2L, 2L, 2L, 2L, 2L, 1L, 2L, 1L, 1L, 2L, 3L, 3L, 1L, 1L, 3L, 1L, 1L, 3L, NA, 3L, 2L, NA, 2L, 3L, NA, 4L, 3L, 4L, 1L, 4L, 4L, 1L, 2L, 1L, 3L, 4L, 3L, 4L, 4L, 3L, 4L, 4L, 4L, 1L, 2L, 4L, 3L, 4L, 3L, 1L, 1L, NA, 4L, 1L, 3L, 4L, 1L, 1L, 2L, 4L, 2L, 2L, 4L, 4L, 2L, 3L, 1L, NA, 4L, 3L, 2L, 3L, 4L, 3L, 1L, 4L, 4L, 4L, NA, 4L, 3L, 4L, 4L, NA, 2L, 3L, 4L, 4L, 4L, 1L, 4L, 4L, 4L, 3L, 1L, 2L, 4L, 2L, 3L, NA, 4L, 3L, NA, 2L, 3L, 4L, 2L, 1L, 4L, 2L, 3L, 4L, 4L, 3L, 2L, 2L, 4L, 1L, 2L, 4L, 1L, 2L, 3L, 4L, 3L, 1L, 4L, 3L, 4L, NA, 2L, 1L, 3L, 2L, 4L, 4L, NA, 2L, 2L, 2L, 1L, 4L, 2L, 3L, 2L, 4L, 4L, 4L, 4L, 3L, 4L, 4L, NA, 2L, 4L, 4L, 4L, 3L, 2L, 2L, 3L, 3L, 4L, 2L, 1L, 3L, 2L, 1L, NA, 4L, 2L, 4L, 3L, 2L, 1L, 4L, 1L, 4L, 2L, 4L, 4L, 4L, 1L, 4L, 1L, 3L, 3L, 4L, 3L, NA, 1L, 1L, 2L, 1L, 1L, NA, 3L, 2L, 3L, 4L, 3L, 4L, 4L, 2L, 2L, 3L, 4L, 2L, 1L, 4L, 3L, 2L, 4L, 4L, 2L, 1L, 4L, 3L, 2L, 2L, 3L, 4L, 4L, 1L, 1L, 4L, 4L, 3L, 4L, 2L, 3L, 1L, NA, 4L, 3L, 4L, 2L, 4L, 3L, 3L, 3L, NA, 4L, 3L, 3L, 2L, 3L, 3L, 4L, 2L, 3L, 3L, 4L, 3L, 4L, 1L, 3L, 3L, 3L, 2L, 3L, 1L, 3L, 2L, 3L, 4L, 4L, 3L, 2L, 1L, 1L, 3L, 3L, 2L, 4L, 2L, 3L, 2L, 3L, 4L, NA, 3L, 3L, 3L, NA, 4L, 3L, 1L, 1L, 1L, 3L, 3L, 1L, 3L, 1L, NA, 4L, 4L, 4L, 2L, 2L, 1L, 3L, 2L, 2L, 2L, NA, 4L, 4L, 2L, 3L, 4L, 3L, 2L, 3L, 3L, 4L, 3L, 3L, 2L, 3L, 2L, 3L, 2L, 3L, 4L, 2L, 2L, 2L, 2L, 3L, 1L, 3L, 1L, 3L, NA, 2L, 3L, 3L, 3L, 1L, 3L, 1L, 1L, 3L, 2L, 4L, 1L, 2L, 1L, 2L, 2L, 3L, 3L, 1L, 3L, 1L, 3L, 1L, 3L, 3L, 2L, 3L, 3L, NA, 4L, 1L, 1L, 3L, 1L, 3L, 1L, 4L, 1L, 4L, 1L, 1L, 4L, 2L, 2L, 2L, 2L, 3L, 3L, 1L, 4L, 2L, 2L, 2L, 4L, 2L, 3L, 4L, 4L, 2L, 2L, 3L, 2L, 2L, 3L, 4L, 3L, 3L, 1L, 3L, 3L, 1L, NA, 2L, 1L, NA, 2L, 1L, 2L, 3L, 4L, 1L, 1L, 1L, 1L, NA, 1L, 1L, 1L, 1L, 2L, 1L, 2L, 1L, NA, 1L, 2L, 1L, 1L, 2L, 1L, NA, 3L, 4L, 1L, 3L, 2L, 1L, 1L, 4L, 1L, 1L, 3L, 2L, 2L, 1L, 2L, 2L, 1L, 3L, 2L, 3L, 1L, 1L, 1L, 1L, 1L, 1L, 1L, 1L, 1L, 2L, 1L, 1L, 1L, 2L, 1L, 1L, 3L, 1L, 3L, 1L, 1L, 1L, 1L, 3L, 1L, 1L, 1L, 1L, 1L, 3L, 2L, 2L, NA, 2L, 4L, 2L, 3L, 1L, 3L, NA, NA, 4L, 1L, 1L, 4L, 3L, 2L, 3L, 3L, 3L, 1L, 3L, 3L, 1L, 1L, 1L, 1L, 2L, 3L, 4L), city = c(0, 0, 0, 0, 0, 0, 0, 0, 0, 0, 0, 0, 0, 0, 0, 0, 0, 0, 0, 0, 0, 0, 0, 0, 0, 0, 0, 0, 0, 0, 0, 0, 0, 0, 0, 0, 0, 0, 0, 0, 0, 0, 0, 0, 0, 0, 0, 0, 0, 0, 0, 0, 0, 0, 0, 0, 0, 0, 0, 0, 0, 0, 0, 0, 0, 0, 0, 0, 0, 0, 0, 0, 0, 0, 0, 0, 0, 0, 0, 0, 0, 0, 0, 0, 0, 0, 0, 0, 0, 0, 0, 0, 0, 0, 0, 0, 0, 0, 0, 0, 1, 1, 1, 1, 1, 1, 1, 1, 1, 1, 1, 1, 1, 1, 1, 1, 1, 1, 1, 1, 1, 1, 1, 1, 1, 1, 1, 1, 1, 1, 1, 1, 1, 1, 1, 1, 1, 1, 1, 1, 1, 1, 1, 1, 1, 1, 1, 1, 1, 1, 1, 1, 1, 1, 1, 1, 1, 1, 1, 1, 1, 1, 1, 1, 1, 1, 1, 1, 1, 1, 1, 1, 1, 1, 1, 1, 1, 1, 1, 1, 1, 1, 1, 1, 1, 1, 1, 1, 1, 1, 1, 1, 1, 1, 1, 1, 1, 1, 1, 1, 2, 2, 2, 2, 2, 2, 2, 2, 2, 2, 2, 2, 2, 2, 2, 2, 2, 2, 2, 2, 2, 2, 2, 2, 2, 2, 2, 2, 2, 2, 2, 2, 2, 2, 2, 2, 2, 2, 2, 2, 2, 2, 2, 2, 2, 2, 2, 2, 2, 2, 2, 2, 2, 2, 2, 2, 2, 2, 2, 2, 2, 2, 2, 2, 2, 2, 2, 2, 2, 2, 2, 2, 2, 2, 2, 2, 2, 2, 2, 2, 2, 2, 2, 2, 2, 2, 2, 2, 2, 2, 2, 2, 2, 2, 2, 2, 2, 2, 2, 2, 3, 3, 3, 3, 3, 3, 3, 3, 3, 3, 3, 3, 3, 3, 3, 3, 3, 3, 3, 3, 3, 3, 3, 3, 3, 3, 3, 3, 3, 3, 3, 3, 3, 3, 3, 3, 3, 3, 3, 3, 3, 3, 3, 3, 3, 3, 3, 3, 3, 3, 3, 3, 3, 3, 3, 3, 3, 3, 3, 3, 3, 3, 3, 3, 3, 3, 3, 3, 3, 3, 3, 3, 3, 3, 3, 3, 3, 3, 3, 3, 3, 3, 3, 3, 3, 3, 3, 3, 3, 3, 3, 3, 3, 3, 3, 3, 3, 3, 3, 3, 4, 4, 4, 4, 4, 4, 4, 4, 4, 4, 4, 4, 4, 4, 4, 4, 4, 4, 4, 4, 4, 4, 4, 4, 4, 4, 4, 4, 4, 4, 4, 4, 4, 4, 4, 4, 4, 4, 4, 4, 4, 4, 4, 4, 4, 4, 4, 4, 4, 4, 4, 4, 4, 4, 4, 4, 4, 4, 4, 4, 4, 4, 4, 4, 4, 4, 4, 4, 4, 4, 4, 4, 4, 4, 4, 4, 4, 4, 4, 4, 4, 4, 4, 4, 4, 4, 4, 4, 4, 4, 4, 4, 4, 4, 4, 4, 4, 4, 4, 4, 5, 5, 5, 5, 5, 5, 5, 5, 5, 5, 5, 5, 5, 5, 5, 5, 5, 5, 5, 5, 5, 5, 5, 5, 5, 5, 5, 5, 5, 5, 5, 5, 5, 5, 5, 5, 5, 5, 5, 5, 5, 5, 5, 5, 5, 5, 5, 5, 5, 5, 5, 5, 5, 5, 5, 5, 5, 5, 5, 5, 5, 5, 5, 5, 5, 5, 5, 5, 5, 5, 5, 5, 5, 5, 5, 5, 5, 5, 5, 5, 5, 5, 5, 5, 5, 5, 5, 5, 5, 5, 5, 5, 5, 5, 5, 5, 5, 5, 5, 5, 6, 6, 6, 6, 6, 6, 6, 6, 6, 6, 6, 6, 6, 6, 6, 6, 6, 6, 6, 6, 6, 6, 6, 6, 6, 6, 6, 6, 6, 6, 6, 6, 6, 6, 6, 6, 6, 6, 6, 6, 6, 6, 6, 6, 6, 6, 6, 6, 6, 6, 6, 6, 6, 6, 6, 6, 6, 6, 6, 6, 6, 6, 6, 6, 6, 6, 6, 6, 6, 6, 6, 6, 6, 6, 6, 6, 6, 6, 6, 6, 6, 6, 6, 6, 6, 6, 6, 6, 6, 6, 6, 6, 6, 6, 6, 6, 6, 6, 6, 6, 7, 7, 7, 7, 7, 7, 7, 7, 7, 7, 7, 7, 7, 7, 7, 7, 7, 7, 7, 7, 7, 7, 7, 7, 7, 7, 7, 7, 7, 7, 7, 7, 7, 7, 7, 7, 7, 7, 7, 7, 7, 7, 7, 7, 7, 7, 7, 7, 7, 7, 7, 7, 7, 7, 7, 7, 7, 7, 7, 7, 7, 7, 7, 7, 7, 7, 7, 7, 7, 7, 7, 7, 7, 7, 7, 7, 7, 7, 7, 7, 7, 7, 7, 7, 7, 7, 7, 7, 7, 7, 7, 7, 7, 7, 7, 7, 7, 7, 7, 7, 8, 8, 8, 8, 8, 8, 8, 8, 8, 8, 8, 8, 8, 8, 8, 8, 8, 8, 8, 8, 8, 8, 8, 8, 8, 8, 8, 8, 8, 8, 8, 8, 8, 8, 8, 8, 8, 8, 8, 8, 8, 8, 8, 8, 8, 8, 8, 8, 8, 8, 8, 8, 8, 8, 8, 8, 8, 8, 8, 8, 8, 8, 8, 8, 8, 8, 8, 8, 8, 8, 8, 8, 8, 8, 8, 8, 8, 8, 8, 8, 8, 8, 8, 8, 8, 8, 8, 8, 8, 8, 8, 8, 8, 8, 8, 8, 8, 8, 8, 8, 9, 9, 9, 9, 9, 9, 9, 9, 9, 9, 9, 9, 9, 9, 9, 9, 9, 9, 9, 9, 9, 9, 9, 9, 9, 9, 9, 9, 9, 9, 9, 9, 9, 9, 9, 9, 9, 9, 9, 9, 9, 9, 9, 9, 9, 9, 9, 9, 9, 9, 9, 9, 9, 9, 9, 9, 9, 9, 9, 9, 9, 9, 9, 9, 9, 9, 9, 9, 9, 9, 9, 9, 9, 9, 9, 9, 9, 9, 9, 9, 9, 9, 9, 9, 9, 9, 9, 9, 9, 9, 9, 9, 9, 9, 9, 9, 9, 9, 9, 9), id = c(1, 2, 3, 4, 5, 6, 7, 8, 9, 10, 11, 12, 13, 14, 15, 16, 17, 18, 19, 20, 21, 22, 23, 24, 25, 26, 27, 28, 29, 30, 31, 32, 33, 34, 35, 36, 37, 38, 39, 40, 41, 42, 43, 44, 45, 46, 47, 48, 49, 50, 51, 52, 53, 54, 55, 56, 57, 58, 59, 60, 61, 62, 63, 64, 65, 66, 67, 68, 69, 70, 71, 72, 73, 74, 75, 76, 77, 78, 79, 80, 81, 82, 83, 84, 85, 86, 87, 88, 89, 90, 91, 92, 93, 94, 95, 96, 97, 98, 99, 100, 1, 2, 3, 4, 5, 6, 7, 8, 9, 10, 11, 12, 13, 14, 15, 16, 17, 18, 19, 20, 21, 22, 23, 24, 25, 26, 27, 28, 29, 30, 31, 32, 33, 34, 35, 36, 37, 38, 39, 40, 41, 42, 43, 44, 45, 46, 47, 48, 49, 50, 51, 52, 53, 54, 55, 56, 57, 58, 59, 60, 61, 62, 63, 64, 65, 66, 67, 68, 69, 70, 71, 72, 73, 74, 75, 76, 77, 78, 79, 80, 81, 82, 83, 84, 85, 86, 87, 88, 89, 90, 91, 92, 93, 94, 95, 96, 97, 98, 99, 100, 1, 2, 3, 4, 5, 6, 7, 8, 9, 10, 11, 12, 13, 14, 15, 16, 17, 18, 19, 20, 21, 22, 23, 24, 25, 26, 27, 28, 29, 30, 31, 32, 33, 34, 35, 36, 37, 38, 39, 40, 41, 42, 43, 44, 45, 46, 47, 48, 49, 50, 51, 52, 53, 54, 55, 56, 57, 58, 59, 60, 61, 62, 63, 64, 65, 66, 67, 68, 69, 70, 71, 72, 73, 74, 75, 76, 77, 78, 79, 80, 81, 82, 83, 84, 85, 86, 87, 88, 89, 90, 91, 92, 93, 94, 95, 96, 97, 98, 99, 100, 1, 2, 3, 4, 5, 6, 7, 8, 9, 10, 11, 12, 13, 14, 15, 16, 17, 18, 19, 20, 21, 22, 23, 24, 25, 26, 27, 28, 29, 30, 31, 32, 33, 34, 35, 36, 37, 38, 39, 40, 41, 42, 43, 44, 45, 46, 47, 48, 49, 50, 51, 52, 53, 54, 55, 56, 57, 58, 59, 60, 61, 62, 63, 64, 65, 66, 67, 68, 69, 70, 71, 72, 73, 74, 75, 76, 77, 78, 79, 80, 81, 82, 83, 84, 85, 86, 87, 88, 89, 90, 91, 92, 93, 94, 95, 96, 97, 98, 99, 100, 1, 2, 3, 4, 5, 6, 7, 8, 9, 10, 11, 12, 13, 14, 15, 16, 17, 18, 19, 20, 21, 22, 23, 24, 25, 26, 27, 28, 29, 30, 31, 32, 33, 34, 35, 36, 37, 38, 39, 40, 41, 42, 43, 44, 45, 46, 47, 48, 49, 50, 51, 52, 53, 54, 55, 56, 57, 58, 59, 60, 61, 62, 63, 64, 65, 66, 67, 68, 69, 70, 71, 72, 73, 74, 75, 76, 77, 78, 79, 80, 81, 82, 83, 84, 85, 86, 87, 88, 89, 90, 91, 92, 93, 94, 95, 96, 97, 98, 99, 100, 1, 2, 3, 4, 5, 6, 7, 8, 9, 10, 11, 12, 13, 14, 15, 16, 17, 18, 19, 20, 21, 22, 23, 24, 25, 26, 27, 28, 29, 30, 31, 32, 33, 34, 35, 36, 37, 38, 39, 40, 41, 42, 43, 44, 45, 46, 47, 48, 49, 50, 51, 52, 53, 54, 55, 56, 57, 58, 59, 60, 61, 62, 63, 64, 65, 66, 67, 68, 69, 70, 71, 72, 73, 74, 75, 76, 77, 78, 79, 80, 81, 82, 83, 84, 85, 86, 87, 88, 89, 90, 91, 92, 93, 94, 95, 96, 97, 98, 99, 100, 1, 2, 3, 4, 5, 6, 7, 8, 9, 10, 11, 12, 13, 14, 15, 16, 17, 18, 19, 20, 21, 22, 23, 24, 25, 26, 27, 28, 29, 30, 31, 32, 33, 34, 35, 36, 37, 38, 39, 40, 41, 42, 43, 44, 45, 46, 47, 48, 49, 50, 51, 52, 53, 54, 55, 56, 57, 58, 59, 60, 61, 62, 63, 64, 65, 66, 67, 68, 69, 70, 71, 72, 73, 74, 75, 76, 77, 78, 79, 80, 81, 82, 83, 84, 85, 86, 87, 88, 89, 90, 91, 92, 93, 94, 95, 96, 97, 98, 99, 100, 1, 2, 3, 4, 5, 6, 7, 8, 9, 10, 11, 12, 13, 14, 15, 16, 17, 18, 19, 20, 21, 22, 23, 24, 25, 26, 27, 28, 29, 30, 31, 32, 33, 34, 35, 36, 37, 38, 39, 40, 41, 42, 43, 44, 45, 46, 47, 48, 49, 50, 51, 52, 53, 54, 55, 56, 57, 58, 59, 60, 61, 62, 63, 64, 65, 66, 67, 68, 69, 70, 71, 72, 73, 74, 75, 76, 77, 78, 79, 80, 81, 82, 83, 84, 85, 86, 87, 88, 89, 90, 91, 92, 93, 94, 95, 96, 97, 98, 99, 100, 1, 2, 3, 4, 5, 6, 7, 8, 9, 10, 11, 12, 13, 14, 15, 16, 17, 18, 19, 20, 21, 22, 23, 24, 25, 26, 27, 28, 29, 30, 31, 32, 33, 34, 35, 36, 37, 38, 39, 40, 41, 42, 43, 44, 45, 46, 47, 48, 49, 50, 51, 52, 53, 54, 55, 56, 57, 58, 59, 60, 61, 62, 63, 64, 65, 66, 67, 68, 69, 70, 71, 72, 73, 74, 75, 76, 77, 78, 79, 80, 81, 82, 83, 84, 85, 86, 87, 88, 89, 90, 91, 92, 93, 94, 95, 96, 97, 98, 99, 100, 1, 2, 3, 4, 5, 6, 7, 8, 9, 10, 11, 12, 13, 14, 15, 16, 17, 18, 19, 20, 21, 22, 23, 24, 25, 26, 27, 28, 29, 30, 31, 32, 33, 34, 35, 36, 37, 38, 39, 40, 41, 42, 43, 44, 45, 46, 47, 48, 49, 50, 51, 52, 53, 54, 55, 56, 57, 58, 59, 60, 61, 62, 63, 64, 65, 66, 67, 68, 69, 70, 71, 72, 73, 74, 75, 76, 77, 78, 79, 80, 81, 82, 83, 84, 85, 86, 87, 88, 89, 90, 91, 92, 93, 94, 95, 96, 97, 98, 99, 100)))
     3: `[<-`(`*tmp*`, nl, value = list(measure = c(-0.184765759393811, 1.71442152143448, 1.52057456056976, NA, NA, 1.54034307611168, -0.463205541139941, NA, 2.79030696933996, NA, NA, NA, NA, 1.21245007721153, 0.915156070979034, 0.965065784499182, NA, NA, NA, 1.35172076553653, 0.660042094654314, NA, NA, NA, NA, 1.07926788824113, NA, 2.36137697990919, -0.605843828555682, 0.4943455321429, -0.589933034237359, NA, 3.24161895497173, 1.82195452197804, 0.579749780071952, NA, NA, 1.2678999789813, NA, 1.23333174935233, 1.82895371226636, NA, 3.0431508702877, NA, 1.35090292779423, NA, NA, NA, 3.00273915543546, 0.0580593499813962, 1.18517703892677, 0.4922611905167, 1.00144325545012, 0.757570462546967, NA, NA, NA, NA, NA, -0.433862942567703, NA, 1.99237932411088, 0.420874887244055, NA, 0.0260515425006695, 1.73892653465667, 2.25038060946916, NA, NA, 0.413715788001101, 1.03884099273218, 2.07935794036778, 1.47102306773643, 0.43136515930442, 1.69468209893191, 1.27469358926294, 1.57323212398159, -0.44553784788954, 0.990206990481232, 1.22539422292932, 0.0986759884844616, 1.51397764571632, NA, 0.2436670377284, 1.2635358002765, -0.170488347966005, 1.28065220168108, NA, 1.97289909791886, 0.200411560934931, 1.90401958522652, 0.637992626744052, NA, 1.40277386694045, 2.38267919100781, 0.55256363707524, 1.66310901982948, NA, -0.0370993998346043, 1.02808606633017, 1.77080884090613, 1.68855443462856, 0.261330092039299, 1.03014623384917, NA, 0.0913425174209099, NA, 1.40977194490052, NA, 1.84830949785564, 0.414764786110246, 1.989469224237, NA, NA, -1.37815674839228, 2.12838876963349, -0.996457660682001, 0.0905337871671655, NA, 0.924107778842011, 0.800000294899495, NA, NA, 1.41146121549987, -0.341466011610615, 1.79675338795579, 1.03263195447834, NA, NA, -0.388373453914787, 0.916989990187528, 1.78389972185048, 1.77818768792085, 2.37062537228926, 2.05319655076951, 0.414190802017727, NA, 2.51735291453042, 1.59625356468875, 1.56518378096475, 2.7827363038834, 1.85203993837716, 0.626945069969888, 2.86156276044054, 3.64715220685989, NA, NA, 0.48296790043538, -0.212097152969922, NA, NA, 3.23582424299685, NA, 0.364699991016572, 3.33058205258582, 0.850994131095327, 1.31258910476659, 1.21329899748729, NA, 1.74297231287145, NA, 1.59564210026861, 0.0894630979012417, 0.76061090678057, NA, -0.294357862667602, 1.25435208001614, 2.18308890349498, 1.74572226506396, NA, 1.96582722456577, 0.943873520687169, 2.82992553052977, 1.44291219379402, NA, 2.377916523194, 1.59053565416066, 0.685522749532679, 2.67180582113592, NA, 0.481832008417874, 0.776912907695275, NA, 1.29603457335352, 1.61410951330676, 1.94874867050537, NA, 3.35143487770319, -0.852155015340672, 0.121801141964352, 2.02610663965639, 1.41351740302564, 1.50476372651994, NA, 0.764486594504498, NA, NA, 0.849664193957023, 1.77462441363391, 0.0242351123678731, -1.23120381487003, 1.27697702146303, -1.87242063568866, NA, NA, 0.374914167908069, 0.200943725362595, NA, -0.225503541776522, NA, -0.723419821344098, NA, 1.44949301328995, 1.41681126087128, 0.983690660674247, 1.63551757047584, 0.870380930422392, NA, NA, NA, 1.36305248093233, 0.209790603677917, NA, 0.764459313345266, 0.173547810758077, -0.352823086183379, -0.751944379948845, -1.87813362433781, 0.163980417105201, NA, -0.338564538094641, NA, 1.03237425008006, NA, -2.03330101500263, 0.141437441396105, 0.512175326374226, 0.358543495129073, 0.886267763055589, 0.0641717544557324, NA, NA, NA, 0.320077093647372, 0.0358041003596913, 2.91372133498209, NA, 2.53045888233484, 0.851038453488713, 0.444826604191623, NA, -1.07070009336435, 2.10469455743283, 2.54976512838964, 0.12569923962476, -0.599646411577374, -0.78554862987598, -0.322189451136937, -0.329440475853789, 0.578098302886831, -0.169612726306559, NA, -0.781098417073179, -0.175119619293496, 1.27248349495549, -0.340486186943417, -0.77490873805715, NA, 1.21479081646028, -1.07091777694071, 0.500101504977907, -1.72027187375969, 1.11388215906295, NA, -0.537076329565498, NA, -0.772813903543603, 0.69145958998223, 1.07252222584359, NA, 0.54266326864907, NA, -0.216874497059995, 0.468578639781275, -0.918056382593273, 0.567430811833859, -0.5756910792805, 0.34742957997659, -0.112378040543714, -0.639159241075485, 2.04774202116941, NA, 1.75902150603871, 0.0751158166699359, -0.506826694309902, -0.1037567278334, 0.425042568491662, 2.55512456225664, -0.0360027496599618, 1.53615218204423, 1.25601033441559, 2.76132461190877, 0.694490251210039, NA, 1.74650871082311, NA, 2.77027508263058, 1.54635496863059, 0.897804600048492, NA, NA, NA, 1.64274272851363, 3.4982528218394, NA, 0.623278519777053, NA, 1.43137459885676, NA, 1.30645133186235, 2.84280478294222, NA, NA, 2.32345885405371, NA, 1.13140262854586, 2.18808445549972, 0.927133520044793, -0.649061721128659, 1.34604446306717, 1.37414609733253, NA, 0.062497748539763, 2.09652997418331, 2.73738052547988, 2.20227279120694, NA, 2.84799159845239, 1.8568894698381, 2.52849584648847, 1.73770539939394, 0.335345833420457, NA, 1.52833001684837, 3.87566550725838, NA, NA, 1.49150769271584, NA, 1.56843181500834, NA, 1.67644041575089, 0.639546396802153, NA, 2.07794011088915, NA, 2.02578392396674, 2.08322184964277, 1.4616650657884, NA, 0.59967143370014, NA, 1.31080976439371, 1.8815117194159, 3.12368925729359, NA, NA, 2.34606292001813, NA, 1.3111202874793, 0.739624796809117, 2.27831243384263, 0.835476459866701, 1.65724353786554, NA, NA, NA, 1.94890194966322, 1.90272451042758, NA, NA, 2.2377204593481, 2.99953376465841, NA, 1.57139414604559, -0.419306622423545, NA, 3.17401593583399, 2.19129042029876, 2.30796561880168, 2.66504237022971, 1.42151129416007, 3.16642638319739, 2.75968900092852, NA, 1.97423303781314, 2.15767588120706, 0.351960584854146, NA, 2.1709858163231, -0.55861487723854, 0.627198883541465, -0.0843480966035438, 0.720248455114693, NA, -0.203342712471172, -0.830071891709828, NA, -1.41416451807867, 0.352876904513424, -0.397224524008996, -0.527787316150082, -0.735777816199797, 0.612397711437337, NA, -0.125005151834372, -0.720285915359669, 1.47360508720527, -1.05952411863342, 0.143627404004093, -0.0313271023997481, NA, 0.233650791063674, NA, 1.55127029348589, NA, -0.59803781871387, NA, 0.150902820155157, NA, 0.315325690868322, NA, 2.48093437020586, NA, NA, 0.409626082293909, 0.555265532540412, 1.56614777646961, NA, 0.658611381620385, NA, NA, 0.67032267465538, -1.58513627688952, NA, -0.0336093411173944, NA, -1.17827376958946, NA, 1.19242628053852, NA, NA, 0.0463592644563604, NA, 0.656848690254085, 1.43689389941784, NA, 0.792372820838714, NA, NA, NA, NA, -1.62270192741504, NA, 0.537050966721179, NA, 2.5548122417911, 0.42694502638233, NA, -0.80866054980489, NA, 1.14090881913159, -0.206348096717242, NA, -0.984525171592244, 0.133544565287079, NA, -0.153333442633596, NA, NA, NA, NA, NA, NA, 0.578601348443564, NA, NA, 0.509320123187059, -1.40347277245145, 0.304836230345065, NA, 1.85717692335983, 0.095010868256844, 1.22808429073541, NA, 1.67415311817991, NA, NA, -0.340142018096108, NA, 2.44379277616184, 0.156542041637318, -0.61811182816752, 0.319052054108606, -1.21861457200147, 1.51657097820895, 2.60352318533445, 2.07037090756827, NA, 0.430063174217799, 1.65507173126757, -0.397168382931294, 0.489138952377563, 0.867285999018206, 0.0286239537226413, 1.40447678823328, 0.878659377205009, NA, 1.19560960517169, 1.24052046570983, 1.06230743228591, NA, NA, NA, 1.41732770249235, -1.22722987979293, 3.62280930261667, 1.15074859389941, -0.633202358763403, 0.98079715097421, NA, NA, -1.27960009034882, 0.465163006078471, NA, 0.606634882670685, 0.0463541894489873, NA, 1.80723703112893, -0.634525245051556, NA, -0.168560518143663, 0.152622479550867, NA, -0.649607596654441, NA, 0.350705677511479, NA, 2.37365862804649, 1.01271705153114, 0.206301470695126, 1.79035906499252, NA, 2.38316522821888, 2.14860962661343, 1.42039335126281, NA, 0.709039665938502, NA, 2.18003486181189, 0.963289480842318, 0.115258483670523, 0.494300804970401, -0.000901881802676165, 0.914740955102856, NA, -1.87673784330923, NA, NA, NA, -0.0158087988014276, 1.59546066402604, NA, 2.41241572590877, NA, -0.871078137260817, 0.9846386063158, NA, 0.827464579331777, 1.42395664033511, 0.936818147658659, 1.20105426885344, NA, 0.582484129720459, 0.124332181460718, -0.688110332352263, NA, NA, 2.76770992554982, NA, NA, 1.60392155066883, -0.171465693614655, 0.731712685493771, 1.28828640039342, 1.50819977403658, 1.18543557224718, 0.561018378018287, 0.205694584993587, 1.9675661601192, NA, -0.909726857250633, 0.739273363210493, NA, 0.714870755512454, 1.64137061328836, 0.698288863367103, NA, -0.0313222511676057, 1.44466681250668, NA, NA, 0.219864051480973, 1.94033491344691, -0.587106113343583, -0.332130352229078, 0.842553298392613, -0.843711203530543, 1.73901909290861, NA, 0.288811605671292, NA, 0.0903893093482526, 1.07643794398348, NA, NA, 1.29876938567263, -0.459385147547223, 2.03198250146878, NA, NA, NA, NA, 0.270104999053283, NA, 3.1015353221348, 2.24115820293822, NA, 0.21895535121422, 1.27515552872467, 0.382559705790243, 0.861073373169962, -0.626609598930535, 2.99377797682456, 1.98609641231739, NA, NA, -0.257151604763564, 0.595422833158874, 0.47259618632953, 0.561114050243142, 0.994261981222112, 1.04076875587338, 2.50217785433155, NA, 0.793452544957129, NA, 0.702883797557243, -0.461118238534405, -0.0751710410229328, NA, 0.114701254172247, 0.57362270575646, 0.250918873786266, 0.735682266139123, NA, 1.45919765185903, 0.856896733140342, NA, -0.412765264893308, 1.03933425474776, 0.205823061379218, 2.88740120646382, NA, 0.870510665235906, -0.547447474946334, 1.29465142492293, 1.08298546772302, 0.00625509099730415, 2.12639904102054, 0.073617282017354, -0.440525331646989, 1.56040021844312, 0.867069841886403, NA, -0.118596908278193, NA, -0.321028382404852, NA, 0.562008499935967, 2.70851587009722, 1.23065586379942, NA, NA, 0.39986798855482, NA, 1.97395361853023, 0.790403051793828, 0.0629474600553913, 1.10150399812733, NA, 1.20317047831044, 1.33115085582176, 1.87609930523128, 0.466229775863093, 0.4008603720825, 2.20436486121511, 0.922887594008371, NA, NA, 0.284209511897674, NA, NA, 1.53233672786526, -1.02369600597649, 1.34413524075172, NA, -1.41084801680977, NA, 1.0515962296087, NA, 1.49264790480389, -0.865483100676853, 1.25196404952633, NA, 0.82900613892269, -0.650308815879393, -0.567151269669412, 1.9647325719271, 0.698262703836566, 1.43353354425997, NA, 0.390359389365858, -1.77926911368477, NA, NA, NA, 0.838758840245461, 2.15433618172641, 1.49742363559259, NA, 1.65358573932496, 0.592922225477709, -1.27113989047396, 1.46296142996161, 1.56326621295673, 1.63484854955076, -1.10293134234712, -0.20921016010528, 0.483816554423377, 2.49683411755855, 0.033588867260904, -0.305953611333734, 2.90149218151237, 0.551403779104989, 0.679169526373137, -0.242081542646644, NA, 1.9685228258434, -0.538993862876862, 0.684642188367703, 1.4405924212839, NA, 0.12613168119977, -1.94047803344116, 0.344794683470199, 0.974452605993748, 1.34211667771207, -0.946727894803468, -0.0073210562703952, 0.261046225008813, 0.0236554124084457, 1.73380448741626, NA, NA, NA, -0.943814791789227, 1.71765991521378, NA, 0.976411811461339, -0.489006013828694, 1.78980098229146, -1.44738531322105, 0.871497544034312, 0.0232250084638447, 1.21232087619018, -0.561751129030794, 1.73808810894118, -0.313145579251338, -0.582760911192851, 1.43850939270366, 1.71761000901379, NA, 0.17644323334299, NA, 0.364965994873674, -0.837888692220963, 0.64337061946184, 0.673233637279078, NA, -0.466044147055149, NA, NA, NA, NA, 0.829188360488093, 1.33129365994862, 1.50554296906468, 1.76701484121312, 0.815466611026841, NA, NA, NA, NA, 0.977075033668075, NA, NA, -0.921846976310633, NA, -0.532865068419241, 0.349935794949596, 1.25391399690986, -0.0712964809743556, -0.878111109773035, 0.475435101223822, 0.0804658544041729, NA, NA, -0.726263110133705, -0.0831381336534611, 2.01024619702859, 1.43991148213746, -0.0631642271480251, -0.866264099097242, 1.0614203277347, -0.878211755409961, NA, -0.0023765712101651, 0.278601530344559, 1.07485428906759, 1.27983717629028, 0.964166497963462, -0.946064354449951, NA, 0.29862200628746, 1.78654656962631, 0.962868953087281, 0.136034310095572, NA, 1.02774025225585, -0.366110241384226, 0.619852991754357, -0.327988733003581, -0.689365268837933, 0.805165647729438, 0.922415986608172, 1.4799315786956, NA, NA, 0.683263919633159, NA, 1.54167294764648, NA, -0.220169997791546, -0.341554933699371, NA, 1.36211066042585, -1.05005020306449, 1.3979670066596, -0.583537050711767, 0.742302916920281, 1.62982055221394, -0.10832767055122, 1.13995844858685, 0.358485456552434, NA, NA, 1.16103689979026, -1.17585491515511, 0.127596172438223, -1.27348991345451, NA, 0.441637511958055, NA, 0.233306145207731, 0.256324676232257, NA, -0.044139202253379, -0.000468187206585924, 0.881007487204238, NA, -0.0330084543209131, -1.4728963540481, 0.331118399620987, -0.314630762975111, NA, 0.598277152772631, 1.0821204623154, 1.9375036628192, 0.334646602869339, NA, -0.0257924804443093, NA, NA, NA, -0.211394901986431, NA, 1.21751316968438, NA, 1.7205938769088, 2.75921187710945, NA, NA, NA, 1.53928893829232, 2.01128138461841, -1.24004855254226, 0.0300046966333686, -0.842123370460424, 1.76158349453203, 2.3922018288364, NA, NA, NA, NA, NA, 2.10107051002283, -0.608880167893444, 1.28836285778036, NA, -0.784143799706441, 0.403395346843869, NA, NA, -1.1048861821744, -0.532586680680573, NA, 1.80696938023214, NA, 0.601748027281838, NA, -0.0371175974834014, 1.11361232680312, NA, 0.634731692882525, NA, 0.127113964118312, 0.609510002927505, NA, NA, NA, 0.890181218109391, NA, -0.605507991635997, -0.199400487555873, NA, NA, NA, NA, -0.365080644229948, NA, NA, 0.867337593841781, 0.342898589012211, NA, NA, 0.125591936993504, 0.782042279969774, NA, -0.00957828651095294, NA, 1.83319635675643, 0.707397591395781, NA, -0.40058478569947, 0.958794549825617, NA, NA, NA, 0.711792715618918, -0.33355025047127, 1.94603110433002, NA, NA, NA, 0.604190836394502, NA, 0.702108377381984, NA, 0.0795658263314896, -0.0416043784776388, NA, 1.78908832177373, -1.16187124422147, -0.66573397144112, NA, 1.7165081866105, -0.0563689248676529, 0.632276731067282, 0.807351222518952), age = c(-1, 1, -1, 3, 0, -1, 1, 1, 1, 0, 2, 1, -2, -4, 1, -1, 0, 2, 1, 0, 1, 2, 0, -4, 0, 0, -1, -3, -1, 0, 2, 0, 1, 0, -2, 0, -1, 0, 1, 1, -1, 0, 1, 0, -1, -1, 0, 2, 0, 1, 0, -1, 0, -2, 3, 4, -1, -1, 0, -1, 4, -1, 1, -1, -2, 1, -4, 3, 0, 4, 1, -2, 1, -1, -3, 1, -1, -1, 0, -2, -2, -1, 2, -3, 0, 1, 2, -1, 0, 1, -2, 1, 2, 1, 2, 1, -2, -1, -2, -1, -2, 1, -2, 0, -2, 4, 1, 2, 1, 2, -1, -1, 2, -2, -1, -1, -1, -1, 0, -1, 0, 2, 0, 0, 0, 1, 0, -1, -2, -1, 0, -1, 0, -3, 0, -3, 0, 0, -1, -1, -4, 2, -2, -1, -1, -2, 4, 0, -2, -2, 1, 0, 0, -1, -2, -1, 2, -2, -2, 4, 1, 0, 1, 2, -1, 3, 0, -2, -1, 0, 4, 0, 0, -1, 0, -1, 2, 4, 1, 3, -3, 2, 1, -3, 1, 0, 3, -1, -1, -2, 0, 1, -1, 1, -2, -2, 2, -1, 0, -1, 2, 4, 3, 0, -3, 4, 1, 1, 0, 2, 1, 1, 0, -2, 2, 3, 0, -1, 1, 1, -3, 0, 0, 0, -1, 3, -1, -3, 0, 1, -1, -4, 0, 1, 1, 0, 2, -1, 3, 1, 1, 2, 0, -2, 3, -4, 0, 0, 0, 3, 0, 1, 1, -1, 2, 2, -4, 1, 1, 0, 3, 0, 0, 2, 3, 0, -1, -1, 0, -2, -1, 2, -1, 5, 1, 2, -4, 2, -2, 1, 2, 0, 2, 0, 0, -1, -1, 3, 2, 3, 0, 2, 1, -2, 3, 0, 1, 2, 1, -1, 2, -2, 4, -1, 4, 2, 0, 1, -2, 0, 3, 1, 0, -1, 0, 3, 0, 0, -1, 2, 3, 3, 2, -2, 1, 1, 0, 0, -2, 2, 0, -2, -1, 3, 0, 1, 1, 1, 0, 0, 1, -2, 0, 0, -3, -2, 2, 0, 1, 3, 3, 2, 0, -1, 3, 2, -2, 0, -3, -1, -5, 2, -1, -1, 0, 2, 2, 1, -1, -2, -1, 1, -2, 1, -2, 0, 1, 1, 1, 4, 1, 3, -1, 0, 2, 1, -3, 0, -2, -1, 2, 2, 2, 1, 0, -1, 4, 0, 0, 1, 2, 4, -1, 0, 0, -1, 0, -1, 2, 0, -1, 2, 2, -2, 0, 2, 2, 0, -3, 4, 3, -1, 0, -3, 2, 3, -2, -1, -1, 0, -4, 2, -3, 1, 1, -1, 1, 0, -1, 1, 0, 3, 1, 1, 0, -4, -3, 0, 1, -4, 1, -1, -2, -3, -2, 1, 1, -3, -1, 1, 0, 3, 2, 2, 0, 1, -1, 1, 3, 2, -1, -3, 1, 1, 2, -3, 0, 1, 3, 0, -1, -1, -1, -1, 5, 4, 0, -2, -3, 2, -2, 5, -1, 1, 6, -2, 1, -1, 1, -2, 1, 0, -1, 1, 2, 2, -3, 0, 2, -1, -5, -1, -1, 0, -1, 0, -1, 1, 0, 2, -1, 1, -2, 0, -1, -3, 0, 3, 2, 0, -2, 2, 0, 0, 2, -2, 1, 2, 1, -1, 0, 0, 1, 0, 2, -1, -2, 1, -4, 1, 0, 0, -1, -1, 2, -2, -4, 1, -1, 0, -2, 1, 1, -1, 0, 1, 0, 0, -1, 1, -1, 1, 2, -1, 2, 2, 1, 4, -4, -1, -3, 1, 3, 3, 0, 2, -1, 1, 1, -2, 0, -1, 2, -1, -3, 1, -2, 0, 1, -2, 0, 4, 1, 2, 0, -1, -2, 1, 4, 1, 1, 1, 1, -2, 5, 1, 1, -3, 1, 1, 0, -2, 4, 4, 3, -2, 2, 1, 1, 3, -2, 0, 0, 1, -1, -1, 3, 2, -1, 2, -3, 1, 2, 0, 1, -2, 2, -3, 0, 0, 2, 0, 5, -1, 2, -4, 0, 2, 0, 3, 1, 2, 0, -1, -3, 0, -1, 2, 1, 4, -1, 3, -1, -2, 1, -1, 0, 0, 1, -1, 3, -1, 1, 1, -1, 1, 0, 2, 3, -1, 3, 0, -3, 0, 2, 2, -3, 1, 2, 1, 0, 4, 0, 0, -1, -2, -3, 0, 2, 3, 3, 2, 1, -1, 0, -4, 1, 4, 1, 2, 2, 0, 3, 0, -1, 1, -2, 3, 1, 0, -1, 2, -2, -2, 1, -1, 3, 1, 2, 2, -3, -2, 2, 1, -1, -2, 3, 0, 4, 3, -2, -1, -1, 2, -1, -3, 5, 3, 3, -1, 1, 1, -1, 0, 0, 4, 1, 3, 1, -1, -1, -2, 2, 4, 0, -1, 3, 0, 0, 2, 0, 3, -1, 1, 3, -1, 2, 0, 2, 0, 0, 2, 0, 2, 1, -1, 0, -1, -3, 2, -3, -4, 1, -1, -1, -1, 0, 2, 2, -3, 0, 2, 0, -5, -1, 3, 2, -3, -4, 0, -1, 2, 0, 0, 1, 0, -3, 3, -3, -1, -1, 3, 1, -2, 0, 2, 3, 0, -2, -2, 3, -4, 5, -1, -1, 0, 2, 1, -4, 1, 0, 0, -2, -5, 0, -2, -2, -2, -1, -1, 1, 1, -2, -1, 0, 3, -1, -3, 0, 0, 3, 1, -2, 0, -2, 1, 1, 2, 1, 0, -1, 1, -1, 1, 2, 3, -1, 2, -1, 1, 1, 0, 3, -2, 0, 0, -2, 2, -3, -1, -2, 1, 1, -1, 2, -2, 2, 1, 2, -2, 1, 0, -3, 0, 4, -1, 0, 2, 0, 4, 2, 4, 0, -1, 1, -2, -1, 1, 2, 1, 2, 2, 1, -4, 2, 4, 1, -2, 0, -2, 0, 1, 1, 0, -2, 2, 3, 5, -1, 1, 3, 1, 1, 0, 0, 1, 2, 1, 0, -4, -1, 1, -3, 5, -2, -1, 3, -3, 1, 0, 1, 2, -1, -1, -4, -1, 1, 2, 4, 0, 1, 0, 0, 1, 1, 0, -2, 0, 2, 1, 0, 0, 2, 3, 0, 0, -2, 0, -2, 0), sex = c(2L, 2L, 2L, 2L, 1L, 2L, 2L, 1L, 2L, 2L, 1L, 2L, 1L, 1L, 1L, 1L, 2L, 2L, 1L, 1L, 1L, 2L, 1L, 1L, 1L, 2L, 1L, 1L, 1L, 1L, 1L, 2L, 2L, 2L, 2L, 2L, 1L, 2L, 1L, 1L, 1L, 2L, 1L, 1L, 2L, 2L, 1L, 2L, 2L, 1L, 1L, 2L, 1L, 2L, 2L, 2L, 1L, 2L, 1L, 1L, 1L, 1L, 1L, 1L, 1L, 2L, 1L, 2L, 1L, 2L, 2L, 1L, 2L, 2L, 1L, 2L, 1L, 1L, 1L, 1L, 1L, 1L, 2L, 1L, 1L, 2L, 2L, 1L, 1L, 2L, 1L, 1L, 2L, 1L, 1L, 2L, 2L, 2L, 2L, 1L, 1L, 2L, 1L, 1L, 1L, 2L, 1L, 2L, 2L, 1L, 2L, 1L, 1L, 1L, 1L, 1L, 1L, 1L, 1L, 1L, 2L, 1L, 2L, 2L, 2L, 1L, 2L, 1L, 1L, 1L, 1L, 2L, 1L, 1L, 1L, 1L, 2L, 2L, 2L, 1L, 1L, 1L, 2L, 1L, 2L, 1L, 2L, 1L, 2L, 2L, 2L, 2L, 2L, 2L, 2L, 2L, 2L, 1L, 2L, 2L, 2L, 2L, 1L, 2L, 2L, 1L, 2L, 2L, 1L, 1L, 2L, 1L, 1L, 1L, 2L, 1L, 2L, 2L, 1L, 2L, 1L, 2L, 2L, 1L, 2L, 2L, 2L, 2L, 1L, 1L, 2L, 2L, 2L, 1L, 2L, 1L, 1L, 2L, 1L, 1L, 2L, 2L, 1L, 2L, 2L, 1L, 1L, 1L, 1L, 2L, 2L, 1L, 2L, 1L, 1L, 1L, 2L, 2L, 1L, 2L, 1L, 1L, 2L, 2L, 2L, 1L, 1L, 1L, 1L, 2L, 2L, 2L, 2L, 1L, 2L, 1L, 2L, 2L, 2L, 2L, 1L, 1L, 1L, 1L, 2L, 1L, 2L, 2L, 1L, 2L, 1L, 1L, 2L, 1L, 2L, 1L, 1L, 1L, 1L, 2L, 2L, 2L, 2L, 2L, 1L, 1L, 1L, 2L, 2L, 1L, 1L, 2L, 2L, 2L, 2L, 1L, 1L, 2L, 1L, 1L, 2L, 2L, 1L, 2L, 2L, 2L, 1L, 2L, 2L, 2L, 2L, 2L, 2L, 2L, 1L, 1L, 1L, 1L, 2L, 1L, 2L, 1L, 2L, 1L, 2L, 1L, 1L, 1L, 1L, 1L, 2L, 2L, 2L, 1L, 1L, 2L, 2L, 1L, 2L, 2L, 2L, 2L, 2L, 2L, 1L, 1L, 2L, 1L, 1L, 2L, 2L, 2L, 1L, 2L, 2L, 1L, 1L, 2L, 2L, 2L, 1L, 1L, 1L, 2L, 2L, 2L, 2L, 1L, 1L, 1L, 2L, 2L, 1L, 1L, 1L, 2L, 1L, 1L, 1L, 1L, 1L, 1L, 1L, 1L, 1L, 2L, 2L, 1L, 1L, 2L, 1L, 2L, 1L, 2L, 1L, 1L, 2L, 2L, 2L, 2L, 1L, 2L, 2L, 1L, 1L, 2L, 2L, 1L, 2L, 2L, 1L, 2L, 1L, 2L, 1L, 2L, 2L, 1L, 2L, 1L, 1L, 2L, 1L, 2L, 2L, 1L, 2L, 1L, 1L, 2L, 1L, 2L, 1L, 1L, 2L, 2L, 1L, 2L, 1L, 2L, 2L, 1L, 1L, 1L, 2L, 1L, 2L, 2L, 1L, 2L, 1L, 2L, 1L, 2L, 1L, 1L, 1L, 1L, 1L, 1L, 2L, 1L, 2L, 1L, 1L, 2L, 1L, 2L, 2L, 1L, 1L, 1L, 1L, 1L, 2L, 2L, 1L, 2L, 2L, 1L, 2L, 1L, 1L, 2L, 1L, 2L, 1L, 1L, 2L, 1L, 2L, 1L, 2L, 1L, 1L, 1L, 1L, 2L, 2L, 1L, 1L, 2L, 1L, 1L, 2L, 1L, 2L, 1L, 2L, 2L, 1L, 2L, 2L, 2L, 1L, 1L, 2L, 2L, 2L, 1L, 2L, 2L, 2L, 2L, 2L, 1L, 1L, 2L, 1L, 2L, 1L, 2L, 2L, 1L, 1L, 1L, 1L, 2L, 2L, 1L, 2L, 2L, 1L, 1L, 1L, 1L, 2L, 2L, 2L, 1L, 2L, 1L, 1L, 2L, 1L, 1L, 2L, 1L, 1L, 1L, 2L, 1L, 2L, 1L, 1L, 1L, 1L, 2L, 1L, 2L, 1L, 2L, 2L, 1L, 1L, 1L, 1L, 1L, 1L, 2L, 2L, 2L, 1L, 1L, 2L, 1L, 2L, 2L, 2L, 1L, 2L, 1L, 2L, 1L, 2L, 2L, 1L, 2L, 1L, 2L, 1L, 2L, 2L, 2L, 1L, 2L, 1L, 2L, 2L, 1L, 2L, 1L, 1L, 2L, 2L, 1L, 1L, 2L, 1L, 1L, 1L, 2L, 1L, 2L, 1L, 2L, 1L, 2L, 1L, 1L, 1L, 1L, 2L, 1L, 1L, 2L, 2L, 1L, 2L, 2L, 1L, 2L, 2L, 2L, 2L, 1L, 1L, 2L, 2L, 1L, 1L, 1L, 2L, 2L, 2L, 1L, 2L, 2L, 1L, 2L, 2L, 2L, 1L, 2L, 2L, 1L, 1L, 1L, 1L, 1L, 2L, 2L, 2L, 2L, 2L, 2L, 1L, 2L, 2L, 2L, 1L, 1L, 2L, 1L, 1L, 1L, 2L, 1L, 1L, 1L, 2L, 2L, 1L, 1L, 1L, 2L, 2L, 2L, 1L, 1L, 2L, 2L, 1L, 1L, 1L, 2L, 2L, 1L, 1L, 1L, 2L, 1L, 1L, 2L, 2L, 2L, 2L, 1L, 1L, 2L, 2L, 1L, 1L, 1L, 2L, 1L, 1L, 2L, 1L, 1L, 1L, 1L, 2L, 2L, 1L, 1L, 2L, 2L, 2L, 1L, 2L, 2L, 1L, 1L, 2L, 2L, 2L, 2L, 1L, 2L, 1L, 1L, 1L, 1L, 1L, 1L, 2L, 2L, 1L, 2L, 2L, 1L, 1L, 1L, 2L, 1L, 2L, 2L, 2L, 1L, 1L, 1L, 2L, 2L, 2L, 1L, 2L, 2L, 2L, 1L, 2L, 1L, 2L, 1L, 1L, 2L, 1L, 2L, 2L, 2L, 1L, 2L, 1L, 2L, 1L, 2L, 2L, 1L, 2L, 1L, 2L, 2L, 1L, 1L, 2L, 2L, 2L, 1L, 2L, 2L, 1L, 1L, 1L, 1L, 2L, 2L, 1L, 2L, 2L, 1L, 1L, 1L, 1L, 1L, 2L, 1L, 2L, 2L, 2L, 2L, 1L, 2L, 1L, 1L, 1L, 1L, 2L, 2L, 1L, 1L, 1L, 2L, 1L, 2L, 2L, 1L, 1L, 1L, 1L, 1L, 2L, 2L, 1L, 1L, 1L, 2L, 1L, 1L, 1L, 1L, 1L, 1L, 1L, 1L, 1L, 1L, 2L, 2L, 1L, 2L, 1L, 1L, 1L, 1L, 2L, 1L, 1L, 1L, 1L, 1L, 1L, 1L, 1L, 1L, 1L, 2L, 1L, 2L, 1L, 2L, 2L, 2L, 1L, 2L, 1L, 2L, 2L, 2L, 2L, 2L, 2L, 2L, 1L, 2L, 2L, 2L, 2L, 1L, 2L, 2L, 2L, 2L, 2L, 1L, 1L, 2L, 1L, 2L, 2L, 2L, 2L, 2L, 2L, 2L, 2L, 1L, 2L, 2L, 2L, 1L, 2L, 2L, 1L, 1L, 2L, 1L, 1L, 2L, 1L, 2L, 2L, 1L, 1L, 2L, 1L, 1L, 2L, 2L, 2L, 2L, 2L, 2L, 2L, 1L, 2L, 1L, 2L, 1L, 2L, 1L, 1L, 1L, 1L, 1L, 1L, 2L, 2L, 2L, 1L, 1L, 2L, 2L, 1L, 1L, 1L, 2L, 1L, 1L, 2L, 1L, 2L, 2L, 2L, 2L, 2L, 2L, 2L, 2L, 1L, 2L, 1L, 2L, 2L, 1L, 2L, 2L, 1L, 2L, 2L, 1L, 1L, 1L, 2L, 1L, 1L, 1L, 1L, 1L, 2L, 1L, 2L, 2L, 2L, 2L, 1L, 2L, 1L, 2L, 2L, 2L), social = c(1L, 1L, NA, 2L, 4L, 1L, 1L, 1L, NA, 1L, 1L, 1L, 2L, 1L, 1L, 2L, 4L, 4L, 4L, 3L, 1L, 1L, 1L, 3L, 2L, 4L, 4L, 3L, 4L, 2L, 1L, 4L, 1L, 1L, 2L, 2L, 2L, 3L, NA, 1L, 1L, 4L, 1L, 4L, 3L, 2L, 1L, 2L, 1L, 2L, 2L, 1L, 1L, 3L, 3L, NA, 3L, 4L, 3L, 1L, 2L, 3L, 1L, 4L, 1L, 1L, 1L, 1L, 1L, NA, 1L, 4L, 1L, 1L, 3L, 2L, 4L, 1L, NA, 2L, 3L, 1L, 2L, 1L, 1L, 1L, 3L, 1L, 1L, 1L, 3L, NA, 1L, 1L, 1L, 4L, 2L, 1L, 4L, 4L, 1L, 1L, 2L, 2L, 1L, 1L, 2L, 4L, 3L, 1L, 1L, 2L, 1L, 1L, 1L, 1L, 2L, 1L, 1L, 1L, 1L, 1L, 2L, 1L, 3L, 1L, 3L, 1L, 1L, 2L, 1L, 1L, 1L, 1L, 2L, 1L, 4L, 4L, 3L, 1L, 1L, 1L, 2L, 3L, 1L, 1L, 1L, 1L, 1L, 4L, 4L, 2L, 3L, 2L, 2L, 1L, NA, 3L, 1L, NA, 1L, 3L, 1L, 2L, 2L, 1L, 1L, 1L, NA, 1L, 2L, 1L, 1L, 2L, 3L, 3L, 1L, 2L, 1L, 1L, NA, 2L, 1L, 1L, 1L, 3L, 1L, 2L, 3L, 1L, 3L, 1L, 1L, 1L, 2L, 2L, 1L, 1L, 1L, 2L, 2L, 1L, 1L, 1L, 1L, 2L, 4L, 1L, 1L, 1L, NA, 1L, 1L, 1L, 2L, 3L, 1L, 4L, 3L, 2L, 1L, 3L, 1L, 1L, 1L, 1L, 4L, 2L, 3L, 1L, NA, 4L, 1L, 1L, 2L, 1L, NA, 1L, 1L, 1L, 1L, NA, 1L, 4L, 1L, 2L, 2L, 1L, 1L, 1L, 1L, 1L, 3L, 1L, 1L, 1L, 1L, 1L, 1L, 1L, 2L, 1L, 2L, 2L, 4L, 2L, NA, 1L, 4L, 3L, 3L, 4L, 1L, 1L, 3L, 3L, 4L, 1L, 2L, 2L, NA, 1L, 3L, 3L, 1L, 1L, 1L, 2L, 1L, 1L, 3L, 4L, 4L, 1L, 3L, 1L, 1L, 1L, 1L, 1L, 3L, 3L, 1L, 4L, 3L, 2L, 1L, 1L, 1L, 2L, 2L, 1L, 1L, 1L, 2L, 1L, 1L, 2L, 4L, 3L, 3L, 3L, 3L, 4L, 3L, 1L, 3L, 2L, 2L, 4L, 1L, 1L, 2L, 2L, 1L, 1L, 2L, 3L, 3L, 3L, 1L, 2L, 1L, NA, NA, 3L, 2L, NA, 2L, 2L, 2L, 2L, 3L, 3L, 1L, 2L, 4L, 1L, 1L, 2L, 4L, 1L, 2L, NA, 3L, 2L, 4L, 1L, 1L, 2L, 1L, 1L, 2L, 3L, 3L, 3L, 3L, 3L, 3L, 3L, 1L, 1L, 1L, 1L, 3L, 1L, 2L, 1L, 3L, 3L, 2L, 2L, 1L, 3L, 1L, 2L, 2L, 2L, 3L, 1L, 3L, 2L, 2L, 2L, 2L, 2L, 2L, 2L, 2L, 2L, NA, 3L, 3L, 3L, 2L, 2L, 2L, 3L, 3L, 3L, 3L, 2L, 3L, 3L, 3L, 1L, 4L, 3L, 2L, 2L, 2L, 3L, 3L, NA, 3L, 2L, 3L, 2L, 3L, 2L, 3L, 2L, 1L, 2L, NA, 2L, 3L, 2L, 2L, 1L, 4L, 2L, 3L, 2L, 2L, 1L, 3L, 3L, 3L, 3L, 2L, 3L, 2L, 2L, 2L, 3L, 4L, 3L, 2L, 4L, 2L, 4L, 1L, 2L, 3L, 2L, 3L, NA, 2L, 2L, 2L, 1L, NA, 2L, 2L, 2L, 2L, 2L, 1L, 2L, 1L, 1L, 2L, 3L, 3L, 1L, 1L, 3L, 1L, 1L, 3L, NA, 3L, 2L, NA, 2L, 3L, NA, 4L, 3L, 4L, 1L, 4L, 4L, 1L, 2L, 1L, 3L, 4L, 3L, 4L, 4L, 3L, 4L, 4L, 4L, 1L, 2L, 4L, 3L, 4L, 3L, 1L, 1L, NA, 4L, 1L, 3L, 4L, 1L, 1L, 2L, 4L, 2L, 2L, 4L, 4L, 2L, 3L, 1L, NA, 4L, 3L, 2L, 3L, 4L, 3L, 1L, 4L, 4L, 4L, NA, 4L, 3L, 4L, 4L, NA, 2L, 3L, 4L, 4L, 4L, 1L, 4L, 4L, 4L, 3L, 1L, 2L, 4L, 2L, 3L, NA, 4L, 3L, NA, 2L, 3L, 4L, 2L, 1L, 4L, 2L, 3L, 4L, 4L, 3L, 2L, 2L, 4L, 1L, 2L, 4L, 1L, 2L, 3L, 4L, 3L, 1L, 4L, 3L, 4L, NA, 2L, 1L, 3L, 2L, 4L, 4L, NA, 2L, 2L, 2L, 1L, 4L, 2L, 3L, 2L, 4L, 4L, 4L, 4L, 3L, 4L, 4L, NA, 2L, 4L, 4L, 4L, 3L, 2L, 2L, 3L, 3L, 4L, 2L, 1L, 3L, 2L, 1L, NA, 4L, 2L, 4L, 3L, 2L, 1L, 4L, 1L, 4L, 2L, 4L, 4L, 4L, 1L, 4L, 1L, 3L, 3L, 4L, 3L, NA, 1L, 1L, 2L, 1L, 1L, NA, 3L, 2L, 3L, 4L, 3L, 4L, 4L, 2L, 2L, 3L, 4L, 2L, 1L, 4L, 3L, 2L, 4L, 4L, 2L, 1L, 4L, 3L, 2L, 2L, 3L, 4L, 4L, 1L, 1L, 4L, 4L, 3L, 4L, 2L, 3L, 1L, NA, 4L, 3L, 4L, 2L, 4L, 3L, 3L, 3L, NA, 4L, 3L, 3L, 2L, 3L, 3L, 4L, 2L, 3L, 3L, 4L, 3L, 4L, 1L, 3L, 3L, 3L, 2L, 3L, 1L, 3L, 2L, 3L, 4L, 4L, 3L, 2L, 1L, 1L, 3L, 3L, 2L, 4L, 2L, 3L, 2L, 3L, 4L, NA, 3L, 3L, 3L, NA, 4L, 3L, 1L, 1L, 1L, 3L, 3L, 1L, 3L, 1L, NA, 4L, 4L, 4L, 2L, 2L, 1L, 3L, 2L, 2L, 2L, NA, 4L, 4L, 2L, 3L, 4L, 3L, 2L, 3L, 3L, 4L, 3L, 3L, 2L, 3L, 2L, 3L, 2L, 3L, 4L, 2L, 2L, 2L, 2L, 3L, 1L, 3L, 1L, 3L, NA, 2L, 3L, 3L, 3L, 1L, 3L, 1L, 1L, 3L, 2L, 4L, 1L, 2L, 1L, 2L, 2L, 3L, 3L, 1L, 3L, 1L, 3L, 1L, 3L, 3L, 2L, 3L, 3L, NA, 4L, 1L, 1L, 3L, 1L, 3L, 1L, 4L, 1L, 4L, 1L, 1L, 4L, 2L, 2L, 2L, 2L, 3L, 3L, 1L, 4L, 2L, 2L, 2L, 4L, 2L, 3L, 4L, 4L, 2L, 2L, 3L, 2L, 2L, 3L, 4L, 3L, 3L, 1L, 3L, 3L, 1L, NA, 2L, 1L, NA, 2L, 1L, 2L, 3L, 4L, 1L, 1L, 1L, 1L, NA, 1L, 1L, 1L, 1L, 2L, 1L, 2L, 1L, NA, 1L, 2L, 1L, 1L, 2L, 1L, NA, 3L, 4L, 1L, 3L, 2L, 1L, 1L, 4L, 1L, 1L, 3L, 2L, 2L, 1L, 2L, 2L, 1L, 3L, 2L, 3L, 1L, 1L, 1L, 1L, 1L, 1L, 1L, 1L, 1L, 2L, 1L, 1L, 1L, 2L, 1L, 1L, 3L, 1L, 3L, 1L, 1L, 1L, 1L, 3L, 1L, 1L, 1L, 1L, 1L, 3L, 2L, 2L, NA, 2L, 4L, 2L, 3L, 1L, 3L, NA, NA, 4L, 1L, 1L, 4L, 3L, 2L, 3L, 3L, 3L, 1L, 3L, 3L, 1L, 1L, 1L, 1L, 2L, 3L, 4L), city = c(0, 0, 0, 0, 0, 0, 0, 0, 0, 0, 0, 0, 0, 0, 0, 0, 0, 0, 0, 0, 0, 0, 0, 0, 0, 0, 0, 0, 0, 0, 0, 0, 0, 0, 0, 0, 0, 0, 0, 0, 0, 0, 0, 0, 0, 0, 0, 0, 0, 0, 0, 0, 0, 0, 0, 0, 0, 0, 0, 0, 0, 0, 0, 0, 0, 0, 0, 0, 0, 0, 0, 0, 0, 0, 0, 0, 0, 0, 0, 0, 0, 0, 0, 0, 0, 0, 0, 0, 0, 0, 0, 0, 0, 0, 0, 0, 0, 0, 0, 0, 1, 1, 1, 1, 1, 1, 1, 1, 1, 1, 1, 1, 1, 1, 1, 1, 1, 1, 1, 1, 1, 1, 1, 1, 1, 1, 1, 1, 1, 1, 1, 1, 1, 1, 1, 1, 1, 1, 1, 1, 1, 1, 1, 1, 1, 1, 1, 1, 1, 1, 1, 1, 1, 1, 1, 1, 1, 1, 1, 1, 1, 1, 1, 1, 1, 1, 1, 1, 1, 1, 1, 1, 1, 1, 1, 1, 1, 1, 1, 1, 1, 1, 1, 1, 1, 1, 1, 1, 1, 1, 1, 1, 1, 1, 1, 1, 1, 1, 1, 1, 2, 2, 2, 2, 2, 2, 2, 2, 2, 2, 2, 2, 2, 2, 2, 2, 2, 2, 2, 2, 2, 2, 2, 2, 2, 2, 2, 2, 2, 2, 2, 2, 2, 2, 2, 2, 2, 2, 2, 2, 2, 2, 2, 2, 2, 2, 2, 2, 2, 2, 2, 2, 2, 2, 2, 2, 2, 2, 2, 2, 2, 2, 2, 2, 2, 2, 2, 2, 2, 2, 2, 2, 2, 2, 2, 2, 2, 2, 2, 2, 2, 2, 2, 2, 2, 2, 2, 2, 2, 2, 2, 2, 2, 2, 2, 2, 2, 2, 2, 2, 3, 3, 3, 3, 3, 3, 3, 3, 3, 3, 3, 3, 3, 3, 3, 3, 3, 3, 3, 3, 3, 3, 3, 3, 3, 3, 3, 3, 3, 3, 3, 3, 3, 3, 3, 3, 3, 3, 3, 3, 3, 3, 3, 3, 3, 3, 3, 3, 3, 3, 3, 3, 3, 3, 3, 3, 3, 3, 3, 3, 3, 3, 3, 3, 3, 3, 3, 3, 3, 3, 3, 3, 3, 3, 3, 3, 3, 3, 3, 3, 3, 3, 3, 3, 3, 3, 3, 3, 3, 3, 3, 3, 3, 3, 3, 3, 3, 3, 3, 3, 4, 4, 4, 4, 4, 4, 4, 4, 4, 4, 4, 4, 4, 4, 4, 4, 4, 4, 4, 4, 4, 4, 4, 4, 4, 4, 4, 4, 4, 4, 4, 4, 4, 4, 4, 4, 4, 4, 4, 4, 4, 4, 4, 4, 4, 4, 4, 4, 4, 4, 4, 4, 4, 4, 4, 4, 4, 4, 4, 4, 4, 4, 4, 4, 4, 4, 4, 4, 4, 4, 4, 4, 4, 4, 4, 4, 4, 4, 4, 4, 4, 4, 4, 4, 4, 4, 4, 4, 4, 4, 4, 4, 4, 4, 4, 4, 4, 4, 4, 4, 5, 5, 5, 5, 5, 5, 5, 5, 5, 5, 5, 5, 5, 5, 5, 5, 5, 5, 5, 5, 5, 5, 5, 5, 5, 5, 5, 5, 5, 5, 5, 5, 5, 5, 5, 5, 5, 5, 5, 5, 5, 5, 5, 5, 5, 5, 5, 5, 5, 5, 5, 5, 5, 5, 5, 5, 5, 5, 5, 5, 5, 5, 5, 5, 5, 5, 5, 5, 5, 5, 5, 5, 5, 5, 5, 5, 5, 5, 5, 5, 5, 5, 5, 5, 5, 5, 5, 5, 5, 5, 5, 5, 5, 5, 5, 5, 5, 5, 5, 5, 6, 6, 6, 6, 6, 6, 6, 6, 6, 6, 6, 6, 6, 6, 6, 6, 6, 6, 6, 6, 6, 6, 6, 6, 6, 6, 6, 6, 6, 6, 6, 6, 6, 6, 6, 6, 6, 6, 6, 6, 6, 6, 6, 6, 6, 6, 6, 6, 6, 6, 6, 6, 6, 6, 6, 6, 6, 6, 6, 6, 6, 6, 6, 6, 6, 6, 6, 6, 6, 6, 6, 6, 6, 6, 6, 6, 6, 6, 6, 6, 6, 6, 6, 6, 6, 6, 6, 6, 6, 6, 6, 6, 6, 6, 6, 6, 6, 6, 6, 6, 7, 7, 7, 7, 7, 7, 7, 7, 7, 7, 7, 7, 7, 7, 7, 7, 7, 7, 7, 7, 7, 7, 7, 7, 7, 7, 7, 7, 7, 7, 7, 7, 7, 7, 7, 7, 7, 7, 7, 7, 7, 7, 7, 7, 7, 7, 7, 7, 7, 7, 7, 7, 7, 7, 7, 7, 7, 7, 7, 7, 7, 7, 7, 7, 7, 7, 7, 7, 7, 7, 7, 7, 7, 7, 7, 7, 7, 7, 7, 7, 7, 7, 7, 7, 7, 7, 7, 7, 7, 7, 7, 7, 7, 7, 7, 7, 7, 7, 7, 7, 8, 8, 8, 8, 8, 8, 8, 8, 8, 8, 8, 8, 8, 8, 8, 8, 8, 8, 8, 8, 8, 8, 8, 8, 8, 8, 8, 8, 8, 8, 8, 8, 8, 8, 8, 8, 8, 8, 8, 8, 8, 8, 8, 8, 8, 8, 8, 8, 8, 8, 8, 8, 8, 8, 8, 8, 8, 8, 8, 8, 8, 8, 8, 8, 8, 8, 8, 8, 8, 8, 8, 8, 8, 8, 8, 8, 8, 8, 8, 8, 8, 8, 8, 8, 8, 8, 8, 8, 8, 8, 8, 8, 8, 8, 8, 8, 8, 8, 8, 8, 9, 9, 9, 9, 9, 9, 9, 9, 9, 9, 9, 9, 9, 9, 9, 9, 9, 9, 9, 9, 9, 9, 9, 9, 9, 9, 9, 9, 9, 9, 9, 9, 9, 9, 9, 9, 9, 9, 9, 9, 9, 9, 9, 9, 9, 9, 9, 9, 9, 9, 9, 9, 9, 9, 9, 9, 9, 9, 9, 9, 9, 9, 9, 9, 9, 9, 9, 9, 9, 9, 9, 9, 9, 9, 9, 9, 9, 9, 9, 9, 9, 9, 9, 9, 9, 9, 9, 9, 9, 9, 9, 9, 9, 9, 9, 9, 9, 9, 9, 9), id = c(1, 2, 3, 4, 5, 6, 7, 8, 9, 10, 11, 12, 13, 14, 15, 16, 17, 18, 19, 20, 21, 22, 23, 24, 25, 26, 27, 28, 29, 30, 31, 32, 33, 34, 35, 36, 37, 38, 39, 40, 41, 42, 43, 44, 45, 46, 47, 48, 49, 50, 51, 52, 53, 54, 55, 56, 57, 58, 59, 60, 61, 62, 63, 64, 65, 66, 67, 68, 69, 70, 71, 72, 73, 74, 75, 76, 77, 78, 79, 80, 81, 82, 83, 84, 85, 86, 87, 88, 89, 90, 91, 92, 93, 94, 95, 96, 97, 98, 99, 100, 1, 2, 3, 4, 5, 6, 7, 8, 9, 10, 11, 12, 13, 14, 15, 16, 17, 18, 19, 20, 21, 22, 23, 24, 25, 26, 27, 28, 29, 30, 31, 32, 33, 34, 35, 36, 37, 38, 39, 40, 41, 42, 43, 44, 45, 46, 47, 48, 49, 50, 51, 52, 53, 54, 55, 56, 57, 58, 59, 60, 61, 62, 63, 64, 65, 66, 67, 68, 69, 70, 71, 72, 73, 74, 75, 76, 77, 78, 79, 80, 81, 82, 83, 84, 85, 86, 87, 88, 89, 90, 91, 92, 93, 94, 95, 96, 97, 98, 99, 100, 1, 2, 3, 4, 5, 6, 7, 8, 9, 10, 11, 12, 13, 14, 15, 16, 17, 18, 19, 20, 21, 22, 23, 24, 25, 26, 27, 28, 29, 30, 31, 32, 33, 34, 35, 36, 37, 38, 39, 40, 41, 42, 43, 44, 45, 46, 47, 48, 49, 50, 51, 52, 53, 54, 55, 56, 57, 58, 59, 60, 61, 62, 63, 64, 65, 66, 67, 68, 69, 70, 71, 72, 73, 74, 75, 76, 77, 78, 79, 80, 81, 82, 83, 84, 85, 86, 87, 88, 89, 90, 91, 92, 93, 94, 95, 96, 97, 98, 99, 100, 1, 2, 3, 4, 5, 6, 7, 8, 9, 10, 11, 12, 13, 14, 15, 16, 17, 18, 19, 20, 21, 22, 23, 24, 25, 26, 27, 28, 29, 30, 31, 32, 33, 34, 35, 36, 37, 38, 39, 40, 41, 42, 43, 44, 45, 46, 47, 48, 49, 50, 51, 52, 53, 54, 55, 56, 57, 58, 59, 60, 61, 62, 63, 64, 65, 66, 67, 68, 69, 70, 71, 72, 73, 74, 75, 76, 77, 78, 79, 80, 81, 82, 83, 84, 85, 86, 87, 88, 89, 90, 91, 92, 93, 94, 95, 96, 97, 98, 99, 100, 1, 2, 3, 4, 5, 6, 7, 8, 9, 10, 11, 12, 13, 14, 15, 16, 17, 18, 19, 20, 21, 22, 23, 24, 25, 26, 27, 28, 29, 30, 31, 32, 33, 34, 35, 36, 37, 38, 39, 40, 41, 42, 43, 44, 45, 46, 47, 48, 49, 50, 51, 52, 53, 54, 55, 56, 57, 58, 59, 60, 61, 62, 63, 64, 65, 66, 67, 68, 69, 70, 71, 72, 73, 74, 75, 76, 77, 78, 79, 80, 81, 82, 83, 84, 85, 86, 87, 88, 89, 90, 91, 92, 93, 94, 95, 96, 97, 98, 99, 100, 1, 2, 3, 4, 5, 6, 7, 8, 9, 10, 11, 12, 13, 14, 15, 16, 17, 18, 19, 20, 21, 22, 23, 24, 25, 26, 27, 28, 29, 30, 31, 32, 33, 34, 35, 36, 37, 38, 39, 40, 41, 42, 43, 44, 45, 46, 47, 48, 49, 50, 51, 52, 53, 54, 55, 56, 57, 58, 59, 60, 61, 62, 63, 64, 65, 66, 67, 68, 69, 70, 71, 72, 73, 74, 75, 76, 77, 78, 79, 80, 81, 82, 83, 84, 85, 86, 87, 88, 89, 90, 91, 92, 93, 94, 95, 96, 97, 98, 99, 100, 1, 2, 3, 4, 5, 6, 7, 8, 9, 10, 11, 12, 13, 14, 15, 16, 17, 18, 19, 20, 21, 22, 23, 24, 25, 26, 27, 28, 29, 30, 31, 32, 33, 34, 35, 36, 37, 38, 39, 40, 41, 42, 43, 44, 45, 46, 47, 48, 49, 50, 51, 52, 53, 54, 55, 56, 57, 58, 59, 60, 61, 62, 63, 64, 65, 66, 67, 68, 69, 70, 71, 72, 73, 74, 75, 76, 77, 78, 79, 80, 81, 82, 83, 84, 85, 86, 87, 88, 89, 90, 91, 92, 93, 94, 95, 96, 97, 98, 99, 100, 1, 2, 3, 4, 5, 6, 7, 8, 9, 10, 11, 12, 13, 14, 15, 16, 17, 18, 19, 20, 21, 22, 23, 24, 25, 26, 27, 28, 29, 30, 31, 32, 33, 34, 35, 36, 37, 38, 39, 40, 41, 42, 43, 44, 45, 46, 47, 48, 49, 50, 51, 52, 53, 54, 55, 56, 57, 58, 59, 60, 61, 62, 63, 64, 65, 66, 67, 68, 69, 70, 71, 72, 73, 74, 75, 76, 77, 78, 79, 80, 81, 82, 83, 84, 85, 86, 87, 88, 89, 90, 91, 92, 93, 94, 95, 96, 97, 98, 99, 100, 1, 2, 3, 4, 5, 6, 7, 8, 9, 10, 11, 12, 13, 14, 15, 16, 17, 18, 19, 20, 21, 22, 23, 24, 25, 26, 27, 28, 29, 30, 31, 32, 33, 34, 35, 36, 37, 38, 39, 40, 41, 42, 43, 44, 45, 46, 47, 48, 49, 50, 51, 52, 53, 54, 55, 56, 57, 58, 59, 60, 61, 62, 63, 64, 65, 66, 67, 68, 69, 70, 71, 72, 73, 74, 75, 76, 77, 78, 79, 80, 81, 82, 83, 84, 85, 86, 87, 88, 89, 90, 91, 92, 93, 94, 95, 96, 97, 98, 99, 100, 1, 2, 3, 4, 5, 6, 7, 8, 9, 10, 11, 12, 13, 14, 15, 16, 17, 18, 19, 20, 21, 22, 23, 24, 25, 26, 27, 28, 29, 30, 31, 32, 33, 34, 35, 36, 37, 38, 39, 40, 41, 42, 43, 44, 45, 46, 47, 48, 49, 50, 51, 52, 53, 54, 55, 56, 57, 58, 59, 60, 61, 62, 63, 64, 65, 66, 67, 68, 69, 70, 71, 72, 73, 74, 75, 76, 77, 78, 79, 80, 81, 82, 83, 84, 85, 86, 87, 88, 89, 90, 91, 92, 93, 94, 95, 96, 97, 98, 99, 100)))
     4: within.data.frame(cldata, sex <- factor(sex))
     5: within(cldata, sex <- factor(sex))
    An irrecoverable exception occurred. R is aborting now ...
Flavor: r-patched-solaris-x86