CRAN Package Check Results for Package kde1d

Last updated on 2019-07-16 07:50:50 CEST.

Flavor Version Tinstall Tcheck Ttotal Status Flags
r-devel-linux-x86_64-debian-clang 0.4.0 42.35 26.60 68.95 OK
r-devel-linux-x86_64-debian-gcc 0.4.0 33.40 23.10 56.50 OK
r-devel-linux-x86_64-fedora-clang 0.4.0 96.60 NOTE
r-devel-linux-x86_64-fedora-gcc 0.4.0 96.24 OK
r-devel-windows-ix86+x86_64 0.4.0 104.00 65.00 169.00 OK
r-patched-linux-x86_64 0.4.0 40.20 28.62 68.82 OK
r-patched-solaris-x86 0.4.0 96.90 OK
r-release-linux-x86_64 0.4.0 40.83 28.26 69.09 OK
r-release-windows-ix86+x86_64 0.4.0 81.00 95.00 176.00 OK
r-release-osx-x86_64 0.4.0 NOTE
r-oldrel-windows-ix86+x86_64 0.4.0 104.00 58.00 162.00 OK
r-oldrel-osx-x86_64 0.4.0 NOTE

Check Details

Version: 0.4.0
Check: installed package size
Result: NOTE
     installed size is 11.8Mb
     sub-directories of 1Mb or more:
     libs 11.7Mb
Flavors: r-devel-linux-x86_64-fedora-clang, r-release-osx-x86_64, r-oldrel-osx-x86_64