CRAN Package Check Results for Package kernelPSI

Last updated on 2019-07-16 07:50:50 CEST.

Flavor Version Tinstall Tcheck Ttotal Status Flags
r-devel-linux-x86_64-debian-clang 1.0.0 62.65 45.17 107.82 OK
r-devel-linux-x86_64-debian-gcc 1.0.0 50.76 34.77 85.53 OK
r-devel-linux-x86_64-fedora-clang 1.0.0 147.78 NOTE
r-devel-linux-x86_64-fedora-gcc 1.0.0 144.40 NOTE
r-devel-windows-ix86+x86_64 1.0.0 173.00 79.00 252.00 OK
r-patched-linux-x86_64 1.0.0 57.67 44.31 101.98 OK
r-patched-solaris-x86 1.0.0 167.90 NOTE
r-release-linux-x86_64 1.0.0 59.10 43.92 103.02 OK
r-release-windows-ix86+x86_64 1.0.0 125.00 133.00 258.00 OK
r-release-osx-x86_64 1.0.0 NOTE
r-oldrel-windows-ix86+x86_64 1.0.0 179.00 97.00 276.00 OK
r-oldrel-osx-x86_64 1.0.0 NOTE

Check Details

Version: 1.0.0
Check: dependencies in R code
Result: NOTE
    Namespace in Imports field not imported from: ‘tmg’
     All declared Imports should be used.
Flavors: r-devel-linux-x86_64-fedora-clang, r-devel-linux-x86_64-fedora-gcc, r-patched-solaris-x86, r-release-osx-x86_64, r-oldrel-osx-x86_64