CRAN Package Check Results for Package kernhaz

Last updated on 2021-10-17 19:48:36 CEST.

Flavor Version Tinstall Tcheck Ttotal Status Flags
r-devel-linux-x86_64-debian-clang 0.1.0 5.97 57.13 63.10 NOTE
r-devel-linux-x86_64-debian-gcc 0.1.0 4.48 44.63 49.11 NOTE
r-devel-linux-x86_64-fedora-clang 0.1.0 86.30 NOTE
r-devel-linux-x86_64-fedora-gcc 0.1.0 79.08 NOTE
r-devel-windows-x86_64 0.1.0 11.00 84.00 95.00 NOTE
r-devel-windows-x86_64-gcc10-UCRT 0.1.0 NOTE
r-patched-linux-x86_64 0.1.0 5.41 55.54 60.95 NOTE
r-patched-solaris-x86 0.1.0 117.90 NOTE
r-release-linux-x86_64 0.1.0 5.02 55.05 60.07 NOTE
r-release-macos-arm64 0.1.0 NOTE
r-release-macos-x86_64 0.1.0 NOTE
r-release-windows-ix86+x86_64 0.1.0 11.00 80.00 91.00 NOTE
r-oldrel-macos-x86_64 0.1.0 OK
r-oldrel-windows-ix86+x86_64 0.1.0 14.00 79.00 93.00 OK

Check Details

Version: 0.1.0
Check: LazyData
Result: NOTE
     'LazyData' is specified without a 'data' directory
Flavors: r-devel-linux-x86_64-debian-clang, r-devel-linux-x86_64-debian-gcc, r-devel-linux-x86_64-fedora-clang, r-devel-linux-x86_64-fedora-gcc, r-devel-windows-x86_64, r-devel-windows-x86_64-gcc10-UCRT, r-patched-linux-x86_64, r-patched-solaris-x86, r-release-linux-x86_64, r-release-macos-arm64, r-release-macos-x86_64, r-release-windows-ix86+x86_64