CRAN Package Check Results for Package landpred

Last updated on 2021-10-21 07:49:59 CEST.

Flavor Version Tinstall Tcheck Ttotal Status Flags
r-devel-linux-x86_64-debian-clang 1.0 6.40 62.61 69.01 NOTE
r-devel-linux-x86_64-debian-gcc 1.0 5.91 49.46 55.37 NOTE
r-devel-linux-x86_64-fedora-clang 1.0 96.98 NOTE
r-devel-linux-x86_64-fedora-gcc 1.0 85.60 NOTE
r-devel-windows-x86_64 1.0 11.00 90.00 101.00 NOTE
r-devel-windows-x86_64-gcc10-UCRT 1.0 NOTE
r-patched-linux-x86_64 1.0 7.67 61.64 69.31 NOTE
r-patched-solaris-x86 1.0 132.40 NOTE
r-release-linux-x86_64 1.0 6.56 62.22 68.78 NOTE
r-release-macos-arm64 1.0 NOTE
r-release-macos-x86_64 1.0 NOTE
r-release-windows-ix86+x86_64 1.0 11.00 89.00 100.00 NOTE
r-oldrel-macos-x86_64 1.0 NOTE
r-oldrel-windows-ix86+x86_64 1.0 16.00 88.00 104.00 NOTE

Check Details

Version: 1.0
Check: R code for possible problems
Result: NOTE
    Kern.FUN: no visible global function definition for 'dnorm'
    Prob.Covariate.ShortEvent: no visible global function definition for
     'bw.nrd'
    optimize.mse.BW: no visible global function definition for 'optimize'
    Undefined global functions or variables:
     bw.nrd dnorm optimize
    Consider adding
     importFrom("stats", "bw.nrd", "dnorm", "optimize")
    to your NAMESPACE file.
Flavors: r-devel-linux-x86_64-debian-clang, r-devel-linux-x86_64-debian-gcc, r-devel-linux-x86_64-fedora-clang, r-devel-linux-x86_64-fedora-gcc, r-devel-windows-x86_64, r-devel-windows-x86_64-gcc10-UCRT, r-patched-linux-x86_64, r-patched-solaris-x86, r-release-linux-x86_64, r-release-macos-arm64, r-release-macos-x86_64, r-release-windows-ix86+x86_64, r-oldrel-macos-x86_64, r-oldrel-windows-ix86+x86_64