CRAN Package Check Results for Package lcmm

Last updated on 2021-10-24 19:51:41 CEST.

Flavor Version Tinstall Tcheck Ttotal Status Flags
r-devel-linux-x86_64-debian-clang 1.9.3 119.35 413.84 533.19 OK
r-devel-linux-x86_64-debian-gcc 1.9.3 102.70 289.73 392.43 OK
r-devel-linux-x86_64-fedora-clang 1.9.3 678.27 OK
r-devel-linux-x86_64-fedora-gcc 1.9.3 670.77 OK
r-devel-windows-x86_64 1.9.3 164.00 510.00 674.00 OK
r-devel-windows-x86_64-gcc10-UCRT 1.9.3 OK
r-patched-linux-x86_64 1.9.3 107.90 418.67 526.57 OK
r-patched-solaris-x86 1.9.3 1063.60 NOTE
r-release-linux-x86_64 1.9.3 109.87 420.62 530.49 OK
r-release-macos-arm64 1.9.3 NOTE
r-release-macos-x86_64 1.9.3 OK
r-release-windows-ix86+x86_64 1.9.3 175.00 552.00 727.00 NOTE
r-oldrel-macos-x86_64 1.9.3 OK
r-oldrel-windows-ix86+x86_64 1.9.3 253.00 569.00 822.00 NOTE

Check Details

Version: 1.9.3
Check: installed package size
Result: NOTE
     installed size is 5.2Mb
     sub-directories of 1Mb or more:
     R 1.4Mb
     doc 1.2Mb
     libs 2.3Mb
Flavors: r-patched-solaris-x86, r-release-macos-arm64, r-release-windows-ix86+x86_64, r-oldrel-windows-ix86+x86_64