CRAN Package Check Results for Package lessR

Last updated on 2019-07-16 07:50:51 CEST.

Flavor Version Tinstall Tcheck Ttotal Status Flags
r-devel-linux-x86_64-debian-clang 3.8.6 29.71 152.10 181.81 NOTE
r-devel-linux-x86_64-debian-gcc 3.8.6 26.74 117.49 144.23 NOTE
r-devel-linux-x86_64-fedora-clang 3.8.6 216.97 NOTE
r-devel-linux-x86_64-fedora-gcc 3.8.6 219.45 NOTE
r-devel-windows-ix86+x86_64 3.8.6 58.00 178.00 236.00 OK
r-patched-linux-x86_64 3.8.6 28.78 154.52 183.30 OK
r-patched-solaris-x86 3.8.6 270.60 OK
r-release-linux-x86_64 3.8.6 32.12 153.05 185.17 OK
r-release-windows-ix86+x86_64 3.8.6 37.00 230.00 267.00 OK
r-release-osx-x86_64 3.8.6 OK
r-oldrel-windows-ix86+x86_64 3.8.6 49.00 153.00 202.00 OK
r-oldrel-osx-x86_64 3.8.6 OK

Check Details

Version: 3.8.6
Check: for non-standard things in the check directory
Result: NOTE
    Found the following files/directories:
     'Density_Y.pdf' 'GoodData.csv' 'GoodData.xlsx' 'LC_Y.pdf'
     'MyModel.pdf' 'SimPopulation.pdf' 'SimSample.pdf' 'd.rda'
     'grayWSJ.rda' 'm4.Rmd' 'myout.Rmd' 'warpbreaks.rda'
Flavors: r-devel-linux-x86_64-debian-clang, r-devel-linux-x86_64-debian-gcc, r-devel-linux-x86_64-fedora-clang, r-devel-linux-x86_64-fedora-gcc