CRAN Package Check Results for Package lillies

Last updated on 2021-10-16 07:49:11 CEST.

Flavor Version Tinstall Tcheck Ttotal Status Flags
r-devel-linux-x86_64-debian-clang 0.2.9 5.60 78.37 83.97 OK
r-devel-linux-x86_64-debian-gcc 0.2.9 4.25 60.69 64.94 OK
r-devel-linux-x86_64-fedora-clang 0.2.9 110.60 NOTE
r-devel-linux-x86_64-fedora-gcc 0.2.9 102.08 NOTE
r-devel-windows-x86_64 0.2.9 7.00 82.00 89.00 OK
r-devel-windows-x86_64-gcc10-UCRT 0.2.9 NOTE
r-patched-linux-x86_64 0.2.9 4.71 76.94 81.65 OK
r-patched-solaris-x86 0.2.9 144.60 NOTE
r-release-linux-x86_64 0.2.9 4.68 78.13 82.81 OK
r-release-macos-arm64 0.2.9 NOTE
r-release-macos-x86_64 0.2.9 NOTE
r-release-windows-ix86+x86_64 0.2.9 10.00 112.00 122.00 OK
r-oldrel-macos-x86_64 0.2.9 NOTE
r-oldrel-windows-ix86+x86_64 0.2.9 10.00 110.00 120.00 OK

Check Details

Version: 0.2.9
Check: dependencies in R code
Result: NOTE
    Namespace in Imports field not imported from: ‘ddpcr’
     All declared Imports should be used.
Flavors: r-devel-linux-x86_64-fedora-clang, r-devel-linux-x86_64-fedora-gcc, r-devel-windows-x86_64-gcc10-UCRT, r-patched-solaris-x86, r-release-macos-arm64, r-release-macos-x86_64, r-oldrel-macos-x86_64