CRAN Package Check Results for Package linERR

Last updated on 2021-10-21 07:49:59 CEST.

Flavor Version Tinstall Tcheck Ttotal Status Flags
r-devel-linux-x86_64-debian-clang 1.0 8.08 76.46 84.54 OK
r-devel-linux-x86_64-debian-gcc 1.0 6.77 62.81 69.58 OK
r-devel-linux-x86_64-fedora-clang 1.0 114.39 NOTE
r-devel-linux-x86_64-fedora-gcc 1.0 105.75 NOTE
r-devel-windows-x86_64 1.0 12.00 102.00 114.00 OK
r-devel-windows-x86_64-gcc10-UCRT 1.0 OK
r-patched-linux-x86_64 1.0 8.65 76.21 84.86 OK
r-patched-solaris-x86 1.0 170.20 OK
r-release-linux-x86_64 1.0 7.51 76.23 83.74 OK
r-release-macos-arm64 1.0 OK
r-release-macos-x86_64 1.0 OK
r-release-windows-ix86+x86_64 1.0 15.00 151.00 166.00 OK
r-oldrel-macos-x86_64 1.0 OK
r-oldrel-windows-ix86+x86_64 1.0 19.00 151.00 170.00 OK

Check Details

Version: 1.0
Check: compiled code
Result: NOTE
    File ‘linERR/libs/linERR.so’:
     Found no calls to: ‘R_registerRoutines’, ‘R_useDynamicSymbols’
    
    It is good practice to register native routines and to disable symbol
    search.
    
    See ‘Writing portable packages’ in the ‘Writing R Extensions’ manual.
Flavors: r-devel-linux-x86_64-fedora-clang, r-devel-linux-x86_64-fedora-gcc