CRAN Package Check Results for Package longROC

Last updated on 2021-10-21 07:50:00 CEST.

Flavor Version Tinstall Tcheck Ttotal Status Flags
r-devel-linux-x86_64-debian-clang 1.0 8.00 92.19 100.19 NOTE
r-devel-linux-x86_64-debian-gcc 1.0 5.96 69.65 75.61 NOTE
r-devel-linux-x86_64-fedora-clang 1.0 127.65 NOTE
r-devel-linux-x86_64-fedora-gcc 1.0 118.56 NOTE
r-devel-windows-x86_64 1.0 12.00 118.00 130.00 NOTE
r-devel-windows-x86_64-gcc10-UCRT 1.0 NOTE
r-patched-linux-x86_64 1.0 7.75 89.76 97.51 NOTE
r-patched-solaris-x86 1.0 161.10 NOTE
r-release-linux-x86_64 1.0 7.27 90.16 97.43 NOTE
r-release-macos-arm64 1.0 NOTE
r-release-macos-x86_64 1.0 NOTE
r-release-windows-ix86+x86_64 1.0 12.00 121.00 133.00 NOTE
r-oldrel-macos-x86_64 1.0 OK
r-oldrel-windows-ix86+x86_64 1.0 16.00 120.00 136.00 OK

Check Details

Version: 1.0
Check: LazyData
Result: NOTE
     'LazyData' is specified without a 'data' directory
Flavors: r-devel-linux-x86_64-debian-clang, r-devel-linux-x86_64-debian-gcc, r-devel-linux-x86_64-fedora-clang, r-devel-linux-x86_64-fedora-gcc, r-devel-windows-x86_64, r-devel-windows-x86_64-gcc10-UCRT, r-patched-linux-x86_64, r-patched-solaris-x86, r-release-linux-x86_64, r-release-macos-arm64, r-release-macos-x86_64, r-release-windows-ix86+x86_64