CRAN Package Check Results for Package loon

Last updated on 2019-07-16 07:50:51 CEST.

Flavor Version Tinstall Tcheck Ttotal Status Flags
r-devel-linux-x86_64-debian-clang 1.2.2 14.32 465.63 479.95 OK
r-devel-linux-x86_64-debian-gcc 1.2.2 11.95 342.50 354.45 OK
r-devel-linux-x86_64-fedora-clang 1.2.2 604.97 OK
r-devel-linux-x86_64-fedora-gcc 1.2.2 601.35 OK
r-devel-windows-ix86+x86_64 1.2.2 34.00 206.00 240.00 OK
r-patched-linux-x86_64 1.2.2 14.55 457.11 471.66 OK
r-patched-solaris-x86 1.2.2 1022.80 OK
r-release-linux-x86_64 1.2.2 14.70 466.20 480.90 OK
r-release-windows-ix86+x86_64 1.2.2 24.00 207.00 231.00 OK
r-release-osx-x86_64 1.2.2 WARN
r-oldrel-windows-ix86+x86_64 1.2.2 33.00 195.00 228.00 OK
r-oldrel-osx-x86_64 1.2.2 NOTE

Check Details

Version: 1.2.2
Check: package dependencies
Result: NOTE
    Packages suggested but not available for checking:
     'graph', 'PairViz', 'Rgraphviz', 'RDRToolbox'
Flavor: r-release-osx-x86_64

Version: 1.2.2
Check: re-building of vignette outputs
Result: WARN
    Error(s) in re-building vignettes:
    --- re-building ‘Rmarkdown.Rmd’ using rmarkdown
    Warning in engine$weave(file, quiet = quiet, encoding = enc) :
     Pandoc (>= 1.12.3) and/or pandoc-citeproc not available. Falling back to R Markdown v1.
    Loading required package: tcltk
    --- finished re-building ‘Rmarkdown.Rmd’
    
    --- re-building ‘introduction.Rmd’ using rmarkdown
    Warning in engine$weave(file, quiet = quiet, encoding = enc) :
     Pandoc (>= 1.12.3) and/or pandoc-citeproc not available. Falling back to R Markdown v1.
    Loading required package: tcltk
    --- finished re-building ‘introduction.Rmd’
    
    --- re-building ‘minorities.Rmd’ using rmarkdown
    Warning in engine$weave(file, quiet = quiet, encoding = enc) :
     Pandoc (>= 1.12.3) and/or pandoc-citeproc not available. Falling back to R Markdown v1.
    Loading required package: tcltk
    Quitting from lines 687-691 (minorities.Rmd)
    Error: processing vignette 'minorities.Rmd' failed with diagnostics:
    there is no package called 'PairViz'
    --- failed re-building ‘minorities.Rmd’
    
    --- re-building ‘teaching-example-smoothing.Rmd’ using rmarkdown
    Warning in engine$weave(file, quiet = quiet, encoding = enc) :
     Pandoc (>= 1.12.3) and/or pandoc-citeproc not available. Falling back to R Markdown v1.
    Loading required package: tcltk
    --- finished re-building ‘teaching-example-smoothing.Rmd’
    
    SUMMARY: processing the following file failed:
     ‘minorities.Rmd’
    
    Error: Vignette re-building failed.
    Execution halted
Flavor: r-release-osx-x86_64

Version: 1.2.2
Check: package dependencies
Result: NOTE
    Package suggested but not available for checking: ‘RDRToolbox’
Flavor: r-oldrel-osx-x86_64