CRAN Package Check Results for Package lss2

Last updated on 2021-10-21 07:50:00 CEST.

Flavor Version Tinstall Tcheck Ttotal Status Flags
r-devel-linux-x86_64-debian-clang 1.1 8.33 77.11 85.44 NOTE
r-devel-linux-x86_64-debian-gcc 1.1 7.24 60.00 67.24 NOTE
r-devel-linux-x86_64-fedora-clang 1.1 113.03 NOTE
r-devel-linux-x86_64-fedora-gcc 1.1 101.92 NOTE
r-devel-windows-x86_64 1.1 12.00 102.00 114.00 NOTE
r-devel-windows-x86_64-gcc10-UCRT 1.1 NOTE
r-patched-linux-x86_64 1.1 8.58 74.05 82.63 NOTE
r-patched-solaris-x86 1.1 151.90 NOTE
r-release-linux-x86_64 1.1 8.13 74.48 82.61 NOTE
r-release-macos-arm64 1.1 NOTE
r-release-macos-x86_64 1.1 NOTE
r-release-windows-ix86+x86_64 1.1 14.00 98.00 112.00 NOTE
r-oldrel-macos-x86_64 1.1 OK
r-oldrel-windows-ix86+x86_64 1.1 20.00 104.00 124.00 OK

Check Details

Version: 1.1
Check: LazyData
Result: NOTE
     'LazyData' is specified without a 'data' directory
Flavors: r-devel-linux-x86_64-debian-clang, r-devel-linux-x86_64-debian-gcc, r-devel-linux-x86_64-fedora-clang, r-devel-linux-x86_64-fedora-gcc, r-devel-windows-x86_64, r-devel-windows-x86_64-gcc10-UCRT, r-patched-linux-x86_64, r-patched-solaris-x86, r-release-linux-x86_64, r-release-macos-arm64, r-release-macos-x86_64, r-release-windows-ix86+x86_64